V/Λ SELECT: Month and Year
OR > Month
Monthly Climatological Summary for Apr 2024
Name: KomokaWeather City: Komoka State: Ontario
Elevation: 817 ft Lat: N 42° 57' 36" Lon: W 081° 26' 17"
Temperature (°C), Rain (mm), Wind Speed (km/h)
Heat Cool Avg
Mean Deg Deg Wind Dom
Day Temp High Time Low Time Days Days Rain Speed High Time Dir
----------------------------------------------------------------------------------
01 6.7 14.1 16:10 1.2 07:11 11.6 0.0 0.0 4.3 36.4 23:42 ENE
02 6.0 7.7 00:00 4.4 10:09 12.3 0.0 1.6 22.2 59.9 11:44 E
03 6.3 9.4 04:02 0.3 23:56 12.0 0.0 2.2 6.4 38.5 00:20 S
04 2.8 8.8 12:33 -1.6 02:06 15.5 0.0 10.2 1.7 21.4 13:55 ESE
05 2.0 5.6 12:44 -1.0 07:05 16.3 0.0 0.6 5.7 38.5 15:27 NNW
06 5.5 10.9 14:00 0.7 23:59 12.7 0.0 0.0 5.6 36.4 15:05 NNW
07 7.1 14.9 14:41 -1.4 07:09 11.2 0.0 0.0 5.1 32.1 14:18 SE
08 11.1 18.7 14:25 6.3 06:48 7.2 0.0 0.2 9.2 38.5 13:29 SE
09 14.2 23.7 15:54 2.9 06:28 5.4 1.3 0.0 6.1 49.2 16:12 SSW
10 13.0 18.7 15:38 5.4 07:19 5.3 0.0 0.0 1.3 25.7 14:44 N
11 11.9 15.2 17:51 8.5 05:26 6.4 0.0 34.6 9.8 38.5 04:56 ESE
12 7.0 14.7 00:00 3.3 23:09 11.3 0.0 28.0 15.6 68.5 22:56 NW
13 7.8 13.8 17:41 3.4 00:00 10.5 0.0 0.4 12.7 59.9 00:58 NW
14 13.3 21.3 14:32 5.7 02:31 5.5 0.6 0.4 4.8 42.8 12:54 WNW
15 10.9 17.7 16:16 5.1 06:58 7.3 0.0 0.0 2.3 23.5 14:16 NNW
16 12.2 20.4 15:46 2.7 06:39 6.2 0.2 0.0 4.3 40.7 23:34 E
17 10.8 16.3 16:17 7.1 10:14 7.5 0.0 11.4 15.1 55.7 00:57 ESE
18 11.1 14.8 16:18 9.3 23:56 7.2 0.0 0.0 4.7 34.2 05:16 WNW
19 10.4 15.4 16:43 7.0 23:54 7.9 0.0 4.2 7.4 49.2 15:59 NW
20 5.3 7.1 15:06 3.4 06:45 13.0 0.0 0.0 6.9 47.1 08:51 NW
21 5.7 11.1 17:59 0.9 23:55 12.6 0.0 0.0 5.0 36.4 15:55 NW
22 7.7 16.3 17:56 -2.7 06:11 10.6 0.0 0.0 4.4 34.2 12:57 SSW
23 10.5 13.6 14:39 7.6 03:41 7.8 0.0 0.2 7.5 44.9 12:19 SW
24 4.6 8.0 00:00 -0.4 23:58 13.7 0.0 0.0 9.8 36.4 17:36 NNW
25 4.8 12.7 15:57 -1.5 03:13 13.5 0.0 0.0 6.1 27.8 16:28 SE
26 9.0 18.3 15:40 -1.6 03:26 9.3 0.0 0.0 15.9 44.9 10:12 ESE
27 16.1 24.8 17:46 10.4 00:03 3.6 1.4 4.0 16.1 42.8 09:36 SSE
28 18.2 20.8 18:09 15.6 06:34 0.6 0.5 7.2 5.1 30.0 09:57 WNW
29 18.5 24.1 15:54 14.6 06:09 1.3 1.4 11.2 10.7 42.8 14:52 SSE
30 16.2 21.8 16:02 10.3 23:57 2.7 0.6 13.0 7.1 38.5 14:32 W
----------------------------------------------------------------------------------
9.6 24.8 27 -2.7 22 268.0 6.1 129.4 8.0 68.5 12 ESE
Max >= 27.0 0
Max <= 0.0 0
Min <= 0.0 7
Min <= -18.0 0
Max Rain: 34.6 on day 11
Days of Rain: 16 (>= 0.2 mm) 10 (>= 2.0 mm) 2 (>= 20.0 mm)
Heat Base: 18.3 Cool Base: 18.3 Method: Integration