V/Λ SELECT: Month and Year
OR > Month
Monthly Climatological Summary for Feb 2009
Name: KomokaWeather City: Komoka State: ON Canada
Elevation: 817 ft Lat: N 42° 57' 36" Lon: W 081° 26' 17"
Temperature (°C), Rain (mm), Wind Speed (km/h)
Heat Cool Avg
Mean Deg Deg Wind Dom
Day Temp High Time Low Time Days Days Rain Speed High Time Dir
----------------------------------------------------------------------------------
01 1.3 4.9 13:30 -1.9 00:00 16.9 0.0 10.0 8.8 33.8 12:29 WSW
02 -5.1 2.7 14:30 -12.9 08:00 22.3 0.0 1.4 1.5 17.7 15:30 SW
03 -6.8 -2.2 15:30 -8.1 21:30 23.5 0.0 0.6 2.1 17.7 23:30 WNW
04 -5.9 -5.9 23:01 -18.6 20:30 30.0 0.0 0.2 2.2 20.9 08:00 NE
05 -12.1 -7.1 23:30 -26.2 07:30 33.3 0.0 0.0 2.6 20.9 20:30 SW
06 -7.1 -1.2 15:00 -8.7 04:30 24.3 0.0 0.0 2.2 16.1 15:00 SSW
07 -7.4 7.9 16:00 -7.4 00:00 14.3 0.0 0.4 8.8 41.8 16:00 WSW
08 4.4 4.4 12:50 -4.9 23:30 17.3 0.0 0.0 4.1 27.4 07:30 WNW
09 -1.3 3.7 13:30 -8.4 06:30 20.6 0.0 0.0 2.2 22.5 14:00 SSE
10 6.3 11.6 15:00 1.5 00:00 11.9 0.0 1.4 4.9 25.7 20:30 S
11 0.0 9.5 22:00 8.3 23:30 10.5 0.0 1.8 2.9 35.4 21:30 SSW
12 8.3 8.3 21:52 1.2 23:30 14.8 0.0 9.0 16.2 53.1 04:00 WNW
13 -1.5 2.1 15:00 -4.4 23:30 18.8 0.0 18.6 4.4 25.7 18:59 WNW
14 -4.4 -0.1 15:30 -5.6 22:30 22.1 0.0 0.2 1.7 14.5 03:00 NNE
15 -5.1 -0.6 12:00 -8.1 04:00 22.0 0.0 0.2 1.3 14.5 17:00 WNW
16 -3.4 -0.1 11:00 -8.9 23:30 22.2 0.0 0.0 1.6 19.3 14:00 NNW
17 -4.3 1.7 16:00 -9.7 02:00 21.8 0.0 0.0 3.2 25.7 12:30 S
18 -0.5 3.2 17:00 -0.6 02:30 16.9 0.0 6.0 4.0 20.9 22:30 SSW
19 0.9 0.9 21:12 -8.3 21:30 24.4 0.0 0.0 13.1 38.6 17:00 WNW
20 -6.2 -2.8 15:00 -8.7 02:00 24.2 0.0 0.0 10.5 33.8 01:30 WNW
21 -6.4 0.3 20:30 -13.4 06:30 24.0 0.0 0.0 5.2 37.0 21:00 WSW
22 -5.2 -3.5 12:30 -5.8 00:30 22.9 0.0 0.0 10.2 37.0 08:00 W
23 -8.0 -2.4 12:00 -14.8 23:00 25.2 0.0 4.4 3.2 25.7 01:00 NNW
24 -7.0 -1.8 14:30 -20.5 07:00 28.1 0.0 0.2 2.1 20.9 15:00 SSW
25 -7.4 4.9 22:30 -11.7 07:30 20.1 0.0 2.0 3.2 22.5 19:00 S
26 4.2 7.7 13:30 1.9 07:00 13.9 0.0 0.8 2.9 27.4 21:30 S
27 5.6 9.3 05:30 -8.1 23:30 17.5 0.0 16.8 7.0 37.0 03:30 W
28 -7.0 -1.4 15:00 -12.1 07:00 25.6 0.0 0.0 4.1 25.7 10:43 NW
----------------------------------------------------------------------------------
-2.9 11.6 10 -26.2 5 589.4 0.0 74.0 4.9 53.1 12 W
Max >= 27.0 0
Max <= 0.0 12
Min <= 0.0 24
Min <= -18.0 3
Max Rain: 18.6 on day 13
Days of Rain: 17 (>= 0.2 mm) 7 (>= 2.0 mm) 0 (>= 20.0 mm)
Heat Base: 18.3 Cool Base: 18.3 Method: Integration