V/Λ SELECT: Month and Year
OR > Month
Monthly Climatological Summary for Mar 2009
Name: KomokaWeather City: Komoka State: ON Canada
Elevation: 817 ft Lat: N 42° 57' 36" Lon: W 081° 26' 17"
Temperature (°C), Rain (mm), Wind Speed (km/h)
Heat Cool Avg
Mean Deg Deg Wind Dom
Day Temp High Time Low Time Days Days Rain Speed High Time Dir
----------------------------------------------------------------------------------
01 -3.7 -2.4 12:00 -11.4 04:30 26.3 0.0 0.2 4.3 30.6 14:30 NNE
02 -11.4 -5.8 14:30 -14.0 07:00 29.1 0.0 0.0 5.4 32.2 00:30 NNE
03 -10.7 -4.2 13:30 -15.1 07:00 27.8 0.0 0.0 1.9 20.9 15:30 NNW
04 -11.7 2.4 15:30 -13.9 07:00 24.1 0.0 0.0 2.2 20.9 16:00 SW
05 -6.1 10.1 18:30 -6.7 01:00 15.9 0.0 0.0 5.0 30.6 18:30 S
06 9.2 17.9 15:00 -0.4 23:30 7.5 0.0 0.0 6.9 38.6 14:30 WSW
07 -0.4 4.9 13:00 -2.8 05:30 16.4 0.0 40.8 1.7 20.9 15:00 ENE
08 4.4 5.9 15:00 1.8 05:30 14.6 0.0 12.0 3.8 27.4 18:30 E
09 4.4 6.7 03:00 -1.4 23:00 16.7 0.0 1.0 5.9 46.7 07:30 WNW
10 -1.3 5.8 23:30 -1.3 00:00 16.7 0.0 6.6 3.4 29.0 13:00 SE
11 5.8 10.3 06:00 -2.9 23:30 15.5 0.0 14.6 12.5 49.9 11:00 W
12 -5.4 -2.9 22:02 -8.8 23:30 23.4 0.0 0.2 3.8 30.6 22:02 NW
13 -5.8 1.4 16:30 -10.0 05:00 22.8 0.0 0.0 2.0 17.7 16:30 SSW
14 -3.6 9.1 15:30 -7.3 07:00 18.3 0.0 0.0 2.2 20.9 18:00 WSW
15 8.2 14.3 16:00 -5.8 06:00 15.3 0.0 0.0 0.9 14.5 16:00 S
16 -0.1 16.1 16:30 -2.7 03:00 12.7 0.0 0.0 2.0 16.1 17:30 NE
17 0.2 14.6 15:00 -3.5 07:30 12.8 0.0 0.0 3.6 25.7 15:30 S
18 8.6 14.3 15:00 6.2 08:00 7.9 0.0 0.0 3.1 33.8 00:30 W
19 7.3 7.3 17:28 -4.8 23:00 17.6 0.0 0.0 3.4 29.0 05:00 N
20 -4.7 6.8 16:30 -7.1 07:30 19.4 0.0 0.0 1.7 14.5 09:30 NE
21 5.1 7.3 15:30 -5.7 01:30 17.6 0.0 0.0 2.4 22.5 16:00 SW
22 1.2 10.1 16:00 -1.5 23:30 14.5 0.0 0.0 3.2 30.6 15:30 NE
23 2.7 7.8 17:00 -7.8 06:00 18.6 0.0 0.0 3.2 19.3 01:30 ENE
24 0.0 3.0 23:00 2.7 23:30 15.9 0.0 0.0 6.9 24.1 23:00 ESE
25 5.2 7.9 21:00 2.7 00:00 12.8 0.0 9.0 7.0 32.2 18:00 SSE
26 5.7 8.9 18:00 -0.1 23:30 12.0 0.0 0.2 1.6 16.1 00:30 W
27 -0.1 13.4 15:00 -2.8 07:30 12.4 0.0 0.0 2.8 27.4 16:00 S
28 8.3 16.6 15:00 -1.1 07:00 10.4 0.0 0.0 3.6 32.2 22:00 ENE
29 7.1 10.2 08:30 1.7 23:30 10.6 0.0 13.4 8.6 35.4 17:30 WSW
30 3.4 5.7 18:00 -2.4 23:30 17.4 0.0 0.6 7.7 37.0 05:30 WNW
31 -2.4 13.2 17:00 -4.1 05:30 14.6 0.0 0.0 4.8 30.6 17:30 E
----------------------------------------------------------------------------------
0.6 17.9 6 -15.1 3 517.6 0.0 98.6 4.1 49.9 11 W
Max >= 27.0 0
Max <= 0.0 4
Min <= 0.0 26
Min <= -18.0 0
Max Rain: 40.8 on day 7
Days of Rain: 11 (>= 0.2 mm) 6 (>= 2.0 mm) 1 (>= 20.0 mm)
Heat Base: 18.3 Cool Base: 18.3 Method: Integration