V/Λ SELECT: Month and Year
OR > Month
Monthly Climatological Summary for Apr 2009
Name: KomokaWeather City: Komoka State: ON Canada
Elevation: 817 ft Lat: N 42° 57' 36" Lon: W 081° 26' 17"
Temperature (°C), Rain (mm), Wind Speed (km/h)
Heat Cool Avg
Mean Deg Deg Wind Dom
Day Temp High Time Low Time Days Days Rain Speed High Time Dir
----------------------------------------------------------------------------------
01 5.3 13.4 17:30 4.8 00:00 8.8 0.0 0.8 8.9 45.1 18:30 WSW
02 7.9 17.7 17:30 0.4 04:00 8.3 0.0 0.0 4.6 32.2 14:00 SE
03 11.1 12.0 13:00 3.2 18:00 10.6 0.0 21.8 9.8 49.9 17:00 NW
04 5.0 9.9 16:30 -0.3 23:30 13.7 0.0 0.0 12.1 49.9 00:00 WNW
05 -0.3 13.6 15:00 -1.4 00:30 13.1 0.0 0.4 2.3 22.5 23:30 NE
06 3.7 6.9 15:32 -1.3 22:00 17.0 0.0 14.2 7.7 35.4 10:30 NNE
07 -1.3 1.2 15:00 -2.3 04:00 19.1 0.0 2.8 7.5 33.8 06:00 WNW
08 7.5 10.3 17:30 -1.6 04:00 14.3 0.0 0.0 8.7 40.2 14:30 W
09 4.1 13.9 15:30 -3.7 07:30 13.0 0.0 0.0 2.7 29.0 15:00 W
10 11.5 15.4 16:00 0.0 04:30 11.2 0.0 0.0 5.9 25.7 13:00 NE
11 4.8 11.7 15:00 -0.6 06:00 13.4 0.0 0.0 5.6 29.0 12:00 NE
12 -0.4 9.4 14:30 -4.6 06:00 15.8 0.0 0.0 2.7 24.1 13:30 NNE
13 -1.9 10.8 15:30 -3.0 04:00 14.6 0.0 0.0 4.8 29.0 14:30 E
14 7.3 9.8 14:00 5.4 00:30 10.7 0.0 0.0 9.4 33.8 21:00 ENE
15 9.6 17.2 13:30 3.0 23:30 7.5 0.0 0.0 6.2 33.8 08:30 ENE
16 3.0 19.4 16:30 -1.7 07:00 9.5 0.0 0.0 1.8 20.9 15:30 NNW
17 3.2 22.3 16:00 -1.1 07:00 7.5 0.0 0.0 3.4 27.4 17:00 WNW
18 11.8 23.9 15:30 2.5 06:30 3.1 0.0 0.0 5.6 30.6 14:00 W
19 10.6 15.9 15:00 6.3 07:00 7.6 0.0 0.0 8.1 35.4 22:00 ENE
20 7.5 9.3 00:30 4.8 03:30 11.0 0.0 10.4 8.3 40.2 06:30 ESE
21 6.9 11.9 15:00 5.0 04:30 10.7 0.0 1.4 7.4 40.2 13:00 SSW
22 5.2 10.6 18:00 2.7 22:30 13.1 0.0 0.4 5.7 30.6 23:23 W
23 3.4 13.8 18:00 1.6 05:00 11.4 0.0 0.0 5.4 29.0 05:30 WNW
24 5.2 27.0 18:30 5.2 00:00 1.9 0.0 0.0 7.9 40.2 16:30 SW
25 22.0 27.8 14:30 16.6 22:30 0.0 2.1 24.2 9.4 51.5 16:00 WSW
26 14.6 25.8 16:00 10.9 05:00 0.5 0.0 8.4 3.0 25.7 19:00 S
27 12.9 27.4 14:30 9.6 05:00 0.0 1.4 0.0 6.9 49.9 16:00 WSW
28 17.3 17.3 00:02 5.7 23:30 7.8 0.0 10.8 2.5 25.7 15:00 NE
29 7.5 17.0 17:30 3.8 01:30 8.0 0.0 0.0 4.5 33.8 11:00 E
30 12.9 16.9 23:30 8.6 03:30 5.1 0.0 17.4 6.1 32.2 20:00 S
----------------------------------------------------------------------------------
7.3 27.8 25 -4.6 12 288.3 3.5 113.0 6.2 51.5 25 WNW
Max >= 27.0 3
Max <= 0.0 0
Min <= 0.0 12
Min <= -18.0 0
Max Rain: 24.2 on day 25
Days of Rain: 12 (>= 0.2 mm) 8 (>= 2.0 mm) 2 (>= 20.0 mm)
Heat Base: 18.3 Cool Base: 18.3 Method: Integration