V/Λ SELECT: Month and Year
OR > Month
Monthly Climatological Summary for May 2009
Name: KomokaWeather City: Komoka State: ON Canada
Elevation: 817 ft Lat: N 42° 57' 36" Lon: W 081° 26' 17"
Temperature (°C), Rain (mm), Wind Speed (km/h)
Heat Cool Avg
Mean Deg Deg Wind Dom
Day Temp High Time Low Time Days Days Rain Speed High Time Dir
----------------------------------------------------------------------------------
01 16.9 19.3 13:30 7.6 23:30 3.5 0.0 0.6 6.6 30.6 00:30 WNW
02 7.6 16.4 18:00 1.3 06:30 8.4 0.0 0.2 4.9 33.8 16:30 W
03 10.3 20.2 15:30 2.3 06:00 6.2 0.0 0.0 3.3 33.8 14:00 W
04 9.5 20.6 15:30 6.4 02:30 5.1 0.0 0.0 3.0 22.5 15:00 NE
05 7.4 21.9 17:00 5.2 04:30 4.6 0.0 0.0 1.4 20.9 13:30 SE
06 11.8 20.8 12:30 4.8 06:30 5.3 0.0 0.0 1.8 25.7 20:00 S
07 11.9 19.6 12:30 7.0 06:30 4.6 0.0 0.6 3.2 27.4 15:30 WSW
08 15.5 23.3 14:00 11.1 06:00 1.6 0.0 4.0 3.1 25.7 15:00 SSW
09 13.8 19.8 11:30 7.7 16:30 6.0 0.0 12.4 5.2 46.7 13:30 W
10 8.1 12.3 18:00 4.7 23:30 10.2 0.0 0.0 3.6 29.0 10:00 WNW
11 4.7 16.0 17:00 1.5 05:00 10.3 0.0 0.0 1.3 20.9 18:30 NNE
12 2.2 19.4 15:30 -1.4 06:00 8.8 0.0 0.0 1.4 19.3 17:00 SSE
13 6.7 19.0 14:00 4.9 00:30 5.8 0.0 1.4 5.0 33.8 21:00 S
14 15.1 22.6 17:00 10.1 23:30 0.9 0.0 14.8 9.5 43.5 04:30 WSW
15 12.7 19.6 12:00 5.8 06:30 4.6 0.0 0.0 2.0 22.5 16:30 SSE
16 13.3 19.1 09:30 6.1 23:30 4.2 0.0 3.0 4.0 32.2 18:00 WNW
17 6.1 14.6 17:30 1.8 07:00 9.9 0.0 0.6 3.1 32.2 11:00 WNW
18 2.4 17.8 16:00 -1.9 06:00 10.0 0.0 0.2 1.7 20.9 18:00 SW
19 12.9 22.3 16:00 4.8 02:00 3.6 0.0 0.0 3.9 29.0 11:30 WSW
20 13.4 27.2 16:00 6.8 06:00 0.1 0.0 0.0 3.3 27.4 15:30 WSW
21 14.9 28.6 16:00 8.0 06:00 0.0 1.1 0.0 3.7 33.8 12:30 W
22 15.9 22.1 12:00 10.1 06:00 1.9 0.0 0.0 1.1 19.3 12:30 NE
23 14.7 26.8 15:00 9.8 06:30 0.0 0.4 0.0 1.0 20.9 14:30 WSW
24 15.3 24.1 15:00 10.8 23:30 1.2 0.0 0.0 1.2 19.3 18:00 NNE
25 10.8 24.9 16:30 4.6 06:30 2.7 0.0 0.0 2.0 24.1 23:00 ENE
26 14.1 18.6 12:00 11.4 05:00 3.6 0.0 0.0 4.7 29.0 04:30 ESE
27 14.3 24.0 15:00 14.3 00:00 0.3 0.0 12.4 1.8 19.3 00:00 S
28 16.9 20.8 18:30 15.5 23:30 0.5 0.0 17.6 0.8 14.5 18:00 S
29 19.1 24.4 16:30 10.8 23:30 2.2 0.0 13.2 1.8 20.9 15:30 W
30 10.8 21.6 16:30 5.3 05:30 5.5 0.0 0.6 3.2 33.8 15:30 W
31 11.8 15.7 17:00 4.2 06:30 7.7 0.0 0.0 2.1 29.0 12:30 NW
----------------------------------------------------------------------------------
11.6 28.6 21 -1.9 18 139.3 1.5 81.6 3.1 46.7 9 WSW
Max >= 27.0 2
Max <= 0.0 0
Min <= 0.0 2
Min <= -18.0 0
Max Rain: 17.6 on day 28
Days of Rain: 14 (>= 0.2 mm) 7 (>= 2.0 mm) 0 (>= 20.0 mm)
Heat Base: 18.3 Cool Base: 18.3 Method: Integration