V/Λ SELECT: Month and Year
OR > Month
Monthly Climatological Summary for Jun 2009
Name: KomokaWeather City: Komoka State: ON Canada
Elevation: 817 ft Lat: N 42° 57' 36" Lon: W 081° 26' 17"
Temperature (°C), Rain (mm), Wind Speed (km/h)
Heat Cool Avg
Mean Deg Deg Wind Dom
Day Temp High Time Low Time Days Days Rain Speed High Time Dir
----------------------------------------------------------------------------------
01 8.9 20.9 17:00 7.4 02:00 4.7 0.0 1.0 2.0 20.9 13:00 SSW
02 12.1 19.0 13:30 7.8 04:00 5.4 0.0 0.0 1.4 17.7 08:30 NE
03 11.4 17.9 13:00 6.3 23:30 5.6 0.0 0.0 0.8 20.9 16:30 N
04 6.3 22.1 16:30 2.6 04:30 5.9 0.0 0.0 1.0 14.5 11:00 NE
05 14.1 25.0 15:30 4.7 04:30 2.6 0.0 0.0 0.8 19.3 18:30 SSW
06 12.0 21.7 15:30 8.0 05:00 3.5 0.0 0.0 0.7 16.1 14:30 N
07 14.2 22.8 16:30 13.0 05:30 0.9 0.0 0.0 1.7 20.9 11:30 SSE
08 15.2 18.4 16:30 12.2 06:00 3.3 0.0 21.4 2.6 29.0 23:00 ESE
09 16.4 22.1 16:30 12.7 23:30 1.1 0.0 0.0 1.5 19.3 10:30 WNW
10 12.7 22.2 16:00 11.8 01:00 1.7 0.0 0.0 0.7 11.3 13:30 S
11 13.6 18.1 11:30 11.5 03:00 3.6 0.0 39.0 0.6 14.5 18:30 NE
12 15.2 22.7 15:30 10.7 06:00 1.3 0.0 0.0 0.9 22.5 17:30 NNW
13 11.1 20.5 16:00 8.9 06:00 3.4 0.0 0.0 0.4 14.5 16:00 NNW
14 10.6 25.3 14:30 7.5 05:30 1.4 0.0 2.8 1.1 19.3 16:30 SW
15 14.2 24.9 16:00 9.6 06:00 0.6 0.0 0.0 0.8 16.1 10:00 NNE
16 11.8 27.4 16:00 8.4 05:30 0.0 0.4 0.0 1.9 20.9 22:00 SSE
17 18.8 19.9 08:30 15.7 23:30 0.5 0.0 22.0 2.9 27.4 16:00 ESE
18 15.4 20.5 14:30 14.9 23:30 1.1 0.0 0.2 0.2 11.3 10:30 N
19 18.5 24.2 15:00 14.9 00:00 0.0 0.5 0.4 1.8 20.9 11:30 S
20 18.6 24.6 17:00 15.0 23:00 0.0 1.4 16.8 1.4 22.5 14:30 WNW
21 15.2 23.5 15:30 14.4 03:30 0.1 0.0 0.0 0.7 16.1 02:00 NW
22 15.5 30.3 15:00 14.3 06:00 0.0 3.9 0.0 0.7 11.3 16:00 NE
23 20.1 31.8 15:30 15.5 06:00 0.0 5.1 0.0 0.6 16.1 15:00 SSW
24 21.1 32.8 15:00 16.7 06:30 0.0 6.5 0.0 0.9 16.1 16:30 SSW
25 21.8 30.9 13:00 19.2 05:30 0.0 5.5 33.4 0.9 27.4 17:30 SSE
26 17.9 25.4 13:30 15.8 23:30 0.0 3.0 0.0 1.1 29.0 15:30 NW
27 21.0 28.1 15:30 13.3 05:30 0.0 2.7 0.0 0.7 14.5 11:00 NNE
28 20.7 28.1 15:30 16.9 23:59 0.0 2.4 8.6 1.4 30.6 18:30 WSW
29 18.4 24.8 12:30 14.3 06:00 0.0 0.1 12.6 1.8 40.2 17:00 W
30 17.1 21.1 17:00 14.7 07:00 1.2 0.0 2.4 1.3 17.7 14:00 W
----------------------------------------------------------------------------------
15.3 32.8 24 2.6 4 47.9 31.5 160.6 1.2 40.2 29 SSW
Max >= 27.0 7
Max <= 0.0 0
Min <= 0.0 0
Min <= -18.0 0
Max Rain: 39.0 on day 11
Days of Rain: 12 (>= 0.2 mm) 9 (>= 2.0 mm) 4 (>= 20.0 mm)
Heat Base: 18.3 Cool Base: 18.3 Method: Integration