V/Λ SELECT: Month and Year
OR > Month
Monthly Climatological Summary for Jul 2009
Name: KomokaWeather City: Komoka State: ON Canada
Elevation: 817 ft Lat: N 42° 57' 36" Lon: W 081° 26' 17"
Temperature (°C), Rain (mm), Wind Speed (km/h)
Heat Cool Avg
Mean Deg Deg Wind Dom
Day Temp High Time Low Time Days Days Rain Speed High Time Dir
----------------------------------------------------------------------------------
01 17.1 21.3 14:30 14.9 05:30 1.2 0.0 2.4 0.5 11.3 13:30 W
02 17.4 21.2 16:00 14.5 06:30 0.8 0.0 2.0 0.7 17.7 18:00 WNW
03 16.4 19.1 18:30 13.7 23:30 1.9 0.0 1.8 0.5 20.9 13:30 WNW
04 16.2 22.0 15:30 9.9 06:00 2.1 0.0 0.0 0.7 17.7 12:00 WNW
05 18.9 27.1 16:30 10.6 02:00 0.0 0.7 1.4 0.9 17.7 21:30 W
06 18.9 25.2 16:00 12.0 06:30 0.0 0.6 0.2 0.9 24.1 13:30 WNW
07 15.9 20.0 17:21 12.6 23:30 2.4 0.0 0.0 0.8 16.1 16:00 WNW
08 16.5 23.3 15:30 9.7 04:30 1.8 0.0 0.0 0.6 11.3 09:00 NW
09 18.9 26.8 16:00 11.0 06:00 0.0 0.6 0.0 1.0 17.7 14:00 S
10 20.6 27.1 13:00 13.6 06:30 0.0 2.3 0.0 1.2 20.9 13:00 SSW
11 22.1 27.7 15:30 14.9 23:30 0.0 3.8 1.6 1.9 29.0 17:00 W
12 16.7 24.2 16:00 8.0 06:30 1.6 0.0 0.0 1.1 17.7 14:00 WSW
13 17.0 24.2 15:30 7.6 06:30 1.3 0.0 0.0 1.3 20.9 16:00 WNW
14 17.2 25.0 15:00 8.2 06:30 1.1 0.0 0.0 0.6 14.5 17:30 NW
15 18.6 25.2 14:00 9.3 06:00 0.0 0.3 0.4 1.7 22.5 15:00 S
16 22.3 27.6 16:00 18.1 07:00 0.0 4.1 0.0 2.0 25.7 17:30 W
17 17.5 22.5 13:30 13.9 23:30 0.8 0.0 4.8 0.8 17.7 17:30 SSW
18 16.2 20.7 16:00 12.8 00:30 2.1 0.0 8.2 1.0 20.9 13:30 W
19 17.7 23.4 16:30 14.1 23:30 0.6 0.0 0.0 0.7 14.5 11:00 WNW
20 18.7 25.3 14:30 12.4 04:00 0.0 0.4 0.0 0.9 14.5 15:00 S
21 18.3 23.4 17:30 13.2 04:00 0.0 0.0 1.0 1.2 20.9 17:30 ESE
22 19.9 25.1 14:00 16.7 03:00 0.0 1.6 0.4 1.5 17.7 14:00 ESE
23 19.2 23.0 16:00 17.1 23:30 0.0 0.9 4.2 0.7 16.1 16:00 NNE
24 20.5 25.9 17:00 15.8 06:00 0.0 2.2 0.0 1.1 19.3 14:30 W
25 20.2 25.1 17:00 17.8 18:30 0.0 1.9 7.4 1.0 32.2 18:00 SW
26 19.4 25.2 14:00 15.3 04:00 0.0 1.1 0.4 1.6 29.0 14:00 W
27 21.0 26.4 17:30 15.5 06:00 0.0 2.7 0.0 1.9 20.9 15:30 W
28 22.9 27.4 14:00 18.4 01:30 0.0 4.6 0.0 3.1 30.6 15:30 SW
29 20.8 24.7 17:30 15.5 23:30 0.0 2.5 6.6 0.1 9.7 01:00 NNE
30 19.6 26.4 16:30 12.9 06:00 0.0 1.3 0.0 1.0 19.3 15:00 W
31 20.4 26.7 15:00 15.1 06:30 0.0 2.1 0.0 0.4 17.7 18:00 NW
----------------------------------------------------------------------------------
18.8 27.7 11 7.6 13 17.7 33.7 42.8 1.1 32.2 25 WSW
Max >= 27.0 5
Max <= 0.0 0
Min <= 0.0 0
Min <= -18.0 0
Max Rain: 8.2 on day 18
Days of Rain: 15 (>= 0.2 mm) 7 (>= 2.0 mm) 0 (>= 20.0 mm)
Heat Base: 18.3 Cool Base: 18.3 Method: Integration