V/Λ SELECT: Month and Year
OR > Month
Monthly Climatological Summary for Aug 2009
Name: KomokaWeather City: Komoka State: ON Canada
Elevation: 817 ft Lat: N 42° 57' 36" Lon: W 081° 26' 17"
Temperature (°C), Rain (mm), Wind Speed (km/h)
Heat Cool Avg
Mean Deg Deg Wind Dom
Day Temp High Time Low Time Days Days Rain Speed High Time Dir
----------------------------------------------------------------------------------
01 20.2 26.2 13:00 12.8 06:00 0.0 1.9 0.0 2.2 25.7 13:30 SSW
02 20.6 24.7 16:00 13.8 23:30 0.0 2.3 0.0 1.2 20.9 14:00 WNW
03 19.0 24.9 16:30 10.2 06:30 0.0 0.7 0.0 3.5 35.4 16:30 SSW
04 23.9 29.2 16:00 17.2 23:30 0.0 5.6 0.0 3.5 24.1 01:00 WSW
05 17.6 24.4 16:00 9.5 07:00 0.7 0.0 0.0 0.7 17.7 14:00 WNW
06 18.4 25.3 16:30 11.6 06:30 0.0 0.1 0.0 0.6 14.5 12:00 NNW
07 18.1 24.8 15:30 12.4 06:30 0.2 0.0 0.0 0.6 14.5 11:00 NW
08 17.9 20.4 11:06 14.9 00:00 0.4 0.0 17.4 1.6 24.1 15:30 SSW
09 25.4 31.8 17:30 19.7 00:30 0.0 7.1 7.6 2.6 29.0 22:00 W
10 24.5 30.0 13:30 20.9 23:30 0.0 6.2 0.8 0.9 19.3 13:00 W
11 22.2 27.8 16:00 17.6 23:00 0.0 3.9 0.4 0.4 16.1 16:00 NW
12 20.5 28.0 15:00 16.6 04:00 0.0 2.2 0.0 0.6 16.1 13:30 NNE
13 22.1 29.2 16:30 15.2 07:00 0.0 3.8 0.2 0.7 11.3 15:30 SSW
14 22.1 28.7 15:30 14.7 06:30 0.0 3.8 0.0 0.7 14.5 14:30 SSW
15 23.0 30.9 16:00 16.4 03:00 0.0 4.7 0.0 0.8 14.5 16:30 SW
16 24.2 30.6 15:00 17.7 01:30 0.0 5.9 0.2 1.5 24.1 14:00 SSW
17 25.7 30.9 16:00 21.5 07:00 0.0 7.4 0.2 1.8 24.1 14:00 WSW
18 24.2 28.8 17:00 21.4 08:00 0.0 5.9 0.4 2.3 22.5 14:30 WSW
19 21.9 28.2 16:30 16.4 04:30 0.0 3.6 0.0 0.7 11.3 12:30 SW
20 23.4 27.3 15:30 20.8 01:00 0.0 5.1 4.0 3.4 38.6 16:00 SSW
21 22.2 26.0 16:30 17.9 23:30 0.0 3.9 0.8 3.6 30.6 12:00 WSW
22 17.8 20.7 17:30 13.9 23:30 0.5 0.0 0.0 0.4 19.3 17:00 WNW
23 17.8 24.1 16:00 12.8 04:30 0.5 0.0 0.0 0.7 14.5 14:30 NNW
24 16.8 23.9 18:30 10.9 04:30 1.5 0.0 0.0 0.2 9.7 12:30 W
25 19.2 27.2 16:00 11.3 07:00 0.0 0.9 0.0 2.2 24.1 18:00 WSW
26 18.7 23.9 16:00 13.2 23:30 0.0 0.4 0.0 0.6 14.5 08:00 WNW
27 16.7 22.9 15:30 10.7 05:00 1.6 0.0 0.0 1.0 11.3 02:00 NE
28 16.1 18.7 12:30 14.4 22:00 2.2 0.0 33.0 2.5 22.5 17:00 ENE
29 17.2 22.1 17:30 14.4 23:30 1.1 0.0 0.0 2.0 32.2 17:30 W
30 14.0 17.7 17:00 9.0 23:30 4.3 0.0 5.2 1.2 22.5 12:30 WNW
31 13.3 22.0 14:30 5.8 07:00 5.0 0.0 0.0 0.5 14.5 11:00 N
----------------------------------------------------------------------------------
20.2 31.8 9 5.8 31 18.0 75.4 70.2 1.5 38.6 20 WSW
Max >= 27.0 14
Max <= 0.0 0
Min <= 0.0 0
Min <= -18.0 0
Max Rain: 33.0 on day 28
Days of Rain: 12 (>= 0.2 mm) 5 (>= 2.0 mm) 1 (>= 20.0 mm)
Heat Base: 18.3 Cool Base: 18.3 Method: Integration