V/Λ SELECT: Month and Year
OR > Month
Monthly Climatological Summary for Sep 2009
Name: KomokaWeather City: Komoka State: ON Canada
Elevation: 817 ft Lat: N 42° 57' 36" Lon: W 081° 26' 17"
Temperature (°C), Rain (mm), Wind Speed (km/h)
Heat Cool Avg
Mean Deg Deg Wind Dom
Day Temp High Time Low Time Days Days Rain Speed High Time Dir
----------------------------------------------------------------------------------
01 14.1 24.2 16:30 4.7 07:00 4.2 0.0 0.0 0.6 14.5 12:00 NE
02 16.1 24.9 16:00 7.3 06:30 2.2 0.0 0.0 0.4 8.0 12:00 S
03 17.4 26.4 17:30 8.5 06:30 0.9 0.0 0.0 0.5 9.7 11:30 ENE
04 17.6 27.0 16:00 9.5 07:30 0.8 0.0 0.0 0.6 11.3 11:00 NNE
05 17.7 26.9 16:30 8.9 07:00 0.6 0.0 0.0 0.3 14.5 14:30 E
06 18.9 26.4 17:30 11.4 07:00 0.0 0.6 0.0 1.0 14.5 15:00 SE
07 20.7 26.2 15:00 16.6 07:00 0.0 2.4 0.0 1.0 20.9 13:00 SE
08 20.3 26.1 16:30 16.8 06:00 0.0 2.0 0.0 1.0 14.5 13:00 ENE
09 20.6 27.9 16:00 14.8 07:30 0.0 2.3 0.0 1.1 16.1 11:30 SE
10 19.5 25.9 15:00 13.6 07:00 0.0 1.2 0.0 1.2 16.1 16:00 SSE
11 16.7 23.0 14:00 12.6 06:00 1.6 0.0 0.0 0.7 17.7 19:00 ENE
12 16.4 26.3 16:00 7.7 06:30 1.9 0.0 0.0 1.4 20.9 12:00 NE
13 17.5 25.7 15:00 9.9 07:00 0.8 0.0 0.0 0.7 16.1 17:00 WNW
14 19.3 25.7 16:30 13.8 04:00 0.0 1.0 0.0 0.8 22.5 17:30 WNW
15 19.4 26.9 13:00 13.2 23:30 0.0 1.1 0.0 1.0 17.7 20:00 NE
16 14.2 21.8 15:30 8.9 07:30 4.1 0.0 0.0 2.7 20.9 14:30 NE
17 14.7 23.5 16:00 8.0 02:00 3.6 0.0 0.0 0.9 11.3 10:00 E
18 13.8 23.8 16:00 6.8 04:30 4.5 0.0 0.0 1.0 20.9 16:00 NNW
19 11.6 21.8 15:30 2.6 06:30 6.7 0.0 0.0 0.8 14.5 10:00 E
20 14.9 25.2 16:00 4.9 02:00 3.3 0.0 0.2 1.1 16.1 15:30 SSE
21 19.5 21.2 16:30 17.3 01:00 0.0 1.2 11.4 1.3 19.3 10:30 S
22 21.5 24.1 17:00 19.3 22:30 0.0 3.2 0.0 0.8 16.1 13:00 SSW
23 20.9 26.2 15:30 16.6 23:00 0.0 2.6 0.4 0.9 19.3 14:00 W
24 17.4 24.6 14:30 12.1 23:30 0.9 0.0 0.0 0.5 19.3 19:30 N
25 13.7 20.3 15:30 7.6 06:30 4.6 0.0 0.0 2.4 19.3 11:00 E
26 14.5 17.4 12:30 10.3 01:30 3.8 0.0 0.6 1.3 19.3 14:00 SE
27 16.5 20.7 14:30 12.9 23:00 1.8 0.0 0.2 1.1 19.3 14:30 W
28 13.9 17.0 04:00 10.7 22:00 4.4 0.0 18.4 6.9 38.6 20:30 W
29 11.4 14.0 10:30 9.3 23:30 6.9 0.0 10.0 4.3 30.6 03:00 W
30 8.0 10.5 14:30 4.9 22:00 10.3 0.0 2.8 1.0 22.5 13:30 WNW
----------------------------------------------------------------------------------
16.6 27.9 9 2.6 19 67.9 17.6 44.0 1.3 38.6 28 WNW
Max >= 27.0 2
Max <= 0.0 0
Min <= 0.0 0
Min <= -18.0 0
Max Rain: 18.4 on day 28
Days of Rain: 8 (>= 0.2 mm) 4 (>= 2.0 mm) 0 (>= 20.0 mm)
Heat Base: 18.3 Cool Base: 18.3 Method: Integration