V/Λ SELECT: Month and Year
OR > Month
Monthly Climatological Summary for Nov 2009
Name: KomokaWeather City: Komoka State: ON Canada
Elevation: 817 ft Lat: N 42° 57' 36" Lon: W 081° 26' 17"
Temperature (°C), Rain (mm), Wind Speed (km/h)
Heat Cool Avg
Mean Deg Deg Wind Dom
Day Temp High Time Low Time Days Days Rain Speed High Time Dir
----------------------------------------------------------------------------------
01 6.4 9.4 14:30 3.4 23:30 11.9 0.0 0.0 1.6 22.5 00:00 W
02 6.6 10.1 12:30 2.1 04:00 11.7 0.0 0.4 1.8 22.5 12:30 SSW
03 4.9 8.1 00:00 -0.1 23:30 13.4 0.0 0.8 2.7 30.6 14:30 WNW
04 1.1 6.2 12:00 -2.5 05:00 17.2 0.0 1.8 0.4 11.3 12:30 NE
05 3.5 7.9 12:00 -0.3 00:00 14.8 0.0 1.4 4.7 48.3 13:30 WNW
06 3.5 7.3 13:30 -0.2 07:30 14.8 0.0 0.6 1.6 22.5 14:00 S
07 11.2 16.4 16:00 6.7 23:30 7.1 0.0 0.0 4.9 33.8 14:30 SW
08 9.8 18.6 14:00 2.6 07:30 8.5 0.0 0.0 1.2 20.9 15:00 S
09 11.4 18.0 13:00 4.8 05:00 6.9 0.0 0.0 2.2 19.3 14:00 W
10 8.1 13.9 14:00 2.4 23:53 10.2 0.0 0.2 3.6 25.7 01:30 NE
11 4.0 12.7 14:30 -2.7 06:30 14.3 0.0 0.0 2.7 20.9 14:30 ENE
12 5.0 13.7 14:30 -1.0 06:30 13.3 0.0 0.0 2.0 17.7 11:30 E
13 6.0 14.5 14:00 -0.5 06:30 12.2 0.0 0.0 1.4 16.1 11:00 ESE
14 9.8 17.6 14:00 4.3 05:00 8.5 0.0 0.0 1.5 19.3 11:30 S
15 8.5 12.8 12:30 2.3 21:30 9.8 0.0 0.0 1.5 25.7 13:30 NW
16 4.3 10.1 14:30 -0.2 21:00 14.0 0.0 0.0 2.9 17.7 12:00 NE
17 4.2 11.2 14:00 -1.7 02:00 14.1 0.0 0.0 5.5 27.4 10:30 ENE
18 8.0 12.8 13:00 3.7 05:00 10.3 0.0 0.2 3.8 22.5 13:00 ESE
19 8.8 11.3 13:30 5.8 23:00 9.5 0.0 4.6 2.5 24.1 15:30 SSW
20 6.8 8.5 15:30 4.1 07:00 11.5 0.0 0.4 4.1 22.5 11:00 W
21 8.0 9.6 15:00 5.9 20:00 10.3 0.0 0.0 0.5 9.7 00:00 W
22 7.3 10.4 15:30 3.4 19:00 11.0 0.0 0.0 1.4 14.5 12:30 ENE
23 6.7 10.2 13:30 3.3 04:30 11.6 0.0 0.2 2.2 19.3 11:00 ESE
24 8.1 9.5 14:30 7.1 00:00 10.2 0.0 0.4 0.3 8.0 00:00 ESE
25 8.8 10.5 12:00 7.7 18:00 9.5 0.0 2.4 4.7 30.6 15:30 SW
26 5.8 8.3 00:00 1.6 23:30 12.6 0.0 0.6 5.1 29.0 11:00 WSW
27 2.9 4.5 15:30 1.8 05:30 15.6 0.0 1.6 7.5 32.2 12:00 WNW
28 2.6 6.7 16:00 -1.6 23:30 15.7 0.0 0.0 4.1 24.1 04:00 W
29 3.1 9.7 14:00 -2.7 05:30 15.2 0.0 5.2 2.9 22.5 17:30 W
30 2.9 8.2 13:30 -1.1 23:30 15.6 0.0 1.0 4.0 27.4 01:00 WNW
----------------------------------------------------------------------------------
6.3 18.6 8 -2.7 11 361.3 0.0 21.8 3.0 48.3 5 WSW
Max >= 27.0 0
Max <= 0.0 0
Min <= 0.0 12
Min <= -18.0 0
Max Rain: 5.2 on day 29
Days of Rain: 16 (>= 0.2 mm) 3 (>= 2.0 mm) 0 (>= 20.0 mm)
Heat Base: 18.3 Cool Base: 18.3 Method: Integration