V/Λ SELECT: Month and Year
OR > Month
Monthly Climatological Summary for Jan 2010
Name: KomokaWeather City: Komoka State: ON Canada
Elevation: 817 ft Lat: N 42° 57' 36" Lon: W 081° 26' 17"
Temperature (°C), Rain (mm), Wind Speed (km/h)
Heat Cool Avg
Mean Deg Deg Wind Dom
Day Temp High Time Low Time Days Days Rain Speed High Time Dir
----------------------------------------------------------------------------------
01 -4.4 0.6 00:00 -7.2 23:57 22.6 0.0 0.2 7.6 27.4 18:19 WNW
02 -9.8 -7.2 00:00 -12.4 21:13 28.1 0.0 0.0 6.1 27.4 11:29 WNW
03 -7.3 -4.5 19:05 -11.8 00:27 25.6 0.0 0.0 4.2 30.6 11:32 NW
04 -8.1 -6.6 13:00 -11.8 18:36 26.4 0.0 0.0 2.2 19.3 12:57 NNE
05 -5.0 -2.8 15:08 -7.8 07:47 23.4 0.0 0.0 2.2 20.9 16:56 NW
06 -3.7 -2.5 12:06 -4.6 17:36 22.0 0.0 0.0 4.5 24.1 07:21 WNW
07 -3.7 -1.9 14:17 -4.7 06:32 22.0 0.0 0.4 1.3 9.7 00:14 W
08 -5.7 -3.7 14:30 -7.7 08:00 24.0 0.0 0.8 1.6 20.9 09:00 NNE
09 -12.5 -6.7 12:30 -20.7 22:30 30.8 0.0 0.8 0.9 17.7 02:00 NNE
10 -12.6 -3.8 13:39 -22.1 07:00 31.0 0.0 0.0 2.9 25.7 21:53 WSW
11 -7.4 -5.3 15:19 -9.7 23:41 25.7 0.0 0.0 2.7 24.1 00:05 WSW
12 -5.9 -2.2 12:04 -8.9 00:00 24.2 0.0 0.2 2.8 19.3 10:01 NNW
13 -3.8 -1.3 13:29 -7.6 00:00 22.1 0.0 0.0 5.5 29.0 14:44 WSW
14 -0.7 3.8 14:43 -6.5 04:35 19.1 0.0 4.0 4.4 25.7 18:12 SW
15 1.5 2.5 00:02 0.6 23:42 16.8 0.0 2.6 2.8 19.3 07:06 W
16 -0.6 0.6 00:00 -1.3 20:31 18.8 0.0 0.2 4.2 20.9 01:56 WSW
17 -0.2 1.6 15:20 -1.8 04:45 18.5 0.0 0.2 1.1 14.5 07:28 SSE
18 -2.9 -0.8 00:00 -3.7 08:37 21.1 0.0 0.0 1.8 17.7 11:41 W
19 -1.0 1.0 13:13 -2.4 03:35 19.3 0.0 0.4 1.4 16.1 14:41 W
20 -5.6 -2.2 14:50 -11.9 20:50 23.8 0.0 0.2 2.2 19.3 11:51 NE
21 -3.9 2.3 14:45 -10.3 00:48 22.2 0.0 0.0 4.6 27.4 20:55 E
22 0.6 4.6 14:55 -1.8 21:52 17.7 0.0 0.0 4.4 29.0 14:27 ENE
23 0.0 3.2 13:13 -3.8 08:02 18.4 0.0 0.0 3.9 24.1 03:52 ESE
24 3.7 5.2 21:57 2.3 03:48 14.7 0.0 11.0 5.4 30.6 14:27 SE
25 1.9 5.3 00:46 -0.2 15:25 16.3 0.0 4.4 4.4 30.6 13:57 WSW
26 -1.9 -0.1 00:09 -3.1 10:30 20.2 0.0 0.0 8.5 29.0 06:07 WSW
27 -4.8 -2.8 00:00 -7.1 09:19 23.1 0.0 0.0 9.6 33.8 03:35 WSW
28 -8.3 -3.7 02:32 -11.8 21:16 26.6 0.0 0.0 10.7 40.2 12:58 WNW
29 -10.7 -6.5 14:34 -13.6 04:59 29.0 0.0 0.4 3.7 24.1 00:16 WNW
30 -13.0 -7.3 12:21 -17.8 05:55 31.2 0.0 0.0 0.8 9.7 13:02 SE
31 -9.6 -4.3 14:33 -18.7 03:14 28.3 0.0 0.0 4.8 30.6 15:09 W
----------------------------------------------------------------------------------
-4.7 5.3 25 -22.1 10 713.0 0.0 25.8 4.0 40.2 28 W
Max >= 27.0 0
Max <= 0.0 20
Min <= 0.0 29
Min <= -18.0 3
Max Rain: 11.0 on day 24
Days of Rain: 14 (>= 0.2 mm) 4 (>= 2.0 mm) 0 (>= 20.0 mm)
Heat Base: 18.3 Cool Base: 18.3 Method: Integration