V/Λ SELECT: Month and Year
OR > Month
Monthly Climatological Summary for Feb 2010
Name: KomokaWeather City: Komoka State: ON Canada
Elevation: 817 ft Lat: N 42° 57' 36" Lon: W 081° 26' 17"
Temperature (°C), Rain (mm), Wind Speed (km/h)
Heat Cool Avg
Mean Deg Deg Wind Dom
Day Temp High Time Low Time Days Days Rain Speed High Time Dir
----------------------------------------------------------------------------------
01 -6.9 -3.3 12:58 -12.1 23:52 25.1 0.0 0.0 3.1 22.5 11:35 W
02 -6.0 -1.8 12:16 -13.1 03:29 24.4 0.0 0.2 0.8 16.1 12:12 SE
03 -2.9 0.8 13:32 -5.3 23:59 21.2 0.0 0.8 2.9 27.4 15:06 WNW
04 -5.7 0.4 12:22 -13.0 06:20 24.0 0.0 0.0 1.3 16.1 12:28 W
05 -3.7 1.1 13:22 -8.9 01:47 22.0 0.0 0.2 4.5 30.6 19:49 ENE
06 -7.7 -3.7 00:00 -13.3 23:54 25.9 0.0 0.0 7.2 41.8 03:09 NE
07 -9.5 -2.4 14:15 -15.1 01:41 28.0 0.0 0.0 0.7 16.1 11:55 NE
08 -5.0 1.6 14:07 -13.8 01:28 23.4 0.0 0.0 1.8 22.5 13:44 NNW
09 -4.5 -2.2 14:55 -6.5 06:09 22.8 0.0 0.0 4.9 25.7 18:45 ENE
10 -3.3 -1.1 12:21 -4.9 08:55 21.6 0.0 3.4 4.4 25.7 14:37 NNE
11 -4.7 -2.7 13:05 -10.2 23:20 23.0 0.0 0.0 3.9 24.1 08:36 WNW
12 -5.8 -1.4 15:05 -10.0 05:31 24.2 0.0 0.2 2.7 22.5 11:52 WNW
13 -4.0 -0.3 14:17 -6.1 03:09 22.3 0.0 0.0 4.4 20.9 12:17 WNW
14 -2.4 -0.5 13:04 -3.7 04:11 20.8 0.0 0.2 5.5 29.0 08:39 WNW
15 -2.9 0.0 13:58 -4.8 19:34 21.2 0.0 0.8 1.6 14.5 10:35 WNW
16 -3.4 -0.6 13:24 -5.1 07:17 21.7 0.0 0.2 2.3 20.9 16:25 WNW
17 -2.2 -0.4 23:57 -4.4 03:49 20.6 0.0 0.0 6.2 25.7 12:53 WNW
18 -0.3 1.3 14:57 -1.3 09:56 18.6 0.0 0.2 8.3 29.0 02:53 WNW
19 -1.3 3.4 14:38 -7.6 23:05 19.5 0.0 0.2 5.3 22.5 00:43 WNW
20 -3.9 3.9 14:40 -11.3 07:12 22.2 0.0 0.0 1.9 17.7 11:28 WNW
21 -2.5 6.8 13:55 -10.8 06:48 20.9 0.0 0.0 1.1 9.7 10:54 NNE
22 -0.9 0.1 14:50 -2.3 00:36 19.3 0.0 1.0 4.0 32.2 12:17 E
23 -1.7 0.4 13:28 -6.3 23:25 19.9 0.0 3.2 2.1 20.9 11:59 WNW
24 -1.9 4.2 14:04 -6.3 00:00 20.2 0.0 6.6 0.8 11.3 14:53 NNW
25 -4.5 -2.1 12:02 -6.7 18:04 22.8 0.0 0.6 4.0 37.0 16:16 NW
26 -3.0 -1.4 13:45 -5.1 01:25 21.3 0.0 2.0 2.9 32.2 04:06 NNW
27 -1.0 0.7 10:31 -6.1 01:19 19.4 0.0 1.8 3.5 32.2 12:45 NW
28 1.0 5.6 12:20 -1.8 02:41 17.3 0.0 1.6 2.8 27.4 13:16 NNW
----------------------------------------------------------------------------------
-3.6 6.8 21 -15.1 7 613.6 0.0 23.2 3.4 41.8 6 NW
Max >= 27.0 0
Max <= 0.0 15
Min <= 0.0 28
Min <= -18.0 0
Max Rain: 6.6 on day 24
Days of Rain: 17 (>= 0.2 mm) 4 (>= 2.0 mm) 0 (>= 20.0 mm)
Heat Base: 18.3 Cool Base: 18.3 Method: Integration