V/Λ SELECT: Month and Year
OR > Month
Monthly Climatological Summary for Mar 2010
Name: KomokaWeather City: Komoka State: ON Canada
Elevation: 817 ft Lat: N 42° 57' 36" Lon: W 081° 26' 17"
Temperature (°C), Rain (mm), Wind Speed (km/h)
Heat Cool Avg
Mean Deg Deg Wind Dom
Day Temp High Time Low Time Days Days Rain Speed High Time Dir
----------------------------------------------------------------------------------
01 -0.4 2.4 10:38 -3.1 22:00 18.7 0.0 0.0 2.4 24.1 11:52 NNW
02 -2.2 4.2 12:51 -8.7 06:22 20.5 0.0 0.0 1.6 16.1 14:13 NNE
03 -1.6 5.8 15:16 -6.5 05:05 19.9 0.0 0.0 1.4 20.9 13:30 NNW
04 -2.4 4.5 15:03 -9.4 06:36 20.7 0.0 0.0 1.7 22.5 17:39 NNE
05 -2.7 4.7 14:07 -9.1 07:26 20.9 0.0 0.0 1.6 20.9 14:13 NNE
06 -2.9 6.3 15:17 -10.8 03:39 21.2 0.0 0.0 1.3 11.3 13:01 WNW
07 -0.6 4.9 11:40 -7.9 07:11 18.9 0.0 0.0 3.6 16.1 09:35 W
08 0.8 10.1 15:25 -7.3 06:50 17.5 0.0 0.0 1.6 14.5 13:43 W
09 2.6 13.3 16:04 -5.8 06:43 15.7 0.0 0.0 1.1 14.5 14:09 WSW
10 6.0 14.8 15:38 -0.8 01:14 12.4 0.0 0.0 1.4 17.7 12:20 ESE
11 9.2 17.3 14:35 2.5 06:39 9.2 0.0 0.0 3.3 24.1 20:28 E
12 8.3 12.2 11:59 5.5 05:32 10.0 0.0 0.0 5.4 29.0 22:23 E
13 5.2 7.3 00:23 2.7 21:11 13.1 0.0 14.6 12.8 43.5 16:20 ENE
14 3.9 5.7 14:38 2.3 05:24 14.4 0.0 3.0 9.6 45.1 04:07 ENE
15 6.7 13.7 14:51 1.5 23:59 11.5 0.0 0.2 4.3 24.1 12:12 NNE
16 6.8 18.3 14:50 -2.4 07:31 11.5 0.0 0.2 1.6 24.1 15:03 NE
17 6.7 18.3 14:54 -2.8 07:10 11.6 0.0 0.0 1.4 17.7 14:43 NW
18 8.2 19.1 15:22 -2.4 07:18 10.2 0.0 0.0 3.7 27.4 15:03 W
19 9.9 18.4 15:10 -0.2 07:22 8.3 0.0 0.0 4.8 32.2 17:04 WSW
20 3.4 6.4 00:00 1.1 23:57 14.9 0.0 0.0 4.1 24.1 16:12 NE
21 4.2 11.1 16:40 0.1 04:43 14.1 0.0 0.2 4.4 17.7 01:05 NE
22 3.8 6.2 13:03 2.5 04:03 14.5 0.0 3.8 10.1 38.6 15:56 NE
23 4.7 10.0 15:32 0.3 22:43 13.6 0.0 0.0 6.8 35.4 17:02 N
24 5.0 14.0 15:26 -3.8 07:15 13.3 0.0 0.0 2.6 24.1 14:50 WNW
25 2.6 9.4 10:42 -2.1 23:46 15.7 0.0 0.0 2.8 30.6 13:24 NNE
26 -1.2 5.1 16:20 -5.9 23:59 19.5 0.0 0.0 4.9 27.4 00:57 NE
27 0.6 8.7 15:48 -7.6 05:55 17.8 0.0 0.0 2.4 22.5 12:01 SE
28 5.2 7.7 13:32 2.5 00:59 13.1 0.0 7.6 3.3 22.5 10:22 SE
29 5.2 10.6 15:49 -0.6 23:33 13.0 0.0 0.6 4.2 25.7 13:09 NNE
30 4.4 14.8 16:10 -4.1 07:32 13.9 0.0 0.2 1.4 19.3 17:07 NW
31 6.9 15.9 15:59 -3.1 06:57 11.5 0.0 0.0 2.7 22.5 14:00 S
----------------------------------------------------------------------------------
3.4 19.1 18 -10.8 6 461.1 0.0 30.4 3.7 45.1 14 NE
Max >= 27.0 0
Max <= 0.0 0
Min <= 0.0 21
Min <= -18.0 0
Max Rain: 14.6 on day 13
Days of Rain: 9 (>= 0.2 mm) 4 (>= 2.0 mm) 0 (>= 20.0 mm)
Heat Base: 18.3 Cool Base: 18.3 Method: Integration