V/Λ SELECT: Month and Year
OR > Month
Monthly Climatological Summary for May 2010
Name: KomokaWeather City: Komoka State: ON Canada
Elevation: 817 ft Lat: N 42° 57' 36" Lon: W 081° 26' 17"
Temperature (°C), Rain (mm), Wind Speed (km/h)
Heat Cool Avg
Mean Deg Deg Wind Dom
Day Temp High Time Low Time Days Days Rain Speed High Time Dir
----------------------------------------------------------------------------------
01 19.1 23.6 15:24 16.6 09:32 0.0 0.8 2.0 3.2 22.5 13:07 SSW
02 19.3 22.7 15:29 16.9 08:53 0.0 1.0 1.8 5.3 30.6 14:40 SSW
03 17.9 23.2 17:15 13.0 06:32 0.3 0.0 12.6 3.4 27.4 14:21 W
04 16.7 22.1 17:52 11.6 23:14 1.5 0.0 0.0 5.0 30.6 16:32 W
05 16.6 25.6 15:25 10.6 06:54 1.7 0.0 2.8 4.7 38.6 15:29 SW
06 12.3 16.4 15:15 5.6 23:55 5.9 0.0 0.0 4.3 29.0 10:07 WNW
07 7.7 12.1 16:02 4.8 03:33 10.6 0.0 16.0 3.0 29.0 20:57 E
08 6.3 10.1 08:17 2.2 23:52 11.9 0.0 2.0 8.4 53.1 14:30 WNW
09 5.1 10.7 16:46 -0.6 23:54 13.2 0.0 0.2 3.9 32.2 14:35 NW
10 6.2 15.6 16:07 -2.7 04:42 12.1 0.0 0.0 1.3 16.1 14:00 NE
11 5.9 8.7 10:39 1.5 02:16 12.5 0.0 14.4 4.2 32.2 12:17 ESE
12 8.4 13.2 18:00 4.0 23:59 9.8 0.0 0.0 2.7 22.5 13:01 ENE
13 8.7 12.4 21:22 3.2 01:26 9.7 0.0 34.8 2.5 33.8 14:31 ESE
14 14.9 21.3 17:32 11.1 00:00 3.3 0.0 0.2 4.1 33.8 19:05 W
15 11.7 16.9 15:52 4.8 06:38 6.6 0.0 0.0 1.8 22.5 10:33 NW
16 12.5 21.5 16:35 2.6 06:10 5.8 0.0 0.0 1.5 17.7 10:19 NE
17 14.1 21.2 14:07 6.3 02:37 4.2 0.0 0.4 2.6 27.4 12:32 E
18 14.4 19.7 15:19 9.5 23:59 3.9 0.0 1.2 3.5 35.4 13:55 ESE
19 15.1 24.8 15:19 5.9 03:43 3.3 0.0 0.0 1.3 17.7 09:28 NE
20 18.1 28.5 16:20 7.6 04:54 0.2 0.0 0.0 1.0 19.3 14:43 NW
21 17.8 24.4 11:01 10.4 03:14 0.6 0.0 0.0 1.7 22.5 16:52 SSE
22 17.0 19.8 17:02 15.3 08:04 1.3 0.0 8.0 1.0 17.7 10:50 SSE
23 19.3 25.1 15:15 15.2 01:10 0.0 0.8 0.2 1.4 17.7 16:45 S
24 20.9 28.6 16:06 12.3 05:13 0.0 2.6 0.0 1.4 19.3 14:43 SSE
25 21.9 28.9 16:29 14.2 06:03 0.0 3.6 0.0 1.3 14.5 08:34 SSE
26 22.8 31.8 16:09 13.8 05:59 0.0 4.5 0.0 0.7 16.1 16:36 NNW
27 21.6 29.6 13:54 15.0 04:54 0.0 3.3 0.0 1.1 20.9 14:46 NNW
28 22.0 30.8 13:28 13.6 06:02 0.0 3.7 0.0 1.0 22.5 17:42 N
29 21.5 29.7 13:45 14.7 23:56 0.0 3.3 0.0 0.9 22.5 11:41 N
30 21.2 30.2 16:32 10.9 06:10 0.0 2.6 0.0 1.3 19.3 18:13 SSW
31 20.4 31.8 12:37 13.9 05:45 0.0 2.1 30.6 1.0 20.9 16:38 SSW
----------------------------------------------------------------------------------
15.4 31.8 26 -2.7 10 118.4 28.3 127.2 2.6 53.1 8 WSW
Max >= 27.0 9
Max <= 0.0 0
Min <= 0.0 2
Min <= -18.0 0
Max Rain: 34.8 on day 13
Days of Rain: 15 (>= 0.2 mm) 9 (>= 2.0 mm) 2 (>= 20.0 mm)
Heat Base: 18.3 Cool Base: 18.3 Method: Integration