V/Λ SELECT: Month and Year
OR > Month
Monthly Climatological Summary for Jul 2010
Name: KomokaWeather City: Komoka State: ON Canada
Elevation: 817 ft Lat: N 42° 57' 36" Lon: W 081° 26' 17"
Temperature (°C), Rain (mm), Wind Speed (km/h)
Heat Cool Avg
Mean Deg Deg Wind Dom
Day Temp High Time Low Time Days Days Rain Speed High Time Dir
----------------------------------------------------------------------------------
01 15.2 23.1 13:21 6.6 06:15 3.1 0.0 0.0 1.2 27.4 14:06 NNW
02 16.8 25.3 16:39 6.7 05:41 1.5 0.0 0.0 1.2 16.1 15:18 SSW
03 20.7 30.0 16:34 10.2 06:11 0.0 2.4 0.0 1.8 24.1 17:34 SW
04 23.3 31.9 15:23 12.8 05:57 0.0 4.9 0.0 1.9 22.5 14:40 SW
05 27.2 34.2 16:07 20.0 05:16 0.0 8.9 0.0 2.0 20.9 14:18 WSW
06 26.8 33.2 16:39 19.7 06:12 0.0 8.5 0.0 1.9 22.5 17:13 WSW
07 26.7 35.2 15:41 19.9 05:55 0.0 8.4 0.0 1.2 20.9 16:51 SW
08 26.0 33.7 14:49 19.8 05:45 0.0 7.7 0.0 1.6 24.1 14:23 SSW
09 22.8 26.7 13:27 16.9 23:50 0.0 4.5 12.6 0.5 17.7 15:06 NNW
10 22.3 29.7 16:12 14.6 06:11 0.0 4.0 0.0 0.5 16.1 14:21 NNE
11 23.5 31.7 15:14 15.8 05:28 0.0 5.1 0.0 1.2 17.7 17:40 WSW
12 21.0 23.4 18:52 18.8 07:48 0.0 2.7 9.8 0.4 16.1 18:54 SSW
13 22.4 27.1 16:59 19.1 05:45 0.0 4.1 0.0 0.2 12.9 18:48 NNE
14 24.1 31.8 16:01 17.6 06:04 0.0 5.8 0.0 0.6 14.5 12:34 NE
15 24.1 30.2 14:41 19.4 04:38 0.0 5.8 14.0 2.1 29.0 18:01 SSW
16 24.6 29.1 16:36 20.3 07:09 0.0 6.3 10.4 1.4 19.3 15:38 W
17 24.2 30.3 14:18 19.4 23:58 0.0 6.0 4.0 1.7 22.5 13:30 W
18 21.7 27.9 12:58 14.2 05:52 0.0 3.3 2.0 1.3 19.3 12:05 SW
19 20.6 20.9 00:00 17.4 23:52 0.0 2.4 4.4 0.0 3.2 00:01 E
20 21.5 27.2 12:57 17.4 00:00 0.0 3.2 0.0 0.2 9.7 19:28 SSW
21 23.7 29.2 15:51 18.1 00:57 0.0 5.4 0.0 1.6 20.9 15:10 WNW
22 22.1 27.9 13:15 15.8 06:28 0.0 3.8 0.4 0.6 11.3 12:20 SW
23 25.3 31.2 13:58 17.6 00:00 0.0 7.0 5.2 1.9 20.9 10:11 WSW
24 24.2 27.9 16:59 21.6 22:43 0.0 5.9 1.8 0.6 25.7 17:25 WNW
25 21.9 27.4 14:31 15.0 23:59 0.0 3.7 0.4 0.8 22.5 15:47 N
26 20.7 28.9 16:48 13.4 03:07 0.0 2.4 0.4 0.5 16.1 15:44 NNW
27 21.6 29.6 15:44 13.9 06:26 0.0 3.3 0.2 1.1 17.7 16:08 SW
28 23.4 30.0 14:04 16.4 02:46 0.0 5.0 0.0 1.7 22.5 16:49 WSW
29 20.4 26.5 15:26 14.3 06:37 0.0 2.2 0.2 0.8 16.1 13:34 NNE
30 19.2 26.4 14:52 12.1 05:35 0.0 0.9 0.0 0.9 25.7 13:33 NW
31 19.6 25.3 14:48 14.9 00:00 0.0 1.3 0.4 0.7 14.5 17:19 SE
----------------------------------------------------------------------------------
22.5 35.2 7 6.6 1 4.6 134.9 66.2 1.1 29.0 15 WSW
Max >= 27.0 23
Max <= 0.0 0
Min <= 0.0 0
Min <= -18.0 0
Max Rain: 14.0 on day 15
Days of Rain: 15 (>= 0.2 mm) 8 (>= 2.0 mm) 0 (>= 20.0 mm)
Heat Base: 18.3 Cool Base: 18.3 Method: Integration