V/Λ SELECT: Month and Year
OR > Month
Monthly Climatological Summary for Jan 2011
Name: KomokaWeather City: Komoka State: ON Canada
Elevation: 817 ft Lat: N 42° 57' 36" Lon: W 081° 26' 17"
Temperature (°C), Rain (mm), Wind Speed (km/h)
Heat Cool Avg
Mean Deg Deg Wind Dom
Day Temp High Time Low Time Days Days Rain Speed High Time Dir
----------------------------------------------------------------------------------
01 6.2 9.8 13:37 -2.7 23:57 12.0 0.0 18.4 3.3 38.6 14:11 WSW
02 -4.6 -2.7 00:00 -5.7 10:09 22.9 0.0 0.0 6.3 25.7 04:25 W
03 -2.9 0.6 23:31 -6.3 04:32 21.2 0.0 0.0 2.8 19.3 00:29 WSW
04 -1.0 0.9 15:03 -3.4 23:19 19.2 0.0 1.0 4.4 30.6 19:18 W
05 -6.1 -3.1 00:10 -9.4 08:26 24.4 0.0 0.0 2.7 24.1 00:03 WNW
06 -6.9 -4.4 22:00 -5.4 23:30 25.2 0.0 0.0 0.5 27.4 23:00 WNW
07 -7.4 -5.6 13:30 -8.9 19:30 25.7 0.0 0.0 1.6 24.1 00:00 W
08 -7.8 -2.4 15:00 -11.8 07:30 26.1 0.0 0.6 0.7 17.7 15:30 WNW
09 -7.9 -3.5 13:00 -14.2 03:00 26.2 0.0 0.0 2.9 29.0 12:30 WNW
10 -6.7 -1.8 14:00 -11.3 20:30 25.0 0.0 0.2 0.5 17.7 14:30 NNE
11 -5.5 -2.3 14:00 -8.0 03:30 23.8 0.0 0.0 4.8 30.6 20:30 ENE
12 -6.2 -3.3 13:30 -8.7 07:00 24.5 0.0 0.2 2.7 25.7 00:00 NE
13 -6.3 -4.8 12:00 -8.1 20:00 24.6 0.0 0.0 1.1 17.7 03:00 WNW
14 -7.4 -3.6 14:00 -11.7 05:00 25.7 0.0 0.2 0.9 16.1 16:00 WSW
15 -3.8 -2.3 12:00 -6.7 00:00 22.1 0.0 0.0 6.7 33.8 11:00 W
16 -8.4 -5.7 00:00 -11.2 23:48 26.7 0.0 0.0 3.2 27.4 09:30 WNW
17 -9.8 -4.8 14:54 -18.7 03:32 28.2 0.0 0.2 2.3 22.5 11:08 SE
18 0.8 2.7 12:44 -4.8 00:00 17.5 0.0 2.8 2.8 24.1 00:39 S
19 -5.5 -0.5 00:00 -9.9 23:28 23.7 0.0 0.0 1.8 29.0 14:49 NNW
20 -8.5 -5.6 13:55 -13.9 02:49 26.8 0.0 0.0 1.0 14.5 12:01 W
21 -9.6 -6.2 02:14 -11.7 19:34 28.1 0.0 0.0 7.2 40.2 13:28 WNW
22 -12.1 -9.2 13:30 -15.5 04:30 30.4 0.0 0.0 2.9 24.1 13:00 WSW
23 -15.2 -9.2 13:30 -23.7 23:30 33.5 0.0 0.2 2.5 24.1 03:00 W
24 -13.1 -3.5 23:30 -24.6 04:30 31.4 0.0 0.0 1.9 24.1 13:30 SW
25 -1.8 -0.8 14:30 -2.9 00:00 20.1 0.0 0.0 2.4 17.7 01:00 WSW
26 -2.2 0.1 12:30 -3.7 07:30 20.5 0.0 0.2 0.8 11.3 22:30 W
27 -3.1 -0.1 12:30 -5.6 21:30 21.4 0.0 0.2 2.9 22.5 14:30 WSW
28 -4.1 -1.9 15:30 -5.5 08:00 22.4 0.0 0.0 1.5 16.1 13:30 W
29 -4.8 -1.4 13:30 -8.7 22:30 23.1 0.0 0.0 0.7 16.1 13:00 WSW
30 -8.2 -2.8 13:30 -17.4 23:30 26.5 0.0 0.0 1.4 19.3 11:30 W
31 -12.7 -7.8 15:00 -19.0 01:30 31.0 0.0 0.0 2.8 22.5 20:00 W
----------------------------------------------------------------------------------
-6.2 9.8 1 -24.6 24 759.9 0.0 24.2 2.6 40.2 21 W
Max >= 27.0 0
Max <= 0.0 26
Min <= 0.0 31
Min <= -18.0 4
Max Rain: 18.4 on day 1
Days of Rain: 11 (>= 0.2 mm) 2 (>= 2.0 mm) 0 (>= 20.0 mm)
Heat Base: 18.3 Cool Base: 18.3 Method: Integration