V/Λ SELECT: Month and Year
OR > Month
Monthly Climatological Summary for Feb 2011
Name: KomokaWeather City: Komoka State: ON Canada
Elevation: 817 ft Lat: N 42° 57' 36" Lon: W 081° 26' 17"
Temperature (°C), Rain (mm), Wind Speed (km/h)
Heat Cool Avg
Mean Deg Deg Wind Dom
Day Temp High Time Low Time Days Days Rain Speed High Time Dir
----------------------------------------------------------------------------------
01 -8.0 -6.3 15:30 -9.8 00:30 26.3 0.0 0.0 8.2 33.8 19:30 WNW
02 -7.4 -5.4 13:00 -12.7 23:00 25.7 0.0 0.0 5.4 40.2 01:00 NW
03 -9.6 -3.7 14:00 -18.4 07:30 27.9 0.0 0.0 3.8 27.4 14:00 WSW
04 -7.8 -4.1 14:36 -11.2 07:00 26.1 0.0 0.0 5.1 25.7 14:11 WSW
05 -6.2 -1.4 13:28 -14.8 08:10 24.5 0.0 0.0 1.8 16.1 16:40 W
06 -2.6 -0.9 14:55 -4.6 00:00 21.0 0.0 0.0 1.7 16.1 11:09 SW
07 -2.4 0.5 13:14 -8.6 23:19 20.6 0.0 0.0 1.4 20.9 16:21 NNW
08 -11.0 -8.2 04:13 -18.7 21:08 29.3 0.0 0.0 3.2 33.8 15:44 WNW
09 -11.5 -8.2 14:10 -14.8 23:57 29.8 0.0 0.0 5.1 29.0 12:34 WSW
10 -14.4 -8.4 14:20 -21.1 07:38 32.7 0.0 0.0 2.4 25.7 15:11 WSW
11 -10.1 -3.9 22:28 -21.5 02:20 28.5 0.0 0.0 3.5 30.6 23:07 SW
12 -4.1 -0.5 13:10 -9.9 21:05 22.4 0.0 0.0 7.4 32.2 09:06 WNW
13 2.1 5.4 21:16 -4.7 00:00 16.3 0.0 6.6 6.8 35.4 22:06 WSW
14 1.0 5.8 02:02 -6.9 23:58 17.2 0.0 0.4 8.6 43.5 11:30 WNW
15 -7.8 -1.6 13:07 -16.2 07:31 26.2 0.0 0.0 1.7 16.1 15:18 SSE
16 0.8 6.7 15:39 -8.0 02:56 17.5 0.0 0.0 1.7 20.9 13:37 SSW
17 6.9 10.3 23:16 1.3 00:47 11.5 0.0 0.2 2.8 25.7 13:06 SSW
18 7.8 10.3 14:12 1.7 23:57 10.5 0.0 0.0 12.4 48.3 20:23 W
19 -2.2 1.7 00:00 -5.6 23:58 20.4 0.0 0.0 10.6 46.7 07:43 NW
20 -4.7 -0.3 12:30 -10.0 07:03 23.0 0.0 0.0 2.4 22.5 20:19 ESE
21 -6.8 -4.3 00:00 -9.9 21:42 25.1 0.0 0.8 6.6 29.0 08:39 NE
22 -10.2 -2.2 14:18 -17.2 23:58 28.4 0.0 3.2 3.1 19.3 13:47 NE
23 -8.7 1.1 13:50 -19.1 03:14 27.1 0.0 2.4 1.1 11.3 20:30 S
24 -1.6 3.1 13:44 -5.8 00:00 20.0 0.0 3.4 1.2 17.7 11:23 N
25 -3.8 0.0 12:07 -14.9 23:59 21.9 0.0 1.6 4.6 32.2 15:38 NNE
26 -5.8 -1.3 14:23 -15.3 00:37 24.2 0.0 0.4 1.0 14.5 16:10 S
27 0.5 3.2 15:41 -2.4 00:00 17.8 0.0 4.4 1.6 16.1 11:30 SW
28 -0.2 3.1 05:16 -6.1 23:55 18.4 0.0 17.8 3.7 35.4 13:20 N
----------------------------------------------------------------------------------
-4.6 10.3 17 -21.5 11 640.3 0.0 41.2 4.2 48.3 18 WNW
Max >= 27.0 0
Max <= 0.0 17
Min <= 0.0 26
Min <= -18.0 5
Max Rain: 17.8 on day 28
Days of Rain: 11 (>= 0.2 mm) 6 (>= 2.0 mm) 0 (>= 20.0 mm)
Heat Base: 18.3 Cool Base: 18.3 Method: Integration