V/Λ SELECT: Month and Year
OR > Month
Monthly Climatological Summary for May 2011
Name: KomokaWeather City: Komoka State: ON Canada
Elevation: 817 ft Lat: N 42° 57' 36" Lon: W 081° 26' 17"
Temperature (°C), Rain (mm), Wind Speed (km/h)
Heat Cool Avg
Mean Deg Deg Wind Dom
Day Temp High Time Low Time Days Days Rain Speed High Time Dir
----------------------------------------------------------------------------------
01 12.7 14.2 13:00 10.4 10:16 5.6 0.0 8.2 4.5 30.6 12:56 SSE
02 11.4 15.2 16:29 9.0 05:32 6.9 0.0 0.0 1.3 22.5 13:59 WNW
03 7.0 9.8 00:00 4.5 23:59 11.2 0.0 8.2 2.2 25.7 17:59 NNE
04 7.5 12.9 16:00 2.7 23:54 10.7 0.0 0.0 3.9 35.4 15:10 NW
05 10.4 18.5 15:50 1.4 02:07 7.9 0.0 0.0 3.4 25.7 12:29 NW
06 10.4 15.3 16:37 6.6 00:03 7.9 0.0 6.4 2.0 24.1 17:11 SW
07 11.5 17.3 16:34 6.6 00:53 6.8 0.0 0.2 1.8 20.9 14:01 NW
08 12.3 20.5 15:34 3.8 06:00 6.1 0.0 0.0 2.6 24.1 17:22 NNE
09 12.5 20.0 15:23 3.3 05:44 5.8 0.0 0.0 1.4 17.7 13:52 SSE
10 14.3 20.3 15:30 9.7 00:00 4.0 0.0 2.2 3.5 29.0 10:57 ESE
11 17.3 24.4 14:21 10.7 05:45 1.1 0.0 0.0 2.5 20.9 17:06 ESE
12 18.9 26.6 15:54 12.9 02:25 0.0 0.6 0.0 1.6 20.9 04:01 SSE
13 19.8 25.9 18:24 12.7 05:50 0.0 1.4 0.0 1.3 20.9 12:22 SSE
14 18.5 22.5 15:05 15.2 22:04 0.0 0.2 9.4 0.8 19.3 23:23 SE
15 10.4 15.2 00:00 7.7 23:35 7.8 0.0 18.4 5.0 29.0 12:05 NE
16 7.4 9.3 18:28 5.3 06:20 10.9 0.0 5.0 3.2 22.5 00:49 NE
17 10.7 15.7 16:14 7.9 07:08 7.6 0.0 3.2 4.1 25.7 21:21 NE
18 15.4 21.6 14:36 11.4 00:00 2.9 0.0 5.2 2.5 27.4 00:48 ENE
19 14.8 18.8 16:54 12.6 09:10 3.5 0.0 5.4 1.1 16.1 15:17 S
20 15.8 25.1 15:29 8.3 06:10 2.5 0.0 0.0 1.0 27.4 17:48 NNW
21 18.7 26.3 16:35 10.7 06:13 0.0 0.3 0.0 0.6 14.5 17:43 SSW
22 19.6 24.7 17:08 16.0 05:15 0.0 1.2 5.2 1.9 24.1 13:35 S
23 20.2 24.8 16:28 17.4 22:48 0.0 2.0 5.8 4.0 37.0 13:11 SW
24 14.9 17.8 00:24 8.7 23:55 3.4 0.0 0.0 1.5 25.7 13:00 NW
25 13.9 18.9 16:08 7.9 01:12 4.5 0.0 12.4 0.9 16.1 15:20 SE
26 15.1 21.7 14:54 11.4 20:15 3.2 0.0 7.2 1.4 20.9 10:45 WSW
27 13.8 15.7 16:47 11.7 00:23 4.6 0.0 0.4 0.4 11.3 23:03 E
28 15.6 19.5 16:27 12.8 02:21 2.8 0.0 1.0 1.9 24.1 13:50 SSW
29 19.6 26.2 13:36 13.6 06:13 0.0 1.2 16.2 0.5 19.3 22:04 S
30 22.4 29.4 15:07 15.6 06:06 0.0 4.1 0.0 1.4 20.9 00:56 SSW
31 25.5 32.4 14:55 16.9 06:07 0.0 7.2 0.0 1.3 24.1 18:16 WSW
----------------------------------------------------------------------------------
14.8 32.4 31 1.4 5 127.7 18.2 120.0 2.1 37.0 23 ESE
Max >= 27.0 2
Max <= 0.0 0
Min <= 0.0 0
Min <= -18.0 0
Max Rain: 18.4 on day 15
Days of Rain: 18 (>= 0.2 mm) 15 (>= 2.0 mm) 0 (>= 20.0 mm)
Heat Base: 18.3 Cool Base: 18.3 Method: Integration