V/Λ SELECT: Month and Year
OR > Month
Monthly Climatological Summary for Jun 2011
Name: KomokaWeather City: Komoka State: ON Canada
Elevation: 817 ft Lat: N 42° 57' 36" Lon: W 081° 26' 17"
Temperature (°C), Rain (mm), Wind Speed (km/h)
Heat Cool Avg
Mean Deg Deg Wind Dom
Day Temp High Time Low Time Days Days Rain Speed High Time Dir
----------------------------------------------------------------------------------
01 23.4 26.6 16:09 17.7 23:58 0.0 5.2 0.0 5.0 33.8 08:40 W
02 12.9 17.7 00:00 6.7 23:56 5.3 0.0 0.0 2.1 27.4 08:05 NW
03 15.4 24.8 15:07 4.5 05:35 3.0 0.0 0.0 1.0 16.1 16:23 S
04 18.6 25.3 19:19 12.1 00:00 0.0 0.2 0.4 1.1 24.1 11:35 S
05 19.9 26.9 16:06 12.8 05:56 0.0 1.5 0.0 0.8 17.7 12:50 NW
06 20.3 28.9 15:52 10.4 05:51 0.0 1.9 0.0 1.0 19.3 16:39 S
07 23.1 29.4 16:23 17.5 07:00 0.0 4.7 24.0 1.9 43.5 05:16 SW
08 26.7 33.5 16:49 20.0 06:31 0.0 8.4 0.0 2.4 25.7 12:20 WSW
09 20.9 26.9 03:23 11.2 23:53 0.0 2.7 0.0 1.1 38.6 03:34 NW
10 15.4 20.9 15:19 9.4 05:20 3.0 0.0 0.0 0.6 16.1 14:49 ESE
11 17.8 22.0 16:36 13.1 04:03 0.5 0.0 0.0 0.6 25.7 11:42 SW
12 14.4 17.6 15:58 10.3 23:57 3.8 0.0 0.0 1.1 25.7 16:29 NW
13 14.7 19.3 16:45 9.1 05:52 3.6 0.0 0.0 1.8 27.4 12:40 NNW
14 16.9 24.8 16:12 9.4 06:13 1.4 0.0 0.0 1.3 20.9 09:15 ENE
15 17.4 24.3 16:32 8.3 06:08 0.9 0.0 0.0 1.2 20.9 15:00 SSE
16 18.6 21.8 12:45 15.8 23:40 0.0 0.3 2.0 0.4 16.1 13:50 S
17 19.3 25.6 16:49 15.2 23:56 0.0 1.0 0.0 0.5 14.5 15:35 NNW
18 21.1 30.1 15:59 12.7 05:38 0.0 2.7 0.0 0.2 14.5 15:20 NNE
19 21.5 28.0 14:49 16.7 06:08 0.0 3.2 0.0 1.7 17.7 12:23 E
20 21.5 27.4 13:33 14.9 06:09 0.0 3.2 0.0 1.2 19.3 15:13 SSE
21 22.7 27.4 15:18 17.7 05:40 0.0 4.4 0.8 1.3 20.9 22:33 SSE
22 21.4 26.3 16:16 16.6 02:54 0.0 3.0 28.4 2.2 25.7 21:02 SSW
23 20.1 23.1 13:59 17.6 05:56 0.0 1.8 2.0 1.3 24.1 11:53 SW
24 18.2 19.5 17:21 16.8 23:35 0.1 0.0 3.6 0.4 22.5 22:53 W
25 17.0 22.0 16:55 13.8 23:55 1.3 0.0 0.2 1.0 27.4 11:14 NW
26 18.8 26.1 15:29 12.1 05:59 0.0 0.4 0.0 0.5 16.1 13:41 NE
27 19.5 24.5 13:54 12.4 05:48 0.0 1.1 0.0 1.1 20.9 11:42 S
28 21.4 25.6 12:31 16.1 23:39 0.0 3.1 0.0 2.5 33.8 15:37 WNW
29 16.2 21.7 16:47 13.3 08:24 2.1 0.0 0.0 1.5 24.1 12:10 NW
30 18.6 27.3 15:43 10.1 06:18 0.0 0.3 0.0 0.4 14.5 13:27 NW
----------------------------------------------------------------------------------
19.1 33.5 8 4.5 3 25.0 49.1 61.4 1.3 43.5 7 WSW
Max >= 27.0 8
Max <= 0.0 0
Min <= 0.0 0
Min <= -18.0 0
Max Rain: 28.4 on day 22
Days of Rain: 8 (>= 0.2 mm) 5 (>= 2.0 mm) 2 (>= 20.0 mm)
Heat Base: 18.3 Cool Base: 18.3 Method: Integration