V/Λ SELECT: Month and Year
OR > Month
Monthly Climatological Summary for Aug 2011
Name: KomokaWeather City: Komoka State: ON Canada
Elevation: 817 ft Lat: N 42° 57' 36" Lon: W 081° 26' 17"
Temperature (°C), Rain (mm), Wind Speed (km/h)
Heat Cool Avg
Mean Deg Deg Wind Dom
Day Temp High Time Low Time Days Days Rain Speed High Time Dir
----------------------------------------------------------------------------------
01 24.4 30.2 15:13 17.2 23:54 0.0 6.2 0.2 1.0 25.7 16:17 NW
02 21.7 29.0 11:30 14.8 05:13 0.0 3.4 0.8 0.1 9.7 16:24 WSW
03 23.3 28.3 14:44 20.6 00:42 0.0 4.9 2.0 0.6 20.9 14:48 NW
04 23.4 29.3 15:31 17.4 07:10 0.0 5.1 0.0 0.7 14.5 10:03 ENE
05 23.3 31.1 16:20 15.7 05:39 0.0 5.0 0.0 0.6 11.3 12:34 ESE
06 24.3 30.4 15:30 19.9 06:39 0.0 6.0 1.4 0.2 11.3 14:00 SSW
07 23.4 30.1 14:57 19.8 21:39 0.0 5.1 8.0 0.6 22.5 17:34 NW
08 22.7 29.4 14:49 18.7 02:39 0.0 4.4 0.0 0.5 19.3 17:36 N
09 21.5 26.3 16:28 18.8 08:48 0.0 3.2 10.2 0.4 19.3 14:58 WNW
10 19.4 23.8 14:51 14.5 23:59 0.0 1.1 0.4 1.6 30.6 14:48 WNW
11 18.8 25.4 16:45 11.6 05:50 0.0 0.5 0.0 0.8 25.7 14:16 WNW
12 20.6 26.9 17:04 14.7 04:09 0.0 2.3 0.0 0.7 14.5 11:33 WSW
13 20.6 28.2 15:24 14.6 03:16 0.0 2.3 0.0 0.6 16.1 15:45 SSW
14 19.0 23.3 12:49 15.8 23:52 0.0 0.7 2.2 0.2 14.5 15:14 NNW
15 20.4 27.7 14:29 14.9 23:58 0.0 2.1 0.2 1.0 24.1 12:03 N
16 21.0 29.3 14:20 13.5 05:47 0.0 2.6 0.0 0.4 19.3 17:35 N
17 20.3 28.1 13:49 11.6 06:26 0.0 1.9 0.0 1.1 19.3 14:49 SW
18 20.7 28.6 15:17 15.4 06:44 0.0 2.4 4.6 0.7 22.5 16:44 WSW
19 22.4 31.6 16:26 14.6 06:40 0.0 4.2 0.0 0.3 16.1 15:49 NE
20 20.1 29.3 14:16 14.2 06:47 0.0 1.8 14.0 0.8 30.6 18:04 SW
21 18.9 24.9 16:06 13.6 23:16 0.0 0.6 0.4 0.9 32.1 15:51 WNW
22 17.5 23.4 16:14 12.6 23:52 0.8 0.0 0.2 0.9 25.7 10:27 NW
23 18.6 25.8 15:58 10.2 07:03 0.0 0.3 0.0 1.7 29.9 14:12 SW
24 22.7 27.8 15:40 18.3 01:10 0.0 0.5 31.8 5.7 42.8 13:39 WSW
25 19.6 22.3 15:18 16.5 06:37 0.2 1.5 0.2 1.0 32.1 13:50 NW
26 19.5 26.8 16:40 13.3 06:12 1.3 2.5 0.0 0.1 8.5 09:48 NNW
27 19.8 28.9 15:02 12.3 06:37 1.7 3.3 0.0 0.4 29.9 17:59 NW
28 19.2 25.6 14:58 13.1 23:57 1.2 2.1 0.0 1.7 29.9 12:02 NNE
29 18.1 25.8 17:07 11.3 03:03 2.7 2.4 0.0 0.7 27.8 11:30 NW
30 18.6 26.9 15:45 10.8 06:31 2.5 2.8 0.0 0.9 23.5 13:35 WSW
31 19.9 26.9 16:25 15.1 05:13 1.0 2.6 0.0 0.3 12.9 12:58 S
----------------------------------------------------------------------------------
20.8 31.6 19 10.2 23 11.4 83.8 76.6 0.9 42.8 24 W
Max >= 27.0 17
Max <= 0.0 0
Min <= 0.0 0
Min <= -18.0 0
Max Rain: 31.8 on day 24
Days of Rain: 15 (>= 0.2 mm) 7 (>= 2.0 mm) 1 (>= 20.0 mm)
Heat Base: 18.3 Cool Base: 18.3 Method: Integration