V/Λ SELECT: Month and Year
OR > Month
Monthly Climatological Summary for Oct 2011
Name: KomokaWeather City: Komoka State: ON Canada
Elevation: 817 ft Lat: N 42° 57' 36" Lon: W 081° 26' 17"
Temperature (°C), Rain (mm), Wind Speed (km/h)
Heat Cool Avg
Mean Deg Deg Wind Dom
Day Temp High Time Low Time Days Days Rain Speed High Time Dir
----------------------------------------------------------------------------------
01 8.4 14.0 14:54 3.1 23:57 9.9 0.0 0.6 4.4 45.0 08:05 NE
02 5.8 9.8 14:42 2.3 03:33 12.6 0.0 0.4 0.9 32.1 10:03 N
03 10.4 12.8 17:29 4.9 00:04 7.9 0.0 0.6 0.0 12.9 05:23 NNE
04 13.3 21.2 14:20 7.4 23:51 5.4 0.4 1.0 0.8 25.7 13:45 NW
05 13.0 24.4 16:14 4.9 06:42 6.3 1.0 0.8 0.4 15.0 14:20 NW
06 14.1 23.1 15:25 7.8 06:46 5.0 0.8 1.2 0.7 15.0 10:22 S
07 14.3 25.7 14:56 6.8 06:37 5.5 1.6 0.0 0.4 17.2 17:13 S
08 15.4 26.2 14:15 8.1 07:40 4.7 1.8 0.0 0.8 19.3 15:10 SSW
09 16.5 28.2 15:38 8.6 07:38 4.2 2.4 0.0 0.5 21.4 16:24 S
10 15.8 26.4 15:17 9.1 07:20 4.4 1.9 0.0 0.0 8.5 11:15 SSE
11 15.6 25.6 14:24 8.2 06:08 4.5 1.7 6.6 0.2 15.0 13:07 SE
12 14.8 16.4 11:44 13.4 04:10 3.5 0.0 0.0 0.4 19.3 16:22 E
13 15.4 18.4 15:39 13.8 20:08 2.8 0.0 8.4 0.3 15.0 12:46 S
14 13.2 15.2 00:26 8.6 23:24 5.0 0.0 7.6 3.6 34.2 16:42 W
15 9.1 12.2 17:45 7.2 07:42 9.2 0.0 2.2 6.5 49.2 08:22 W
16 10.6 14.7 15:23 8.4 00:00 7.7 0.0 0.4 2.6 25.7 06:19 W
17 10.6 15.2 16:07 7.4 07:50 7.7 0.0 0.0 6.2 49.2 14:47 W
18 8.8 13.4 13:28 2.6 07:44 9.5 0.0 0.8 0.4 12.9 14:04 W
19 9.6 10.9 11:59 7.4 00:00 8.7 0.0 21.4 6.0 55.6 22:05 ENE
20 9.3 10.8 05:15 6.8 23:50 9.0 0.0 12.0 3.9 47.1 00:52 SW
21 7.1 9.2 14:06 6.1 07:17 11.2 0.0 0.6 2.9 29.9 01:04 WNW
22 7.5 12.1 16:14 2.7 23:53 10.8 0.0 0.0 0.7 27.8 14:13 WNW
23 8.4 16.8 13:44 0.8 07:47 9.9 0.0 0.0 1.8 27.8 16:20 SSW
24 11.4 16.1 16:27 6.8 23:58 6.9 0.0 2.6 3.2 32.1 13:17 WNW
25 5.9 9.4 16:54 0.3 08:01 12.4 0.0 2.8 0.5 21.4 20:28 E
26 8.6 12.4 12:23 5.8 23:42 9.7 0.0 3.0 0.6 21.4 13:12 NE
27 4.1 8.4 16:25 -1.9 23:54 14.2 0.0 0.0 1.5 19.3 00:30 NE
28 2.9 10.8 15:18 -3.4 08:17 15.4 0.0 0.6 0.5 25.7 23:15 SW
29 4.0 9.2 15:00 -1.0 06:57 14.3 0.0 0.0 1.1 25.7 13:21 S
30 4.5 11.3 13:41 -1.8 07:45 13.8 0.0 0.0 1.0 25.7 13:15 SW
31 8.1 13.1 13:56 4.2 23:00 10.2 0.0 0.4 0.9 32.1 15:36 SSE
----------------------------------------------------------------------------------
10.2 28.2 9 -3.4 28 262.3 11.6 74.0 1.7 55.6 19 W
Max >= 27.0 1
Max <= 0.0 0
Min <= 0.0 4
Min <= -18.0 0
Max Rain: 21.4 on day 19
Days of Rain: 20 (>= 0.2 mm) 9 (>= 2.0 mm) 1 (>= 20.0 mm)
Heat Base: 18.3 Cool Base: 18.3 Method: Integration