V/Λ SELECT: Month and Year
OR > Month
Monthly Climatological Summary for Dec 2011
Name: KomokaWeather City: Komoka State: ON Canada
Elevation: 817 ft Lat: N 42° 57' 36" Lon: W 081° 26' 17"
Temperature (°C), Rain (mm), Wind Speed (km/h)
Heat Cool Avg
Mean Deg Deg Wind Dom
Day Temp High Time Low Time Days Days Rain Speed High Time Dir
----------------------------------------------------------------------------------
01 1.0 6.7 14:02 -4.1 07:52 17.3 0.0 0.2 1.8 25.7 14:49 WSW
02 0.4 3.4 12:52 -5.1 23:48 17.9 0.0 1.6 1.1 29.9 13:19 NW
03 3.4 7.9 20:34 -5.3 00:59 14.9 0.0 0.2 3.0 32.1 11:59 S
04 8.6 10.1 06:28 7.2 08:31 9.7 0.0 21.0 6.7 36.4 07:31 SSW
05 4.2 9.1 00:00 0.8 21:24 14.1 0.0 10.8 1.7 29.9 13:03 NNE
06 0.7 1.4 14:46 -0.8 21:57 17.6 0.0 4.6 1.3 19.3 00:44 NE
07 -0.3 1.2 11:27 -3.2 19:00 18.6 0.0 0.4 2.0 25.7 12:30 WNW
08 0.2 3.2 14:02 -2.6 07:41 18.1 0.0 0.4 7.4 36.4 11:08 W
09 -1.4 0.6 12:07 -6.1 23:53 19.7 0.0 0.0 2.7 23.5 13:35 W
10 -6.9 -2.8 14:42 -10.6 23:12 25.2 0.0 0.0 2.4 29.9 12:21 W
11 -2.5 2.6 13:52 -10.4 00:00 20.8 0.0 0.4 3.1 32.1 11:18 SW
12 -1.2 5.7 13:43 -7.4 07:57 19.5 0.0 0.6 1.4 25.7 15:01 WSW
13 0.4 6.1 13:50 -5.6 03:19 17.9 0.0 0.0 0.5 12.9 14:09 SW
14 5.1 9.8 23:31 1.6 03:44 13.2 0.0 10.6 3.9 40.7 23:38 S
15 9.9 13.2 14:31 1.8 23:09 8.4 0.0 7.8 13.6 57.9 22:23 W
16 0.7 1.8 00:00 -0.4 22:08 17.6 0.0 0.0 7.1 47.1 00:00 WNW
17 -2.8 -0.3 00:00 -5.4 21:14 21.1 0.0 0.6 2.0 25.7 00:34 N
18 -0.5 2.8 23:52 -3.4 00:00 18.7 0.0 1.0 2.5 27.8 21:39 SW
19 4.5 7.4 13:58 1.4 23:55 13.8 0.0 0.8 6.9 42.8 02:14 W
20 -0.3 1.7 23:57 -3.3 08:11 18.5 0.0 0.0 1.1 23.5 01:39 ENE
21 5.2 11.4 14:42 1.7 00:00 13.1 0.0 4.2 3.8 36.4 15:09 WNW
22 3.9 5.4 12:16 1.6 23:50 14.4 0.0 3.4 1.1 21.4 13:01 WNW
23 -1.7 1.6 00:00 -3.8 23:46 20.0 0.0 0.2 1.9 34.2 06:40 NNE
24 -2.0 1.2 23:15 -7.1 04:28 20.3 0.0 0.0 1.7 25.7 13:02 S
25 2.1 4.7 12:28 0.2 04:29 16.2 0.0 0.2 6.9 36.4 21:02 W
26 2.4 5.8 14:45 -0.6 22:48 15.9 0.0 0.0 4.5 36.4 00:45 WSW
27 1.2 2.7 09:01 -0.1 23:56 17.1 0.0 4.4 1.7 57.9 23:38 WNW
28 -6.0 -0.1 00:00 -13.7 23:57 23.8 0.0 0.0 9.8 53.5 02:46 WNW
29 -3.6 1.8 20:32 -14.3 01:00 21.9 0.0 0.2 0.7 21.4 12:26 SE
30 2.9 5.7 23:49 1.1 01:26 15.4 0.0 14.8 0.8 19.3 19:15 SE
31 3.9 5.9 00:53 2.4 19:35 14.4 0.0 1.8 2.7 29.9 09:38 WNW
----------------------------------------------------------------------------------
1.0 13.2 15 -14.3 29 535.1 0.0 90.2 3.3 57.9 15 W
Max >= 27.0 0
Max <= 0.0 3
Min <= 0.0 21
Min <= -18.0 0
Max Rain: 21.0 on day 4
Days of Rain: 23 (>= 0.2 mm) 9 (>= 2.0 mm) 1 (>= 20.0 mm)
Heat Base: 18.3 Cool Base: 18.3 Method: Integration