V/Λ SELECT: Month and Year
OR > Month
Monthly Climatological Summary for Feb 2012
Name: KomokaWeather City: Komoka State: ON Canada
Elevation: 817 ft Lat: N 42° 57' 36" Lon: W 081° 26' 17"
Temperature (°C), Rain (mm), Wind Speed (km/h)
Heat Cool Avg
Mean Deg Deg Wind Dom
Day Temp High Time Low Time Days Days Rain Speed High Time Dir
----------------------------------------------------------------------------------
01 5.7 9.9 00:24 2.0 23:52 12.6 0.0 0.0 6.0 36.4 12:06 WNW
02 1.1 2.0 00:00 -2.5 23:56 17.2 0.0 0.0 0.8 23.5 15:59 NW
03 0.8 4.4 14:39 -3.9 02:25 17.5 0.0 0.0 0.5 12.9 13:42 WSW
04 -0.7 6.6 13:14 -4.7 22:49 19.0 0.0 0.0 0.7 15.0 14:08 NNE
05 -0.5 3.6 15:28 -4.2 23:45 18.8 0.0 0.0 0.5 12.9 16:40 WSW
06 1.8 8.3 16:03 -4.6 00:48 16.5 0.0 0.2 4.7 36.4 14:20 W
07 -0.2 3.2 14:28 -5.1 23:07 18.5 0.0 0.0 2.3 32.1 11:38 NNE
08 -3.6 1.3 13:28 -8.2 07:41 21.9 0.0 0.0 1.7 21.4 11:58 NW
09 -1.1 4.6 14:11 -5.7 07:20 19.4 0.0 0.0 5.6 34.2 15:17 WSW
10 -1.6 -0.1 12:39 -4.0 05:23 19.9 0.0 0.0 3.4 27.8 12:05 WSW
11 -8.1 -0.8 00:01 -11.0 08:11 26.4 0.0 1.6 4.3 36.4 15:21 N
12 -5.9 -3.3 12:57 -8.7 00:00 24.2 0.0 0.0 8.7 45.0 09:37 WNW
13 -2.7 2.1 14:55 -8.6 04:13 21.0 0.0 1.4 5.9 40.7 11:13 W
14 -0.1 1.3 13:52 -1.6 05:31 18.4 0.0 1.4 1.5 23.5 15:27 SW
15 0.7 2.8 12:53 -2.3 22:12 17.6 0.0 0.6 3.3 32.1 14:14 WSW
16 2.6 4.7 14:30 -0.5 00:00 15.7 0.0 4.8 3.0 27.8 21:40 W
17 1.2 5.2 15:17 -2.8 20:30 17.1 0.0 0.0 4.7 34.2 13:08 WNW
18 -0.3 1.2 10:18 -2.6 23:54 18.6 0.0 1.6 4.7 42.8 12:47 WNW
19 -3.2 -0.3 12:54 -10.1 23:55 21.5 0.0 0.0 1.1 25.7 17:18 NNE
20 -4.0 4.4 14:06 -11.6 02:59 22.1 0.0 0.0 1.4 19.3 13:24 E
21 1.4 4.8 22:12 -3.3 00:00 16.6 0.0 2.0 5.4 38.5 14:50 SSW
22 2.4 4.9 11:39 -0.3 23:53 15.9 0.0 0.2 5.1 36.4 13:34 WSW
23 1.9 6.8 12:55 -0.9 03:10 16.4 0.0 0.6 1.6 25.7 16:03 WSW
24 1.3 4.0 13:12 -0.5 23:53 17.0 0.0 5.0 10.6 57.9 17:46 WNW
25 -1.2 1.5 14:37 -3.9 23:46 19.5 0.0 0.6 11.1 51.3 14:37 WNW
26 -1.0 1.7 13:08 -3.9 00:03 19.3 0.0 0.0 3.4 27.8 13:46 SSW
27 2.5 9.5 12:42 -0.8 02:13 15.8 0.0 0.0 9.4 51.3 13:26 WNW
28 0.2 6.6 13:55 -6.3 07:04 18.1 0.0 0.0 1.6 27.8 00:04 SW
29 1.4 2.3 16:54 0.1 07:16 16.9 0.0 3.0 4.9 45.0 11:28 E
----------------------------------------------------------------------------------
-0.3 9.9 1 -11.6 20 539.4 0.0 23.0 4.1 57.9 24 W
Max >= 27.0 0
Max <= 0.0 4
Min <= 0.0 27
Min <= -18.0 0
Max Rain: 5.0 on day 24
Days of Rain: 13 (>= 0.2 mm) 4 (>= 2.0 mm) 0 (>= 20.0 mm)
Heat Base: 18.3 Cool Base: 18.3 Method: Integration