V/Λ SELECT: Month and Year
OR > Month
Monthly Climatological Summary for Mar 2012
Name: KomokaWeather City: Komoka State: ON Canada
Elevation: 817 ft Lat: N 42° 57' 36" Lon: W 081° 26' 17"
Temperature (°C), Rain (mm), Wind Speed (km/h)
Heat Cool Avg
Mean Deg Deg Wind Dom
Day Temp High Time Low Time Days Days Rain Speed High Time Dir
----------------------------------------------------------------------------------
01 2.3 4.3 10:45 1.1 21:57 16.0 0.0 3.8 4.1 32.1 04:16 W
02 4.7 10.0 23:26 0.5 06:24 13.6 0.0 10.4 5.0 53.5 23:52 SE
03 2.7 9.0 00:00 0.0 23:57 15.6 0.0 0.0 18.4 64.2 00:20 W
04 -3.6 0.0 00:00 -7.6 23:57 22.0 0.0 0.2 6.2 38.6 11:37 NW
05 -6.3 0.0 14:23 -10.5 05:11 24.6 0.0 0.0 2.0 32.1 16:00 NW
06 0.8 7.2 23:35 -8.7 00:38 17.5 0.0 0.0 7.2 57.9 11:48 S
07 11.4 16.9 15:17 2.2 03:17 6.9 0.0 0.0 11.0 64.2 14:58 SW
08 7.8 14.7 01:38 -2.0 23:57 10.5 0.0 6.0 10.1 57.9 06:09 WSW
09 -0.8 2.3 14:20 -3.3 23:34 19.1 0.0 0.2 9.6 51.3 18:03 WNW
10 -0.8 4.6 22:11 -5.8 06:57 19.1 0.0 0.0 6.1 49.2 15:35 SSW
11 9.2 17.9 15:46 3.1 01:50 8.8 0.0 0.0 5.6 40.7 13:59 WSW
12 7.5 13.1 11:28 1.1 05:01 10.8 0.0 8.2 4.3 34.2 22:19 S
13 12.5 18.1 16:47 4.3 23:58 5.8 0.0 9.6 7.1 40.7 16:12 W
14 8.4 18.3 17:03 -1.7 06:24 9.9 0.0 0.0 2.6 29.9 14:13 S
15 13.5 21.5 14:18 6.8 05:26 5.2 0.4 3.6 4.8 49.2 14:37 SW
16 15.6 22.7 15:40 11.0 05:02 3.5 0.8 0.0 1.5 19.3 11:29 WNW
17 14.1 22.8 16:40 9.6 04:38 4.9 0.8 0.2 2.0 25.7 15:46 S
18 15.8 22.3 14:29 9.5 02:12 3.5 1.0 0.0 2.1 29.9 15:51 S
19 15.7 22.6 16:28 9.9 05:48 3.5 0.9 0.2 1.7 23.5 13:39 SSW
20 17.4 25.4 14:27 11.3 05:11 2.7 1.8 0.0 2.2 29.9 12:30 S
21 18.0 26.8 15:25 10.9 02:51 2.8 2.5 0.0 1.8 23.5 14:19 SSE
22 18.4 30.2 16:20 10.0 07:36 2.8 2.9 0.0 1.3 21.4 16:36 SSE
23 16.8 22.9 15:36 11.3 05:15 2.4 1.0 0.0 6.1 38.6 22:23 E
24 10.1 14.9 00:00 7.4 08:57 8.2 0.0 6.0 4.5 36.4 00:22 E
25 10.5 16.5 14:13 4.5 23:57 7.8 0.0 0.4 2.4 32.1 16:05 NW
26 2.3 7.4 15:06 -3.0 23:58 15.8 0.0 0.0 5.0 45.0 00:57 NNE
27 0.9 6.6 23:43 -6.8 06:08 17.4 0.0 0.0 4.0 38.6 15:53 S
28 12.1 19.3 13:18 4.9 23:52 6.3 0.1 0.0 10.2 51.3 15:42 WNW
29 3.5 4.9 00:00 1.7 21:40 14.8 0.0 0.0 2.9 38.6 00:38 NNW
30 1.8 7.4 12:50 -2.3 06:31 16.5 0.0 3.8 4.4 40.7 15:47 E
31 3.6 8.8 13:56 0.5 07:07 14.6 0.0 0.4 2.7 32.1 00:23 NE
----------------------------------------------------------------------------------
7.9 30.2 22 -10.5 5 332.9 12.2 53.0 5.1 64.2 3 WSW
Max >= 27.0 1
Max <= 0.0 2
Min <= 0.0 11
Min <= -18.0 0
Max Rain: 10.4 on day 2
Days of Rain: 14 (>= 0.2 mm) 8 (>= 2.0 mm) 0 (>= 20.0 mm)
Heat Base: 18.3 Cool Base: 18.3 Method: Integration