V/Λ SELECT: Month and Year
OR > Month
Monthly Climatological Summary for Apr 2012
Name: KomokaWeather City: Komoka State: ON Canada
Elevation: 817 ft Lat: N 42° 57' 36" Lon: W 081° 26' 17"
Temperature (°C), Rain (mm), Wind Speed (km/h)
Heat Cool Avg
Mean Deg Deg Wind Dom
Day Temp High Time Low Time Days Days Rain Speed High Time Dir
----------------------------------------------------------------------------------
01 4.3 7.1 14:39 0.4 02:29 14.1 0.0 0.0 2.4 29.9 10:20 WNW
02 7.0 15.0 16:44 0.5 07:08 11.3 0.0 0.0 3.1 27.8 17:27 NE
03 6.7 15.4 17:16 -1.6 04:20 11.6 0.0 0.0 1.8 47.1 13:35 S
04 6.3 12.6 13:10 1.4 07:19 12.0 0.0 0.0 3.3 40.7 14:22 NW
05 3.6 10.4 15:53 -2.0 07:27 14.7 0.0 0.0 3.5 34.2 12:35 NNE
06 4.3 14.0 13:39 -3.2 05:58 14.0 0.0 0.0 2.7 38.6 15:14 NNW
07 6.9 17.1 14:47 -2.8 03:19 11.4 0.0 0.0 2.0 29.9 15:17 NW
08 7.3 15.2 16:48 0.4 03:17 11.0 0.0 0.2 4.2 45.0 13:44 NW
09 7.6 15.8 15:39 1.6 05:38 10.7 0.0 0.0 4.2 36.4 14:40 NW
10 3.8 8.7 15:16 0.6 01:39 14.5 0.0 0.8 4.2 36.4 11:16 NW
11 4.3 9.4 16:52 0.7 23:54 14.0 0.0 1.4 3.2 40.7 14:01 NNW
12 5.6 14.4 15:36 -2.2 06:33 12.7 0.0 0.0 1.5 21.4 13:02 WNW
13 7.6 17.8 16:21 -2.7 07:17 10.6 0.0 0.0 1.9 27.8 18:29 WSW
14 9.3 14.6 15:58 2.0 05:09 9.0 0.0 0.6 3.2 32.1 18:10 SSW
15 16.1 22.2 18:23 11.6 08:42 2.9 0.8 6.6 3.5 25.7 12:47 SW
16 18.1 23.3 14:02 9.2 23:59 1.3 1.1 0.0 13.7 66.4 17:55 WSW
17 6.9 11.4 16:25 1.3 23:58 11.4 0.0 0.0 3.9 34.2 01:16 WNW
18 6.2 14.0 15:50 -2.2 05:49 12.1 0.0 0.0 2.6 25.7 15:59 S
19 13.2 23.7 15:55 5.3 05:18 6.0 0.9 1.0 2.1 25.7 10:28 WNW
20 14.0 22.6 15:22 5.0 23:59 5.2 0.8 2.6 4.7 42.8 15:22 SW
21 5.2 9.0 17:04 2.5 07:04 13.1 0.0 3.0 3.7 29.9 06:59 NE
22 6.7 12.1 16:54 3.8 06:17 11.6 0.0 0.0 5.3 36.4 15:54 NE
23 6.2 9.5 11:46 3.1 05:11 12.1 0.0 0.0 4.9 62.1 14:32 N
24 6.5 11.6 17:00 2.6 08:20 11.8 0.0 1.2 6.8 60.0 12:10 NW
25 8.4 16.7 15:14 -1.7 06:37 9.9 0.0 0.0 2.0 34.2 16:39 WSW
26 7.6 13.5 11:41 3.1 23:04 10.7 0.0 0.0 2.6 45.0 17:03 NW
27 5.1 9.9 14:34 -1.5 23:59 13.2 0.0 0.0 3.7 45.0 12:14 NW
28 3.8 11.1 17:23 -2.9 03:51 14.5 0.0 0.0 0.6 17.2 18:39 ESE
29 7.2 18.2 16:51 -4.5 05:54 11.1 0.0 0.0 1.9 27.8 11:49 N
30 7.2 9.3 14:57 4.4 02:34 11.1 0.0 14.8 1.9 25.7 06:15 ESE
----------------------------------------------------------------------------------
7.4 23.7 19 -4.5 29 329.6 3.6 32.2 3.5 66.4 16 NW
Max >= 27.0 0
Max <= 0.0 0
Min <= 0.0 11
Min <= -18.0 0
Max Rain: 14.8 on day 30
Days of Rain: 10 (>= 0.2 mm) 4 (>= 2.0 mm) 0 (>= 20.0 mm)
Heat Base: 18.3 Cool Base: 18.3 Method: Integration