V/Λ SELECT: Month and Year
OR > Month
Monthly Climatological Summary for May 2012
Name: KomokaWeather City: Komoka State: ON Canada
Elevation: 817 ft Lat: N 42° 57' 36" Lon: W 081° 26' 17"
Temperature (°C), Rain (mm), Wind Speed (km/h)
Heat Cool Avg
Mean Deg Deg Wind Dom
Day Temp High Time Low Time Days Days Rain Speed High Time Dir
----------------------------------------------------------------------------------
01 10.6 13.3 17:48 8.0 00:00 7.6 0.0 0.2 0.7 25.7 10:30 NNW
02 14.9 21.4 17:11 9.2 01:42 3.9 0.5 0.0 2.3 29.9 16:12 SSE
03 19.8 30.7 16:54 11.1 04:15 2.2 3.8 4.6 3.3 40.7 17:54 SW
04 19.0 25.1 15:20 14.8 22:50 0.7 1.4 10.2 1.0 21.4 01:59 NW
05 16.6 22.3 15:55 11.7 07:13 2.4 0.7 0.0 2.2 23.5 08:12 ENE
06 16.1 23.4 15:04 7.4 04:10 3.4 1.2 0.0 1.3 23.5 13:52 ENE
07 14.7 16.7 13:11 13.4 23:19 3.6 0.0 2.0 1.0 21.4 03:44 ESE
08 15.3 19.9 17:22 11.4 07:37 3.1 0.2 8.2 1.8 29.9 12:52 NW
09 11.8 18.6 12:04 6.8 23:57 6.5 0.0 0.2 2.1 38.6 14:13 NW
10 9.9 15.7 15:30 4.2 23:52 8.4 0.0 0.0 3.4 47.1 16:03 NW
11 13.6 23.4 16:54 2.3 06:17 5.9 1.3 0.0 2.2 29.9 15:25 NW
12 16.6 24.1 15:20 8.4 05:07 3.0 1.2 0.2 1.9 25.7 15:45 WNW
13 14.7 22.6 16:27 8.3 23:55 4.3 0.7 1.4 0.6 21.4 04:19 NNW
14 15.1 26.1 16:11 3.1 06:01 5.4 2.3 0.0 0.4 12.9 17:17 N
15 16.1 25.7 14:37 5.1 06:23 4.4 2.2 0.0 2.5 29.9 16:12 SSW
16 12.2 17.1 01:31 5.2 23:57 6.1 0.0 1.8 2.2 40.7 14:42 NW
17 10.4 19.2 15:11 0.2 06:04 7.9 0.0 0.0 0.8 19.3 11:55 NNW
18 14.6 24.7 15:23 3.9 04:19 5.4 1.7 0.0 1.3 23.5 15:24 S
19 18.9 29.2 14:37 7.2 05:42 3.6 4.1 0.0 1.6 21.4 16:11 S
20 20.8 30.8 14:50 9.6 05:56 2.6 5.2 0.0 1.4 27.8 16:41 S
21 19.9 28.6 16:07 12.2 23:53 1.4 3.1 0.0 2.0 27.8 17:58 SSW
22 14.3 20.9 15:10 9.6 23:57 4.3 0.2 2.2 1.2 27.8 16:28 NW
23 16.6 25.3 15:35 6.6 05:23 4.0 2.3 0.0 1.3 21.4 14:54 SSW
24 21.1 27.8 14:03 12.2 03:29 1.7 4.5 0.0 2.5 32.1 16:40 S
25 23.9 31.6 15:37 15.4 23:58 0.1 5.7 0.2 2.6 27.8 09:08 WSW
26 20.9 28.8 15:52 15.2 00:13 0.8 3.5 0.0 0.4 19.3 18:55 NW
27 17.4 21.2 10:45 13.7 01:55 1.4 0.6 13.6 0.8 45.0 12:41 SSE
28 24.9 32.3 14:23 16.8 02:21 0.2 6.8 0.0 2.6 32.1 16:40 SW
29 23.1 27.2 16:39 15.8 23:42 0.2 5.0 0.8 2.6 38.6 15:38 W
30 16.9 22.1 11:12 10.7 06:13 2.2 0.9 0.0 0.9 25.7 12:50 NW
31 13.8 21.3 16:08 6.7 05:53 4.8 0.3 0.0 0.5 19.3 18:37 NNE
----------------------------------------------------------------------------------
16.6 32.3 28 0.2 17 111.5 59.4 45.6 1.7 47.1 10 WSW
Max >= 27.0 9
Max <= 0.0 0
Min <= 0.0 0
Min <= -18.0 0
Max Rain: 13.6 on day 27
Days of Rain: 13 (>= 0.2 mm) 6 (>= 2.0 mm) 0 (>= 20.0 mm)
Heat Base: 18.3 Cool Base: 18.3 Method: Integration