V/Λ SELECT: Month and Year
OR > Month
Monthly Climatological Summary for Jul 2012
Name: KomokaWeather City: Komoka State: ON Canada
Elevation: 817 ft Lat: N 42° 57' 36" Lon: W 081° 26' 17"
Temperature (°C), Rain (mm), Wind Speed (km/h)
Heat Cool Avg
Mean Deg Deg Wind Dom
Day Temp High Time Low Time Days Days Rain Speed High Time Dir
----------------------------------------------------------------------------------
01 23.8 31.0 16:29 15.6 05:24 0.3 5.8 0.0 0.7 23.5 12:53 NNW
02 24.1 32.9 15:14 14.6 05:53 0.6 6.4 0.0 0.4 23.5 17:02 NW
03 21.6 25.8 10:38 17.9 05:15 0.0 3.3 7.2 0.7 25.7 10:27 WSW
04 24.9 33.5 15:26 17.8 04:13 0.0 6.6 7.2 0.7 27.8 08:47 WSW
05 26.0 30.7 16:27 21.6 06:24 0.0 7.7 1.0 0.2 12.9 13:19 W
06 27.7 34.1 16:15 21.1 06:00 0.0 9.4 0.0 0.4 19.3 13:52 NW
07 26.2 33.6 13:52 19.0 23:55 0.0 7.9 0.0 0.5 25.7 15:13 NNW
08 21.9 28.8 13:51 16.0 05:52 0.5 4.1 0.0 0.7 27.8 15:44 NW
09 20.7 27.7 14:07 12.6 06:32 1.5 3.9 0.0 0.3 12.9 13:00 SSW
10 21.0 28.4 14:53 12.9 06:27 1.1 3.8 0.0 0.5 23.5 15:15 NNW
11 21.2 30.3 16:36 12.3 06:15 1.5 4.5 0.0 0.5 15.0 12:47 NNW
12 22.9 33.0 15:57 13.0 05:01 1.6 6.2 0.0 0.6 17.2 17:43 SE
13 24.4 31.5 13:48 16.3 06:34 0.3 6.4 0.0 1.4 29.9 15:41 SSW
14 22.9 28.3 14:35 16.7 06:23 0.1 4.7 0.0 1.2 23.5 12:39 S
15 22.5 28.2 13:22 20.4 23:54 0.0 4.3 12.0 0.7 27.8 11:37 SW
16 24.9 31.7 16:09 18.3 06:24 0.0 6.6 0.0 0.7 23.5 18:16 SW
17 28.6 34.9 15:52 23.2 01:12 0.0 10.2 0.0 1.9 25.7 21:05 W
18 24.3 30.7 16:08 19.5 23:57 0.0 6.0 0.0 0.2 23.5 17:40 NNW
19 19.8 22.2 09:25 18.0 06:16 0.0 1.5 4.6 0.6 23.5 20:28 ENE
20 20.7 27.8 17:01 14.9 23:58 0.5 3.0 3.2 1.5 38.6 15:05 NE
21 20.1 27.7 16:12 10.9 06:06 2.0 3.8 0.0 0.8 21.4 16:25 SW
22 25.0 31.2 16:37 18.7 02:00 0.0 6.6 0.0 1.2 25.7 14:45 WSW
23 27.6 32.8 15:46 21.7 06:26 0.0 9.3 0.0 2.2 36.4 15:10 W
24 22.9 28.1 11:22 15.7 23:57 0.1 4.7 0.0 1.2 32.1 12:15 NW
25 20.4 26.3 16:24 11.4 06:24 1.8 3.9 0.0 2.4 32.1 12:03 SSW
26 22.7 27.9 16:27 20.3 23:36 0.0 4.4 22.4 1.3 34.2 01:58 W
27 21.3 27.7 14:58 17.4 06:18 0.1 3.0 11.7 0.2 19.3 17:33 SSE
28 21.7 28.3 15:58 17.3 05:56 0.1 3.5 3.7 0.9 21.4 17:23 N
29 20.7 29.0 16:12 13.0 06:42 1.4 3.8 0.0 0.2 21.4 16:39 NW
30 21.1 28.3 14:24 12.5 05:55 1.7 4.5 0.0 1.1 25.7 14:46 SSW
31 23.6 30.7 15:22 18.8 04:18 0.0 5.3 0.0 0.7 27.8 14:09 NW
----------------------------------------------------------------------------------
23.1 34.9 17 10.9 21 15.2 165.1 73.0 0.8 38.6 20 W
Max >= 27.0 28
Max <= 0.0 0
Min <= 0.0 0
Min <= -18.0 0
Max Rain: 22.4 on day 26
Days of Rain: 9 (>= 0.2 mm) 8 (>= 2.0 mm) 1 (>= 20.0 mm)
Heat Base: 18.3 Cool Base: 18.3 Method: Integration