V/Λ SELECT: Month and Year
OR > Month
Monthly Climatological Summary for Aug 2012
Name: KomokaWeather City: Komoka State: ON Canada
Elevation: 817 ft Lat: N 42° 57' 36" Lon: W 081° 26' 17"
Temperature (°C), Rain (mm), Wind Speed (km/h)
Heat Cool Avg
Mean Deg Deg Wind Dom
Day Temp High Time Low Time Days Days Rain Speed High Time Dir
----------------------------------------------------------------------------------
01 22.0 29.2 16:28 15.7 06:35 0.5 4.2 0.0 0.4 19.3 11:54 NW
02 22.0 28.7 16:03 14.6 06:01 1.0 4.7 0.0 0.7 21.4 13:05 WSW
03 25.8 32.7 15:16 19.5 07:01 0.0 7.5 0.0 0.7 19.3 14:08 SSW
04 26.4 31.6 16:48 20.6 01:27 0.0 8.1 0.0 1.9 34.2 16:52 SSW
05 24.0 28.3 16:17 16.7 23:55 0.0 5.8 4.2 2.3 29.9 00:02 W
06 19.9 27.6 14:31 12.3 06:21 1.7 3.2 0.0 0.4 21.4 19:28 SW
07 21.2 29.1 15:40 12.2 06:44 1.7 4.6 0.0 0.9 21.4 13:21 WSW
08 22.4 29.4 14:58 16.4 06:21 0.2 4.4 0.0 0.5 25.7 14:08 NW
09 17.7 19.0 10:29 16.9 15:51 0.6 0.1 7.7 0.0 6.4 00:41 E
10 19.3 23.5 14:55 16.4 23:55 0.2 1.3 16.3 0.4 17.2 07:15 WSW
11 18.6 23.3 16:53 15.9 03:24 0.9 1.2 7.9 0.7 25.7 18:22 WNW
12 20.1 26.3 16:42 16.3 03:19 0.6 2.4 0.9 1.1 25.7 12:17 NW
13 19.4 26.1 15:53 14.7 06:47 1.0 2.1 5.7 0.0 8.5 12:39 E
14 18.3 23.4 16:01 14.3 23:58 0.8 0.8 10.8 0.0 12.9 17:34 NNW
15 18.9 26.8 14:52 11.1 06:38 2.3 2.9 0.2 0.6 19.3 13:00 WNW
16 20.7 27.0 13:55 13.2 05:26 1.4 3.8 0.0 2.0 36.4 15:02 SSW
17 19.6 24.3 16:57 12.5 23:59 0.7 2.0 0.9 1.5 25.7 09:45 NW
18 16.6 24.5 16:28 8.3 06:55 3.4 1.7 0.0 0.1 10.6 12:00 SSW
19 17.2 25.7 16:42 10.3 05:14 3.1 2.0 0.0 0.1 12.9 16:06 WSW
20 17.3 24.8 13:30 10.2 23:59 3.0 2.0 0.0 0.4 21.4 13:24 NNW
21 16.3 25.6 14:23 6.9 07:02 4.1 2.1 0.0 0.5 15.0 12:36 SW
22 18.5 26.7 15:33 10.2 06:53 2.6 2.8 0.0 0.7 15.0 15:12 SW
23 20.3 28.7 17:13 12.3 06:40 1.9 3.8 0.0 0.5 15.0 12:07 SW
24 21.2 30.2 15:54 12.4 05:27 1.7 4.6 0.0 0.8 21.4 13:14 SSW
25 22.8 30.6 13:58 16.2 01:40 0.6 5.1 0.0 1.0 23.5 12:23 SSW
26 22.9 28.4 14:46 18.2 00:02 0.0 4.6 0.0 1.4 34.2 13:21 SSW
27 21.9 25.8 16:03 18.3 23:32 0.0 3.6 1.1 0.2 12.9 14:35 SSW
28 20.2 27.1 15:06 13.8 23:59 0.9 2.8 0.2 1.0 23.5 14:33 NW
29 17.5 26.2 14:15 9.3 07:07 3.1 2.3 0.0 0.2 19.3 13:26 NNW
30 18.7 27.9 15:08 9.7 06:47 2.9 3.3 0.0 1.8 27.8 15:51 SW
31 24.1 33.9 16:17 14.8 01:27 0.6 6.4 0.0 2.0 29.9 16:58 W
----------------------------------------------------------------------------------
20.4 33.9 31 6.9 21 41.5 106.2 55.9 0.8 36.4 16 WSW
Max >= 27.0 16
Max <= 0.0 0
Min <= 0.0 0
Min <= -18.0 0
Max Rain: 16.3 on day 10
Days of Rain: 11 (>= 0.2 mm) 6 (>= 2.0 mm) 0 (>= 20.0 mm)
Heat Base: 18.3 Cool Base: 18.3 Method: Integration