V/Λ SELECT: Month and Year
OR > Month
Monthly Climatological Summary for Oct 2012
Name: KomokaWeather City: Komoka State: ON Canada
Elevation: 817 ft Lat: N 42° 57' 36" Lon: W 081° 26' 17"
Temperature (°C), Rain (mm), Wind Speed (km/h)
Heat Cool Avg
Mean Deg Deg Wind Dom
Day Temp High Time Low Time Days Days Rain Speed High Time Dir
----------------------------------------------------------------------------------
01 11.5 21.3 14:04 3.8 07:10 7.2 0.3 0.0 0.2 19.3 11:42 NW
02 15.6 23.3 16:12 8.0 00:00 3.6 0.8 0.4 0.5 21.4 20:14 ENE
03 17.6 22.2 15:27 15.7 23:22 1.3 0.6 0.2 0.5 21.4 20:25 WSW
04 18.1 23.5 13:17 14.6 06:56 1.4 1.3 0.0 2.1 34.2 13:18 W
05 14.6 18.7 01:19 8.3 23:53 3.7 0.0 7.3 1.0 21.4 12:46 W
06 7.8 10.3 15:14 5.2 07:35 10.5 0.0 0.7 1.6 23.5 11:20 WNW
07 6.9 11.8 16:01 2.3 21:31 11.4 0.0 0.0 0.7 23.5 14:39 NW
08 6.2 13.9 14:52 0.7 07:44 12.1 0.0 0.0 1.2 25.7 13:15 SW
09 7.6 14.6 13:17 -0.6 07:24 10.7 0.0 0.0 3.1 38.6 12:02 SSW
10 8.5 11.8 01:36 3.1 23:59 9.8 0.0 3.1 5.1 36.4 16:28 W
11 7.4 14.4 15:05 -0.3 08:00 10.9 0.0 0.0 4.1 45.0 15:11 WSW
12 6.1 12.2 14:48 -1.2 23:59 12.2 0.0 1.8 1.0 23.5 01:13 N
13 5.4 14.3 23:23 -2.3 05:44 12.9 0.0 11.2 1.3 29.9 14:03 SSW
14 17.7 20.7 15:41 14.1 00:14 1.0 0.4 7.3 7.0 49.2 19:01 SW
15 10.4 18.7 00:00 7.9 20:16 7.9 0.0 1.3 6.2 49.2 00:27 W
16 8.5 14.2 16:03 5.7 23:55 9.8 0.0 0.0 1.3 23.5 16:49 WSW
17 13.8 19.9 14:59 5.7 00:00 4.7 0.2 3.7 2.5 34.2 15:53 SSW
18 13.1 16.9 00:00 7.6 23:57 5.2 0.0 3.3 3.1 55.6 10:32 S
19 10.2 14.8 15:58 6.4 00:55 7.9 0.0 3.1 0.8 23.5 12:00 SE
20 8.6 10.8 12:24 6.8 04:27 9.6 0.0 4.2 1.7 25.7 13:16 W
21 9.2 16.0 14:47 4.1 23:55 9.1 0.0 0.2 1.6 23.5 13:30 WNW
22 10.7 20.4 15:13 1.8 06:48 7.8 0.2 0.0 0.8 21.4 12:46 S
23 12.9 15.6 12:39 10.6 23:57 5.4 0.0 7.9 0.1 12.9 13:34 E
24 13.7 20.6 15:17 9.8 03:17 4.9 0.2 1.1 0.8 23.5 15:50 S
25 16.7 24.8 14:11 10.3 04:29 3.2 1.7 0.0 2.9 47.1 13:34 SSW
26 11.0 17.8 05:10 5.9 23:44 7.1 0.0 10.3 1.1 32.1 06:36 NW
27 6.7 9.0 16:40 4.2 23:53 11.6 0.0 8.8 1.9 25.7 19:28 NE
28 4.4 6.9 13:32 2.4 04:04 13.9 0.0 5.3 5.4 40.7 10:42 NE
29 3.6 4.6 14:18 2.7 03:38 14.7 0.0 18.5 5.9 51.3 16:52 NE
30 6.1 9.6 15:19 3.2 00:23 12.2 0.0 5.7 5.4 49.2 04:55 NE
31 6.6 8.8 14:03 4.9 19:22 11.7 0.0 4.4 3.5 40.7 15:13 NW
----------------------------------------------------------------------------------
10.2 24.8 25 -2.3 13 255.4 5.7 109.8 2.4 55.6 18 W
Max >= 27.0 0
Max <= 0.0 0
Min <= 0.0 4
Min <= -18.0 0
Max Rain: 18.5 on day 29
Days of Rain: 22 (>= 0.2 mm) 15 (>= 2.0 mm) 0 (>= 20.0 mm)
Heat Base: 18.3 Cool Base: 18.3 Method: Integration