V/Λ SELECT: Month and Year
OR > Month
Monthly Climatological Summary for Nov 2012
Name: KomokaWeather City: Komoka State: ON Canada
Elevation: 817 ft Lat: N 42° 57' 36" Lon: W 081° 26' 17"
Temperature (°C), Rain (mm), Wind Speed (km/h)
Heat Cool Avg
Mean Deg Deg Wind Dom
Day Temp High Time Low Time Days Days Rain Speed High Time Dir
----------------------------------------------------------------------------------
01 5.0 6.0 12:24 3.9 07:44 13.3 0.0 1.1 7.2 29.9 00:09 WNW
02 2.8 5.2 13:49 1.1 09:55 15.5 0.0 7.0 3.1 36.4 14:58 NW
03 2.0 6.8 14:51 -1.8 23:09 16.2 0.0 1.3 1.2 25.7 10:53 N
04 1.9 5.3 14:50 -1.4 00:00 17.1 0.0 0.0 0.8 21.4 16:02 N
05 1.6 4.0 13:50 -0.8 23:38 16.7 0.0 0.0 2.7 25.7 09:30 NE
06 0.4 5.1 13:19 -3.7 23:35 17.9 0.0 0.0 1.1 21.4 13:03 E
07 1.3 8.7 13:27 -3.7 00:00 17.0 0.0 0.0 3.0 25.7 09:47 ENE
08 -0.2 6.8 14:23 -5.9 06:05 18.4 0.0 0.0 0.9 25.7 12:20 NW
09 2.5 7.8 15:58 -3.2 06:53 15.8 0.0 0.2 0.3 10.6 11:33 WSW
10 8.6 10.9 15:28 5.6 00:00 9.7 0.0 0.0 1.4 25.7 12:20 SE
11 14.1 17.6 15:41 9.8 07:46 4.2 0.0 0.0 4.9 38.6 13:12 S
12 10.2 16.7 08:28 1.9 23:29 8.1 0.0 8.8 8.5 47.1 08:53 SW
13 1.0 2.6 10:58 -0.2 23:29 17.3 0.0 0.0 2.6 27.8 03:55 WNW
14 1.2 6.8 14:04 -3.3 07:36 17.1 0.0 0.0 0.2 12.9 11:51 S
15 2.2 9.4 13:31 -2.8 23:50 16.1 0.0 0.0 0.5 12.9 11:27 NE
16 1.6 11.6 14:24 -4.8 07:03 16.6 0.0 0.0 0.3 12.9 14:13 WSW
17 2.2 11.1 14:06 -3.0 06:20 16.1 0.0 0.2 0.5 19.3 13:24 S
18 3.9 12.4 14:20 -1.9 00:33 14.4 0.0 0.2 1.0 21.4 15:35 ESE
19 4.0 11.4 14:11 -0.8 07:15 14.3 0.0 0.0 0.2 17.2 14:20 S
20 5.0 11.9 15:21 -0.9 04:50 13.2 0.0 0.2 0.4 21.4 12:32 S
21 3.6 11.4 16:00 -1.8 07:15 14.1 0.0 0.0 0.2 10.6 14:27 SSW
22 8.1 15.4 14:01 -0.2 07:33 10.2 0.0 0.7 3.4 34.2 13:34 SSW
23 6.4 11.9 03:57 0.8 19:34 11.9 0.0 2.6 12.5 47.1 23:10 W
24 0.2 1.4 10:40 -0.7 03:58 18.1 0.0 0.2 11.9 45.0 11:28 WNW
25 -0.5 0.9 22:39 -2.2 07:37 18.8 0.0 0.2 4.5 29.9 14:23 W
26 0.0 2.1 11:57 -1.7 03:51 18.3 0.0 0.0 3.4 27.8 11:59 WNW
27 -1.7 3.4 13:32 -6.3 23:52 20.0 0.0 0.0 0.7 19.3 15:08 W
28 -2.1 2.5 14:24 -7.2 01:14 20.4 0.0 0.0 3.4 32.1 12:53 WNW
29 0.4 7.4 14:32 -6.7 03:01 17.9 0.0 0.0 2.3 27.8 11:05 W
30 -0.2 1.3 09:33 -2.3 01:10 18.3 0.0 0.2 4.5 36.4 18:22 E
----------------------------------------------------------------------------------
2.9 17.6 11 -7.2 28 463.0 0.0 22.9 2.9 47.1 12 W
Max >= 27.0 0
Max <= 0.0 0
Min <= 0.0 24
Min <= -18.0 0
Max Rain: 8.8 on day 12
Days of Rain: 13 (>= 0.2 mm) 3 (>= 2.0 mm) 0 (>= 20.0 mm)
Heat Base: 18.3 Cool Base: 18.3 Method: Integration