V/Λ SELECT: Month and Year
OR > Month
Monthly Climatological Summary for Feb 2013
Name: KomokaWeather City: Komoka State: ON Canada
Elevation: 817 ft Lat: N 42° 57' 36" Lon: W 081° 26' 17"
Temperature (°C), Rain (mm), Wind Speed (km/h)
Heat Cool Avg
Mean Deg Deg Wind Dom
Day Temp High Time Low Time Days Days Rain Speed High Time Dir
----------------------------------------------------------------------------------
01 -7.7 -5.4 12:34 -10.1 23:27 26.0 0.0 0.0 9.3 40.7 16:20 W
02 -9.1 -5.8 14:21 -17.2 23:57 27.4 0.0 0.0 3.1 32.1 00:03 WSW
03 -10.4 -5.2 13:40 -18.7 02:00 28.7 0.0 0.4 2.3 21.4 15:10 W
04 -9.3 -5.8 15:38 -14.1 23:59 27.6 0.0 0.0 1.2 19.3 03:54 W
05 -9.2 -3.4 23:44 -18.3 07:44 27.5 0.0 0.0 1.9 23.5 14:38 SW
06 -5.9 -1.6 13:57 -12.8 23:30 24.2 0.0 0.2 3.5 27.8 01:24 WNW
07 -2.9 1.2 14:05 -12.3 00:00 21.2 0.0 0.0 3.5 32.1 17:21 E
08 -4.1 -0.9 00:42 -8.0 19:47 22.4 0.0 0.0 5.1 38.6 11:42 NE
09 -7.4 0.3 16:00 -15.6 23:51 25.5 0.0 3.7 0.8 19.3 02:10 NNE
10 -4.7 3.3 23:40 -16.3 01:20 23.0 0.0 2.0 2.1 32.1 23:50 SE
11 3.0 6.1 09:41 0.9 23:55 15.2 0.0 6.4 9.8 57.9 10:22 WSW
12 -0.2 1.6 13:06 -1.2 09:16 18.5 0.0 0.0 7.0 38.6 03:12 W
13 -1.5 3.0 14:07 -4.8 21:57 19.8 0.0 0.0 0.9 12.9 01:16 W
14 -0.3 2.8 12:24 -5.0 03:32 18.6 0.0 3.1 3.1 27.8 12:44 SSW
15 -2.2 2.2 00:00 -4.9 23:42 20.5 0.0 0.0 7.7 40.7 01:40 WNW
16 -5.5 -1.2 14:49 -11.1 23:08 23.8 0.0 0.4 1.8 25.7 13:40 WNW
17 -9.0 -4.1 12:53 -13.6 06:11 27.3 0.0 0.0 2.4 27.8 16:03 NW
18 -5.6 3.2 23:55 -16.2 03:03 23.9 0.0 0.0 3.9 34.2 09:52 SSE
19 -0.3 5.3 01:51 -6.8 23:53 18.6 0.0 17.4 11.4 53.5 07:12 WSW
20 -7.0 -6.1 20:29 -8.7 06:41 25.3 0.0 0.0 10.3 40.7 00:38 WNW
21 -6.8 -2.5 13:20 -10.2 23:25 25.1 0.0 0.4 3.1 27.8 04:22 NNW
22 -2.9 1.6 22:45 -9.9 00:00 21.0 0.0 0.7 3.9 29.9 08:13 ESE
23 0.4 1.7 12:56 -1.6 23:58 17.9 0.0 2.9 3.1 34.2 09:08 WSW
24 -2.3 1.7 14:06 -6.3 20:58 20.6 0.0 0.4 3.3 27.8 14:02 WNW
25 -2.5 4.8 16:34 -8.8 06:24 20.8 0.0 0.0 0.5 21.4 13:17 SW
26 0.2 5.5 13:48 -5.7 00:24 18.1 0.0 7.3 7.0 40.7 12:32 E
27 1.7 3.4 15:23 0.9 23:17 16.6 0.0 15.4 3.5 32.1 00:40 ESE
28 1.2 4.8 13:26 -1.1 23:48 17.1 0.0 4.4 1.1 29.9 13:07 N
----------------------------------------------------------------------------------
-3.9 6.1 11 -18.7 3 622.2 0.0 65.1 4.2 57.9 11 W
Max >= 27.0 0
Max <= 0.0 11
Min <= 0.0 26
Min <= -18.0 2
Max Rain: 17.4 on day 19
Days of Rain: 15 (>= 0.2 mm) 9 (>= 2.0 mm) 0 (>= 20.0 mm)
Heat Base: 18.3 Cool Base: 18.3 Method: Integration