V/Λ SELECT: Month and Year
OR > Month
Monthly Climatological Summary for Mar 2013
Name: KomokaWeather City: Komoka State: ON Canada
Elevation: 817 ft Lat: N 42° 57' 36" Lon: W 081° 26' 17"
Temperature (°C), Rain (mm), Wind Speed (km/h)
Heat Cool Avg
Mean Deg Deg Wind Dom
Day Temp High Time Low Time Days Days Rain Speed High Time Dir
----------------------------------------------------------------------------------
01 -2.7 -0.6 14:39 -4.6 19:52 21.0 0.0 0.0 3.3 29.9 09:29 NNE
02 -3.8 -1.5 14:21 -5.8 06:03 22.1 0.0 0.0 2.5 32.1 13:35 NNE
03 -3.9 -1.4 12:27 -5.1 20:59 22.2 0.0 0.4 2.8 27.8 17:35 NW
04 -3.6 0.7 15:25 -5.0 05:31 21.9 0.0 0.2 4.6 32.1 09:00 WNW
05 -2.7 3.6 13:10 -10.9 06:52 21.0 0.0 0.0 3.5 32.1 21:25 ENE
06 1.5 5.6 13:34 -1.8 00:00 16.8 0.0 0.0 5.9 38.6 02:00 ENE
07 0.6 2.6 13:53 -1.7 22:26 17.7 0.0 0.0 1.2 27.8 15:55 NW
08 1.4 6.8 15:14 -1.8 02:12 16.9 0.0 0.0 1.6 25.7 00:21 NNW
09 1.2 6.7 15:14 -4.7 06:43 17.1 0.0 0.2 1.4 21.4 20:20 SSE
10 8.9 15.9 15:01 3.7 07:42 9.0 0.0 0.0 2.7 38.6 15:30 SSW
11 8.5 10.5 02:53 5.1 23:54 9.8 0.0 21.6 4.7 38.6 12:01 S
12 2.2 5.1 00:00 0.5 23:59 16.1 0.0 0.4 6.1 38.6 16:43 WSW
13 -1.8 0.6 00:00 -3.3 16:44 20.1 0.0 1.1 6.2 36.4 16:39 WNW
14 -2.2 1.4 16:45 -6.7 23:52 20.5 0.0 0.4 6.9 40.7 02:10 NW
15 -0.6 4.3 16:05 -6.6 00:00 18.9 0.0 0.2 3.8 29.9 15:51 WNW
16 -1.7 1.9 16:38 -4.1 23:58 20.0 0.0 3.1 2.7 29.9 15:18 NE
17 -3.4 1.1 15:15 -7.6 07:41 21.7 0.0 0.0 2.7 23.5 10:58 NE
18 -1.7 2.6 23:30 -6.4 00:10 19.9 0.0 1.8 7.0 45.0 12:00 ESE
19 -1.6 2.4 00:00 -4.5 21:14 19.9 0.0 0.2 9.7 45.0 11:14 W
20 -3.4 -1.0 12:14 -5.6 07:53 21.7 0.0 0.4 6.2 32.1 11:26 WNW
21 -4.5 -0.6 14:43 -8.5 06:54 22.8 0.0 0.0 4.8 38.6 16:21 WNW
22 -2.1 -0.4 14:51 -3.9 05:45 20.4 0.0 0.0 6.0 32.1 08:41 WNW
23 0.1 2.7 13:25 -4.6 23:53 18.2 0.0 0.2 2.0 32.1 11:46 NW
24 -1.3 3.5 13:51 -6.8 05:44 19.6 0.0 0.0 4.3 34.2 15:10 NE
25 2.2 6.8 14:00 -0.6 08:40 16.1 0.0 0.4 7.9 40.7 05:19 ENE
26 2.7 7.7 16:19 0.5 23:58 15.6 0.0 0.0 3.7 36.4 15:09 NW
27 2.2 6.0 15:43 0.3 08:50 16.1 0.0 0.0 4.9 36.4 15:43 WNW
28 2.9 7.9 17:03 0.2 03:50 15.4 0.0 0.4 2.6 25.7 10:25 NW
29 4.1 11.3 14:25 -2.3 07:35 14.2 0.0 0.0 2.3 29.9 15:58 NW
30 3.9 12.2 14:24 -4.7 07:09 14.4 0.0 0.0 2.8 47.1 15:53 SSW
31 6.1 12.1 17:23 -0.7 03:03 12.2 0.0 1.8 2.2 32.1 23:34 W
----------------------------------------------------------------------------------
0.2 15.9 10 -10.9 5 559.3 0.0 32.8 4.2 47.1 30 NW
Max >= 27.0 0
Max <= 0.0 6
Min <= 0.0 25
Min <= -18.0 0
Max Rain: 21.6 on day 11
Days of Rain: 16 (>= 0.2 mm) 2 (>= 2.0 mm) 1 (>= 20.0 mm)
Heat Base: 18.3 Cool Base: 18.3 Method: Integration