V/Λ SELECT: Month and Year
OR > Month
Monthly Climatological Summary for Apr 2013
Name: KomokaWeather City: Komoka State: ON Canada
Elevation: 817 ft Lat: N 42° 57' 36" Lon: W 081° 26' 17"
Temperature (°C), Rain (mm), Wind Speed (km/h)
Heat Cool Avg
Mean Deg Deg Wind Dom
Day Temp High Time Low Time Days Days Rain Speed High Time Dir
----------------------------------------------------------------------------------
01 0.1 6.1 00:00 -3.0 23:36 18.2 0.0 1.3 9.0 47.1 11:57 NW
02 -1.3 3.7 16:42 -6.4 07:22 19.6 0.0 0.0 6.6 38.6 14:34 WNW
03 -1.3 3.0 17:06 -4.9 23:56 19.6 0.0 0.0 4.4 53.5 11:43 NW
04 2.1 9.6 16:59 -5.7 01:09 16.2 0.0 0.0 3.5 34.2 13:27 SSW
05 2.1 6.6 14:04 -4.6 23:51 16.2 0.0 0.0 3.0 38.6 11:25 NW
06 0.4 6.1 19:15 -7.1 05:22 17.9 0.0 0.0 2.8 29.9 11:45 SSE
07 9.7 16.1 11:08 3.1 23:57 8.5 0.0 0.0 9.3 51.3 11:24 W
08 6.1 13.7 12:59 -2.4 05:45 12.2 0.0 9.5 2.9 34.2 11:41 SSE
09 7.3 11.4 13:25 3.3 06:55 11.0 0.0 36.1 3.9 40.7 00:44 NW
10 7.4 9.4 00:00 5.3 23:51 10.9 0.0 29.0 4.1 29.9 17:56 ENE
11 2.5 5.3 00:00 0.9 11:43 15.8 0.0 16.9 9.1 51.3 21:56 E
12 3.3 6.1 15:36 0.9 00:00 15.0 0.0 16.7 7.2 45.0 03:51 WSW
13 4.5 6.0 15:49 2.9 12:36 13.7 0.0 0.2 8.3 36.4 08:07 W
14 4.8 7.9 15:35 1.3 07:28 13.5 0.0 0.0 2.3 32.1 00:17 WSW
15 11.7 19.5 15:07 3.3 06:15 6.8 0.1 0.2 4.7 40.7 14:52 SSE
16 11.4 14.7 17:03 4.4 23:56 6.9 0.0 2.2 4.0 32.1 00:58 SW
17 8.8 16.8 16:10 1.3 07:15 9.5 0.0 4.8 3.2 34.2 19:48 ENE
18 15.1 25.9 16:15 6.4 00:00 4.6 1.4 6.6 8.3 55.6 15:03 SSW
19 10.0 17.6 07:35 3.6 23:54 8.3 0.0 7.9 10.8 53.5 18:46 WSW
20 1.5 3.8 00:50 -0.2 09:15 16.1 0.0 0.7 9.8 45.0 11:03 WNW
21 2.2 9.4 16:39 -5.5 06:56 16.7 0.0 0.2 1.6 25.7 15:57 SSE
22 8.0 15.4 17:49 -0.7 05:36 10.3 0.0 0.0 2.9 27.8 13:00 SSE
23 11.9 18.3 17:22 6.0 04:33 6.4 0.0 0.0 4.3 36.4 13:29 S
24 4.9 11.5 00:00 1.2 16:58 13.4 0.0 11.2 4.7 49.2 16:32 WNW
25 4.6 10.1 13:11 -0.8 06:11 13.7 0.0 3.5 4.3 49.2 13:31 SW
26 5.8 12.7 14:36 -2.6 06:51 12.5 0.0 0.2 2.3 36.4 14:46 SSW
27 10.9 19.8 16:42 0.5 06:10 7.6 0.2 0.0 1.7 23.5 13:18 S
28 11.7 17.6 11:20 6.4 00:37 6.6 0.0 7.0 2.9 36.4 13:12 SSE
29 12.6 16.7 14:57 10.3 23:56 5.7 0.0 0.9 1.1 19.3 02:33 S
30 14.8 19.9 17:30 10.2 00:03 3.6 0.2 0.2 2.5 29.9 16:09 S
----------------------------------------------------------------------------------
6.5 25.9 18 -7.1 6 357.0 1.9 155.3 4.9 55.6 18 WSW
Max >= 27.0 0
Max <= 0.0 0
Min <= 0.0 12
Min <= -18.0 0
Max Rain: 36.1 on day 9
Days of Rain: 20 (>= 0.2 mm) 12 (>= 2.0 mm) 2 (>= 20.0 mm)
Heat Base: 18.3 Cool Base: 18.3 Method: Integration