V/Λ SELECT: Month and Year
OR > Month
Monthly Climatological Summary for May 2013
Name: KomokaWeather City: Komoka State: ON Canada
Elevation: 817 ft Lat: N 42° 57' 36" Lon: W 081° 26' 17"
Temperature (°C), Rain (mm), Wind Speed (km/h)
Heat Cool Avg
Mean Deg Deg Wind Dom
Day Temp High Time Low Time Days Days Rain Speed High Time Dir
----------------------------------------------------------------------------------
01 17.9 24.6 17:38 11.9 06:45 2.1 1.8 0.0 3.1 36.4 09:31 S
02 17.9 23.8 16:54 12.0 06:37 2.0 1.6 0.0 2.4 27.8 09:19 SSE
03 18.1 24.2 17:10 12.2 05:39 2.0 1.8 0.0 3.6 34.2 14:50 SSE
04 16.4 21.3 18:05 11.5 06:10 2.6 0.7 0.0 2.3 29.9 09:01 SSE
05 16.8 24.7 14:43 6.3 06:39 3.3 1.8 0.0 2.4 34.2 15:02 SSE
06 16.2 24.6 15:45 6.3 06:34 3.5 1.5 0.0 1.7 19.3 08:41 SSE
07 17.5 26.4 15:05 7.6 06:16 3.5 2.7 0.0 1.1 27.8 15:34 SE
08 17.5 25.3 15:23 11.3 03:05 2.6 1.8 2.9 0.4 23.5 15:37 SSE
09 18.8 26.8 15:42 11.8 06:48 2.3 2.8 0.2 1.0 27.8 16:22 NW
10 14.2 22.8 15:12 5.3 23:51 4.6 0.5 7.0 3.0 36.4 15:22 W
11 7.4 12.6 16:39 3.9 23:58 10.9 0.0 2.4 4.7 42.8 21:40 WNW
12 4.6 8.6 12:44 2.4 04:42 13.7 0.0 1.3 7.9 49.2 18:51 WNW
13 5.8 12.3 16:43 1.9 06:25 12.5 0.0 0.0 2.5 36.4 14:44 NW
14 6.2 9.2 21:21 1.8 02:37 12.1 0.0 3.1 2.0 27.8 15:47 SSE
15 17.6 25.4 15:52 9.0 00:00 3.1 2.4 0.2 4.9 47.1 14:14 WNW
16 15.7 22.8 16:23 6.3 06:31 3.9 1.3 0.0 1.5 32.1 13:57 NW
17 13.7 21.3 15:16 5.6 06:38 5.0 0.3 0.2 0.8 19.3 09:51 ESE
18 16.3 23.0 16:50 12.2 00:33 2.6 0.6 0.0 1.1 23.5 18:04 E
19 19.7 26.9 16:34 11.7 02:59 1.8 3.3 0.0 2.3 25.7 10:50 S
20 21.9 28.3 14:45 15.9 06:21 0.5 4.1 0.0 2.6 34.2 13:28 S
21 22.6 29.9 14:29 17.7 01:49 0.0 4.3 0.9 1.5 29.9 10:44 SW
22 20.9 27.1 14:14 15.3 06:01 0.5 3.1 0.7 2.7 36.4 13:11 SW
23 12.9 19.2 00:00 4.7 23:38 5.5 0.1 2.2 1.5 32.1 14:17 NNW
24 5.4 9.4 13:45 0.9 23:59 12.9 0.0 0.0 2.3 40.7 14:29 NNW
25 7.6 15.3 12:51 -0.6 04:34 10.7 0.0 0.2 2.0 36.4 13:25 NW
26 10.3 18.4 14:03 2.2 06:27 8.0 0.0 0.0 1.3 32.1 17:08 NW
27 11.8 20.5 15:56 0.8 05:59 6.7 0.3 0.0 1.3 23.5 12:51 S
28 14.5 18.3 16:01 9.9 01:07 3.7 0.0 54.8 0.4 19.3 16:00 SSE
29 21.9 27.5 16:22 16.8 00:00 0.1 3.8 2.4 1.5 27.8 15:40 W
30 23.0 29.8 15:38 15.8 06:20 0.3 5.0 0.0 0.9 32.1 15:30 SSW
31 22.5 28.4 14:11 16.9 06:15 0.1 4.3 0.0 2.3 38.6 17:27 SSW
----------------------------------------------------------------------------------
15.3 29.9 21 -0.6 25 143.1 49.9 78.5 2.2 49.2 12 WSW
Max >= 27.0 6
Max <= 0.0 0
Min <= 0.0 1
Min <= -18.0 0
Max Rain: 54.8 on day 28
Days of Rain: 14 (>= 0.2 mm) 7 (>= 2.0 mm) 1 (>= 20.0 mm)
Heat Base: 18.3 Cool Base: 18.3 Method: Integration