V/Λ SELECT: Month and Year
OR > Month
Monthly Climatological Summary for Jun 2013
Name: KomokaWeather City: Komoka State: ON Canada
Elevation: 817 ft Lat: N 42° 57' 36" Lon: W 081° 26' 17"
Temperature (°C), Rain (mm), Wind Speed (km/h)
Heat Cool Avg
Mean Deg Deg Wind Dom
Day Temp High Time Low Time Days Days Rain Speed High Time Dir
----------------------------------------------------------------------------------
01 21.4 24.3 17:10 18.3 06:00 0.0 3.1 0.0 2.4 36.4 10:12 SSW
02 18.0 22.3 11:40 10.8 23:56 1.3 0.9 8.6 2.5 32.1 13:40 W
03 12.7 17.9 16:38 8.2 04:49 5.6 0.0 0.0 0.8 23.5 15:02 NNW
04 13.5 21.8 15:31 6.1 05:49 5.3 0.4 0.0 0.1 17.2 11:55 NNW
05 16.0 23.6 16:47 9.0 01:14 3.5 1.2 0.0 1.2 23.5 18:03 E
06 13.7 15.6 12:18 11.6 23:59 4.6 0.0 2.4 2.7 27.8 03:05 ENE
07 14.0 17.3 16:08 11.5 00:06 4.3 0.0 0.0 0.1 12.9 06:34 NE
08 15.6 20.0 17:06 11.4 23:55 2.9 0.2 0.0 0.1 12.9 18:20 SSW
09 18.0 25.4 14:29 8.7 05:12 3.0 2.7 0.0 0.9 25.7 12:38 SSE
10 18.1 20.2 14:53 16.1 04:57 0.5 0.3 15.6 0.5 21.4 01:05 E
11 17.5 21.6 16:54 14.8 08:17 1.3 0.5 0.0 1.0 25.7 08:20 NW
12 19.4 24.1 14:02 14.2 06:11 0.7 1.9 0.0 0.6 23.5 13:55 SSW
13 18.2 22.9 14:24 13.4 23:55 1.1 1.0 11.9 1.6 36.4 16:03 NW
14 15.8 21.4 11:11 9.6 23:53 3.1 0.6 0.0 1.3 29.9 16:45 NW
15 17.0 24.9 17:13 6.4 04:52 3.8 2.5 0.0 0.0 19.3 14:52 SW
16 20.0 25.1 17:07 15.5 23:59 0.3 2.0 3.3 0.8 32.1 20:07 NW
17 20.4 27.7 16:02 13.4 05:06 1.2 3.2 1.3 0.5 34.2 12:47 NW
18 18.5 23.9 15:23 13.7 23:59 1.2 1.5 0.9 1.0 23.5 14:01 NE
19 16.5 23.4 15:21 7.8 06:23 3.2 1.4 0.0 0.7 27.8 14:08 SE
20 17.7 27.2 16:21 7.9 05:35 3.3 2.7 0.0 0.4 19.3 17:07 SSW
21 19.7 26.8 15:52 10.5 05:55 2.1 3.5 0.0 1.1 25.7 11:56 S
22 24.4 31.8 16:06 17.1 03:22 0.1 6.2 0.0 0.7 23.5 11:40 WSW
23 26.1 31.7 16:02 21.5 05:23 0.0 7.9 0.0 1.1 27.8 17:19 WSW
24 25.9 30.3 14:40 21.4 06:39 0.0 7.6 0.0 1.3 29.9 14:06 W
25 23.4 26.4 13:22 20.2 23:27 0.0 5.1 0.7 0.6 23.5 10:02 W
26 24.0 29.8 17:00 19.4 06:23 0.0 5.7 0.0 0.2 15.0 12:42 SW
27 22.4 28.3 16:22 19.7 01:12 0.0 4.1 2.9 0.2 19.3 15:46 S
28 19.4 20.9 00:00 17.8 23:54 0.0 1.1 16.5 0.0 12.9 15:45 NNW
29 20.0 25.3 14:52 16.3 23:58 0.4 2.1 0.2 0.6 21.4 17:09 NNW
30 19.8 26.4 16:27 14.6 06:29 1.0 2.5 0.0 1.1 27.8 15:46 NE
----------------------------------------------------------------------------------
18.9 31.8 22 6.1 4 53.8 71.9 64.3 0.9 36.4 1 WNW
Max >= 27.0 7
Max <= 0.0 0
Min <= 0.0 0
Min <= -18.0 0
Max Rain: 16.5 on day 28
Days of Rain: 11 (>= 0.2 mm) 7 (>= 2.0 mm) 0 (>= 20.0 mm)
Heat Base: 18.3 Cool Base: 18.3 Method: Integration