V/Λ SELECT: Month and Year
OR > Month
Monthly Climatological Summary for Jul 2013
Name: KomokaWeather City: Komoka State: ON Canada
Elevation: 817 ft Lat: N 42° 57' 36" Lon: W 081° 26' 17"
Temperature (°C), Rain (mm), Wind Speed (km/h)
Heat Cool Avg
Mean Deg Deg Wind Dom
Day Temp High Time Low Time Days Days Rain Speed High Time Dir
----------------------------------------------------------------------------------
01 18.7 21.6 14:19 16.5 05:18 0.5 0.8 4.2 1.7 23.5 11:17 NE
02 19.0 22.5 18:24 15.6 06:46 0.6 1.3 0.0 0.3 23.5 01:44 E
03 23.1 29.5 15:10 16.3 05:59 0.3 5.1 0.0 1.1 25.7 15:12 SSW
04 23.5 27.2 17:09 20.9 04:05 0.0 5.2 2.2 1.2 25.7 12:52 SSW
05 22.0 25.9 17:02 19.8 23:50 0.0 3.7 13.2 0.1 10.6 10:39 SSW
06 23.1 28.2 16:24 17.7 03:39 0.0 4.8 3.3 0.5 21.4 15:49 SSW
07 23.1 26.4 14:28 21.1 01:10 0.0 4.8 5.1 0.4 21.4 12:05 WSW
08 22.6 28.6 12:33 19.3 06:08 0.0 4.3 21.8 0.5 21.4 14:17 SW
09 23.8 28.2 16:55 20.4 00:37 0.0 5.5 9.9 0.6 21.4 17:40 SSW
10 23.7 30.4 14:53 16.2 23:59 0.1 5.4 15.6 0.5 23.5 16:22 WSW
11 18.6 24.4 16:03 13.6 05:49 1.5 1.9 0.0 0.6 23.5 17:38 NW
12 21.3 28.9 15:42 13.6 05:59 1.3 4.3 0.0 0.3 15.0 12:31 ENE
13 22.3 29.1 16:20 14.9 05:58 0.7 4.7 0.0 0.4 19.3 11:13 SSE
14 24.8 31.5 15:39 17.6 05:47 0.1 6.6 0.0 0.2 15.0 16:50 SSW
15 26.5 34.3 16:00 19.8 05:47 0.0 8.2 0.0 0.1 10.6 18:08 SW
16 27.3 33.4 14:39 21.3 05:41 0.0 8.9 0.0 0.0 10.6 14:53 E
17 28.1 34.2 15:38 22.6 06:35 0.0 9.9 0.0 0.4 25.7 15:13 NW
18 28.3 33.6 15:26 22.6 06:24 0.0 10.0 0.0 0.3 15.0 14:34 W
19 28.2 32.7 15:09 23.5 23:58 0.0 9.9 1.1 2.4 42.8 15:16 W
20 24.3 29.1 16:49 20.9 23:53 0.0 6.0 0.2 0.5 27.8 01:31 W
21 21.3 27.3 12:36 14.9 05:17 0.7 3.7 0.0 0.1 12.9 17:30 NE
22 21.0 26.3 16:11 14.5 03:51 1.0 3.7 0.0 0.1 12.9 10:36 SSE
23 19.6 24.8 15:53 15.7 04:43 0.6 1.9 1.8 0.3 27.8 21:46 W
24 17.6 23.6 15:20 12.4 23:58 1.8 1.1 0.0 1.0 23.5 10:50 NNE
25 18.1 25.7 14:49 9.8 06:16 2.7 2.5 0.0 0.3 21.4 19:06 S
26 19.4 25.9 14:18 11.4 06:21 1.9 3.0 0.0 1.0 25.7 13:52 SSW
27 19.1 20.8 09:45 16.4 23:49 0.1 0.9 1.5 0.6 32.1 14:54 SSW
28 15.4 19.3 16:10 10.4 06:16 3.0 0.0 0.7 0.8 25.7 16:20 SW
29 15.8 19.9 19:06 11.8 01:09 2.8 0.3 0.4 0.3 23.5 12:50 WNW
30 18.8 25.2 16:09 11.3 06:58 1.9 2.4 0.0 0.4 23.5 11:24 NW
31 18.2 24.9 13:04 12.9 04:21 1.7 1.5 9.9 0.2 19.3 13:29 SSW
----------------------------------------------------------------------------------
21.8 34.3 15 9.8 25 23.3 132.3 90.9 0.6 42.8 19 SW
Max >= 27.0 16
Max <= 0.0 0
Min <= 0.0 0
Min <= -18.0 0
Max Rain: 21.8 on day 8
Days of Rain: 15 (>= 0.2 mm) 9 (>= 2.0 mm) 1 (>= 20.0 mm)
Heat Base: 18.3 Cool Base: 18.3 Method: Integration