V/Λ SELECT: Month and Year
OR > Month
Monthly Climatological Summary for Aug 2013
Name: KomokaWeather City: Komoka State: ON Canada
Elevation: 817 ft Lat: N 42° 57' 36" Lon: W 081° 26' 17"
Temperature (°C), Rain (mm), Wind Speed (km/h)
Heat Cool Avg
Mean Deg Deg Wind Dom
Day Temp High Time Low Time Days Days Rain Speed High Time Dir
----------------------------------------------------------------------------------
01 20.5 24.9 16:32 16.1 23:52 0.2 2.4 17.8 0.9 45.0 01:14 WNW
02 18.8 24.9 14:38 13.7 04:36 1.5 2.0 14.5 1.2 29.9 16:13 WSW
03 18.8 24.4 16:47 14.2 06:27 1.4 1.9 0.2 0.6 27.8 15:36 NW
04 17.3 22.7 13:14 10.7 23:59 2.1 1.1 0.0 0.8 32.1 12:18 NW
05 15.8 22.1 11:22 7.7 05:56 3.7 1.2 0.0 0.5 21.4 15:13 SSW
06 19.2 23.6 13:39 14.6 04:22 1.0 2.0 0.0 0.7 23.5 11:39 SSW
07 22.6 27.4 15:10 18.5 05:34 0.0 4.3 3.7 1.2 25.7 10:48 SSW
08 20.7 25.6 13:46 16.8 06:52 0.2 2.6 0.9 0.3 21.4 05:23 NNE
09 20.3 26.4 16:07 15.1 07:11 0.8 2.8 0.0 0.3 27.8 15:08 N
10 17.9 23.3 13:41 11.6 23:52 1.9 1.5 0.0 0.6 23.5 13:02 NW
11 17.2 23.9 15:42 9.4 05:35 3.0 1.9 0.0 0.1 15.0 13:55 SSW
12 18.3 23.3 16:08 12.8 04:48 1.5 1.5 0.0 0.4 21.4 15:25 WSW
13 16.6 19.3 14:13 12.6 23:52 1.7 0.1 0.7 1.2 40.7 15:42 NW
14 15.3 21.4 15:29 10.0 23:56 3.6 0.6 1.1 0.9 29.9 15:52 NNW
15 15.5 23.4 16:23 7.9 04:11 4.0 1.2 0.0 0.5 23.5 13:50 WNW
16 17.8 27.8 15:12 9.2 06:35 3.2 2.6 0.0 0.1 19.3 16:17 SSW
17 18.9 28.0 15:30 10.4 06:41 2.7 3.3 0.0 0.4 19.3 16:55 SSW
18 19.6 28.2 14:16 11.8 06:20 2.2 3.6 0.0 0.0 19.3 17:10 SSW
19 19.9 27.9 15:41 11.4 06:16 2.0 3.6 0.0 0.0 19.3 16:05 SSW
20 21.4 29.3 17:06 13.2 06:39 1.3 4.4 0.0 0.2 15.0 15:00 WSW
21 22.7 30.1 13:58 15.6 06:26 0.6 4.9 0.0 0.9 25.7 19:01 SW
22 22.7 28.1 13:40 18.7 23:55 0.0 4.4 4.0 0.5 27.8 15:10 NW
23 20.8 29.1 15:27 13.4 07:14 1.1 3.6 0.0 0.2 15.0 13:44 NE
24 19.0 26.9 14:13 11.7 06:30 2.1 2.8 0.0 0.5 21.4 15:22 SSW
25 20.4 29.4 16:21 10.7 04:27 2.4 4.4 0.0 1.1 25.7 16:53 SW
26 23.6 27.6 16:24 19.9 23:59 0.0 5.3 0.0 0.3 21.4 12:39 W
27 23.5 30.0 15:10 18.3 03:57 0.0 5.2 1.3 0.1 15.0 14:31 W
28 23.7 28.1 17:09 21.5 23:27 0.0 5.4 14.5 0.7 25.7 13:01 NE
29 24.0 30.9 15:01 17.7 06:53 0.0 5.7 0.0 0.0 12.9 17:02 E
30 23.2 30.2 15:53 16.7 06:43 0.2 5.1 0.0 1.1 27.8 20:36 WSW
31 22.4 26.7 11:48 18.8 21:55 0.0 4.1 0.0 0.1 21.4 16:53 NNW
----------------------------------------------------------------------------------
19.9 30.9 29 7.7 5 44.4 95.5 58.7 0.5 45.0 1 W
Max >= 27.0 15
Max <= 0.0 0
Min <= 0.0 0
Min <= -18.0 0
Max Rain: 17.8 on day 1
Days of Rain: 10 (>= 0.2 mm) 5 (>= 2.0 mm) 0 (>= 20.0 mm)
Heat Base: 18.3 Cool Base: 18.3 Method: Integration