V/Λ SELECT: Month and Year
OR > Month
Monthly Climatological Summary for Oct 2013
Name: KomokaWeather City: Komoka State: ON Canada
Elevation: 817 ft Lat: N 42° 57' 36" Lon: W 081° 26' 17"
Temperature (°C), Rain (mm), Wind Speed (km/h)
Heat Cool Avg
Mean Deg Deg Wind Dom
Day Temp High Time Low Time Days Days Rain Speed High Time Dir
----------------------------------------------------------------------------------
01 17.4 24.9 15:04 10.2 02:08 2.6 1.7 0.0 1.2 42.8 15:49 WSW
02 18.3 24.9 14:54 9.7 23:56 1.7 1.6 0.0 0.4 21.4 09:43 NW
03 15.9 24.4 13:58 8.2 04:28 3.8 1.4 0.0 0.5 25.7 14:45 SSE
04 20.3 25.7 16:17 17.3 00:16 0.2 2.2 5.9 0.0 12.9 13:25 W
05 17.1 18.7 01:26 15.7 22:01 1.2 0.0 7.9 0.2 19.3 22:01 E
06 18.8 22.8 15:50 14.2 23:56 0.8 1.4 21.6 0.6 29.9 14:43 SW
07 12.0 14.4 01:55 9.3 23:57 6.3 0.0 13.6 2.2 29.9 13:01 W
08 11.8 20.9 15:52 5.2 05:45 6.8 0.2 0.0 0.2 15.0 12:11 SW
09 12.2 21.1 16:02 6.0 05:04 6.5 0.5 0.0 0.5 23.5 14:23 SSW
10 12.9 23.9 15:49 5.9 08:09 6.3 0.9 0.0 0.1 15.0 10:58 SSW
11 12.8 24.5 16:08 5.2 05:55 6.4 1.0 0.0 0.1 12.9 14:18 SSE
12 15.5 24.7 15:35 6.9 07:52 4.1 1.4 0.0 0.7 21.4 17:08 S
13 15.8 20.1 15:21 8.9 23:59 2.6 0.1 0.7 0.2 21.4 10:03 NW
14 11.4 19.9 16:06 5.4 04:35 7.0 0.1 0.0 0.2 23.5 10:35 NE
15 12.4 20.0 14:40 4.9 06:53 6.0 0.1 1.3 0.6 23.5 14:34 S
16 16.2 19.8 12:32 11.9 21:10 2.2 0.1 2.6 2.6 36.4 13:59 WSW
17 11.6 15.3 13:12 9.4 22:49 6.7 0.0 7.5 0.2 15.0 00:10 W
18 10.3 16.7 16:19 5.7 06:31 8.0 0.0 0.0 2.2 27.8 02:09 W
19 7.3 8.8 00:13 5.3 23:19 11.0 0.0 7.0 0.4 21.4 12:37 W
20 7.5 13.4 16:23 2.8 06:40 10.8 0.0 0.2 0.8 21.4 15:38 W
21 11.7 14.1 13:51 6.8 23:54 6.6 0.0 2.9 3.0 34.2 01:24 SW
22 5.1 8.2 13:42 0.9 08:13 13.2 0.0 0.2 2.6 32.1 03:53 W
23 4.0 8.3 15:15 1.5 23:57 14.3 0.0 3.1 0.5 25.7 15:30 NW
24 3.3 9.2 16:02 -0.6 07:13 14.9 0.0 9.0 2.7 34.2 14:52 WNW
25 4.0 9.3 13:53 0.3 04:28 14.2 0.0 1.3 1.5 27.8 12:21 WNW
26 5.6 8.1 16:34 3.3 11:58 12.7 0.0 3.3 5.5 57.9 07:43 WSW
27 5.0 8.9 14:35 0.9 06:36 13.3 0.0 0.0 1.6 25.7 11:08 W
28 4.9 9.3 13:29 0.9 08:06 13.4 0.0 0.0 0.7 25.7 11:41 NE
29 5.0 8.9 13:43 0.7 08:47 13.3 0.0 0.0 0.1 10.6 09:30 ENE
30 7.5 16.1 14:36 0.6 06:22 10.8 0.0 0.0 0.4 19.3 14:36 S
31 14.2 16.1 12:14 9.9 00:00 4.1 0.0 31.9 6.1 64.2 23:52 SSW
----------------------------------------------------------------------------------
11.2 25.7 4 -0.6 24 231.8 12.7 120.0 1.3 64.2 31 WSW
Max >= 27.0 0
Max <= 0.0 0
Min <= 0.0 1
Min <= -18.0 0
Max Rain: 31.9 on day 31
Days of Rain: 17 (>= 0.2 mm) 12 (>= 2.0 mm) 2 (>= 20.0 mm)
Heat Base: 18.3 Cool Base: 18.3 Method: Integration