V/Λ SELECT: Month and Year
OR > Month
Monthly Climatological Summary for Dec 2013
Name: KomokaWeather City: Komoka State: ON Canada
Elevation: 817 ft Lat: N 42° 57' 36" Lon: W 081° 26' 17"
Temperature (°C), Rain (mm), Wind Speed (km/h)
Heat Cool Avg
Mean Deg Deg Wind Dom
Day Temp High Time Low Time Days Days Rain Speed High Time Dir
----------------------------------------------------------------------------------
01 1.2 3.9 14:30 -1.6 03:47 17.1 0.0 2.6 0.0 8.5 13:43 NNW
02 1.0 3.2 14:22 -0.4 22:58 17.3 0.0 0.4 0.8 15.0 01:07 NNE
03 -0.9 2.9 14:09 -8.0 07:42 19.1 0.0 0.9 1.1 27.8 18:49 ESE
04 4.2 7.3 11:48 0.8 04:24 14.1 0.0 2.6 1.3 23.5 17:07 ESE
05 7.5 12.3 08:27 0.7 23:56 10.8 0.0 0.0 6.7 40.7 14:42 W
06 -1.7 0.7 00:00 -4.0 23:57 20.0 0.0 0.0 4.6 29.9 00:58 NW
07 -5.4 -3.2 13:16 -8.9 23:31 23.7 0.0 0.0 4.8 32.1 13:12 WNW
08 -5.8 -2.4 13:40 -10.7 03:47 24.1 0.0 0.0 3.8 36.4 20:39 E
09 -1.6 0.8 05:46 -5.3 23:43 19.9 0.0 0.0 8.6 47.1 17:30 W
10 -6.8 -5.3 00:00 -10.3 08:15 25.1 0.0 0.0 8.8 42.8 15:51 W
11 -7.1 -5.1 13:15 -9.6 23:55 25.4 0.0 0.0 7.3 38.6 00:05 WNW
12 -10.6 -7.8 21:24 -14.9 05:01 28.9 0.0 0.0 7.0 38.6 11:35 W
13 -6.2 -4.0 13:06 -8.2 19:14 24.5 0.0 0.0 6.0 29.9 02:46 WNW
14 -8.2 -6.8 17:43 -10.1 06:36 26.5 0.0 0.0 7.5 36.4 10:04 E
15 -7.1 -3.9 13:40 -11.0 23:58 25.4 0.0 0.0 6.5 38.6 16:03 W
16 -10.8 -2.9 12:02 -18.3 22:18 29.0 0.0 1.3 2.4 21.4 00:26 W
17 -6.3 -3.5 15:23 -15.4 00:00 24.6 0.0 0.0 2.7 25.7 13:56 WSW
18 -3.3 -1.1 12:14 -5.1 03:27 21.6 0.0 0.0 4.1 34.2 20:55 WSW
19 0.6 3.4 12:36 -3.9 00:02 17.7 0.0 4.4 2.8 25.7 03:10 W
20 2.5 4.3 12:32 0.8 00:00 15.8 0.0 9.9 0.0 12.9 08:31 SSW
21 1.8 4.4 03:44 0.7 23:25 16.2 0.0 14.3 1.5 25.7 20:54 NE
22 1.8 4.5 11:42 0.1 06:29 16.5 0.0 11.0 6.1 49.2 13:58 W
23 -1.7 1.5 02:19 -5.1 19:11 20.0 0.0 0.0 4.1 36.4 12:45 WNW
24 -7.8 -3.8 00:00 -15.1 23:58 26.1 0.0 0.0 3.2 32.1 09:30 WNW
25 -9.8 -4.2 23:17 -20.7 03:53 28.1 0.0 0.0 1.7 25.7 11:43 SSW
26 -4.4 -1.9 11:33 -10.3 21:20 22.7 0.0 0.0 3.9 36.4 14:26 W
27 -1.7 1.9 23:40 -7.1 00:00 20.0 0.0 1.5 2.4 27.8 22:14 W
28 3.5 5.9 14:37 1.8 00:00 14.8 0.0 2.9 4.6 36.4 00:58 WSW
29 1.7 4.8 14:45 -4.9 23:57 16.6 0.0 0.0 4.1 34.2 16:43 W
30 -8.2 -4.9 00:00 -9.9 06:32 26.5 0.0 0.0 6.5 42.8 05:52 WNW
31 -8.3 -6.9 05:46 -9.4 10:12 26.6 0.0 0.0 6.3 47.1 10:30 WNW
----------------------------------------------------------------------------------
-3.2 12.3 5 -20.7 25 664.7 0.0 51.8 4.2 49.2 22 W
Max >= 27.0 0
Max <= 0.0 16
Min <= 0.0 25
Min <= -18.0 2
Max Rain: 14.3 on day 21
Days of Rain: 11 (>= 0.2 mm) 7 (>= 2.0 mm) 0 (>= 20.0 mm)
Heat Base: 18.3 Cool Base: 18.3 Method: Integration