V/Λ SELECT: Month and Year
OR > Month
Monthly Climatological Summary for Mar 2014
Name: KomokaWeather City: Komoka State: ON Canada
Elevation: 817 ft Lat: N 42° 57' 36" Lon: W 081° 26' 17"
Temperature (°C), Rain (mm), Wind Speed (km/h)
Heat Cool Avg
Mean Deg Deg Wind Dom
Day Temp High Time Low Time Days Days Rain Speed High Time Dir
----------------------------------------------------------------------------------
01 -7.2 -2.6 10:23 -11.6 00:31 25.5 0.0 0.0 1.9 23.5 22:12 NW
02 -12.8 -7.2 13:03 -20.9 23:52 31.1 0.0 3.1 2.3 25.7 00:46 NNE
03 -16.6 -9.7 14:29 -23.1 23:39 34.7 0.0 0.0 1.8 27.8 10:21 NNE
04 -12.5 -6.8 16:31 -23.3 00:48 30.8 0.0 0.0 1.0 19.3 11:39 SW
05 -8.8 -2.1 12:48 -15.9 22:46 27.1 0.0 0.4 2.5 27.8 16:42 NE
06 -8.3 -2.0 15:28 -15.6 05:20 26.6 0.0 0.0 4.6 34.2 08:28 E
07 -1.8 5.8 14:49 -9.8 07:09 20.1 0.0 0.0 1.5 25.7 11:30 S
08 -2.1 1.5 03:57 -8.9 23:25 20.4 0.0 0.0 2.3 29.9 11:42 NNW
09 -4.4 1.2 23:57 -10.3 01:39 21.8 0.0 0.0 4.6 40.7 22:25 WSW
10 4.0 7.3 15:33 1.2 00:00 14.3 0.0 0.0 6.4 34.2 00:26 WSW
11 5.2 11.0 12:40 1.1 07:23 13.1 0.0 0.0 0.9 19.3 00:02 W
12 -4.0 1.9 00:00 -14.6 23:56 22.3 0.0 0.0 5.9 42.8 14:48 NE
13 -11.2 -5.7 23:57 -18.9 07:53 29.5 0.0 2.4 3.2 25.7 17:31 W
14 2.7 9.3 18:07 -5.7 00:00 15.6 0.0 4.4 9.2 49.2 12:57 SW
15 0.4 5.3 00:38 -7.2 23:49 18.0 0.0 0.4 7.4 45.0 01:46 WNW
16 -8.8 -5.1 15:17 -12.9 23:52 26.8 0.0 0.0 5.3 36.4 10:36 NE
17 -8.1 0.7 16:16 -16.3 06:42 26.4 0.0 0.0 3.7 25.7 13:02 E
18 0.2 6.9 15:54 -6.4 00:11 18.1 0.0 0.0 3.7 32.1 22:43 ESE
19 4.3 7.1 16:55 1.1 02:47 14.0 0.0 2.2 6.6 40.7 22:49 SSW
20 1.6 3.2 14:45 0.2 23:06 16.7 0.0 0.0 11.9 45.0 00:46 WNW
21 0.1 5.7 14:47 -6.4 07:49 18.2 0.0 0.0 1.9 23.5 17:09 SSE
22 0.5 2.5 15:20 -4.3 23:58 17.8 0.0 2.9 6.7 53.5 07:15 NW
23 -6.5 -3.1 12:33 -10.0 23:58 24.8 0.0 0.0 3.1 34.2 17:06 NNW
24 -6.6 -1.3 16:20 -11.8 03:30 24.9 0.0 0.0 2.4 23.5 14:00 W
25 -5.0 0.4 16:50 -11.7 04:57 23.3 0.0 0.4 3.6 42.8 20:37 WNW
26 -8.0 -2.9 15:34 -13.5 05:05 26.3 0.0 0.0 3.0 34.2 11:05 WNW
27 -1.0 3.6 19:19 -8.4 00:02 19.3 0.0 3.6 4.9 42.8 12:31 S
28 4.5 9.4 11:50 0.2 21:43 13.8 0.0 2.2 6.6 47.1 14:50 WSW
29 1.4 2.7 13:27 0.3 07:07 16.9 0.0 0.2 4.3 38.6 16:55 NE
30 1.1 6.8 15:11 -2.8 07:32 17.2 0.0 0.0 3.0 34.2 10:12 N
31 3.6 11.1 14:20 -4.7 06:51 14.7 0.0 0.0 1.3 23.5 15:18 SSE
----------------------------------------------------------------------------------
-3.4 11.1 31 -23.3 4 670.1 0.0 22.2 4.1 53.5 22 WNW
Max >= 27.0 0
Max <= 0.0 11
Min <= 0.0 25
Min <= -18.0 4
Max Rain: 4.4 on day 14
Days of Rain: 11 (>= 0.2 mm) 7 (>= 2.0 mm) 0 (>= 20.0 mm)
Heat Base: 18.3 Cool Base: 18.3 Method: Integration