V/Λ SELECT: Month and Year
OR > Month
Monthly Climatological Summary for Apr 2014
Name: KomokaWeather City: Komoka State: ON Canada
Elevation: 817 ft Lat: N 42° 57' 36" Lon: W 081° 26' 17"
Temperature (°C), Rain (mm), Wind Speed (km/h)
Heat Cool Avg
Mean Deg Deg Wind Dom
Day Temp High Time Low Time Days Days Rain Speed High Time Dir
----------------------------------------------------------------------------------
01 7.8 16.6 15:54 1.8 23:29 10.5 0.0 0.0 6.8 55.6 16:08 SW
02 3.1 10.3 16:03 -2.4 23:57 15.2 0.0 0.0 3.7 27.8 00:08 WNW
03 1.6 5.0 18:13 -2.9 01:46 16.6 0.0 0.0 5.5 38.6 23:18 E
04 4.7 10.1 16:26 1.8 07:00 13.6 0.0 7.4 8.8 51.3 21:19 SSW
05 1.9 6.9 17:09 -3.2 23:56 16.4 0.0 0.0 10.7 47.1 05:01 WNW
06 3.3 12.9 14:47 -5.6 07:06 15.0 0.0 0.0 1.5 27.8 15:47 SSW
07 5.3 12.9 14:50 -1.6 03:26 12.9 0.0 7.6 3.1 36.4 16:20 E
08 6.9 14.9 16:20 1.9 06:37 11.4 0.0 1.8 4.9 36.4 14:45 NW
09 6.3 12.5 15:32 0.6 07:00 12.0 0.0 0.0 2.6 27.8 13:12 NNW
10 10.3 18.6 15:07 1.7 02:55 8.0 0.0 0.4 8.0 62.1 14:54 SW
11 9.3 18.6 14:28 0.2 06:48 9.0 0.0 0.0 1.7 32.1 14:44 SSE
12 10.0 18.1 12:51 0.5 04:54 8.3 0.0 7.0 2.6 27.8 12:48 SE
13 15.1 23.2 16:31 7.6 00:00 4.4 1.2 0.0 5.5 45.0 16:32 SW
14 13.1 19.2 08:22 2.4 23:56 5.3 0.0 1.2 7.8 55.6 12:01 SW
15 -1.4 2.4 00:00 -5.7 23:58 19.7 0.0 2.4 5.6 40.7 14:02 NW
16 -2.0 5.1 15:14 -9.8 06:22 20.3 0.0 2.4 2.3 32.1 17:46 SSW
17 6.7 14.2 17:28 -1.1 00:17 11.5 0.0 0.0 5.8 40.7 16:39 SE
18 8.9 13.6 12:05 2.6 23:59 9.4 0.0 0.0 1.4 27.8 17:56 NNW
19 6.4 15.6 16:48 -1.1 04:40 11.8 0.0 0.0 3.2 27.8 11:10 ENE
20 11.0 20.3 16:47 1.1 02:26 7.6 0.3 0.0 2.8 32.1 10:48 S
21 15.4 24.7 14:55 4.4 04:41 4.6 1.8 0.0 2.5 34.2 15:29 SW
22 8.2 16.8 00:00 3.2 23:54 10.1 0.0 4.0 6.4 45.0 17:56 NW
23 4.3 8.8 15:09 -1.3 23:09 14.0 0.0 0.2 5.9 47.1 00:54 NW
24 5.8 15.5 14:44 -4.1 04:21 12.5 0.0 0.0 1.9 23.5 16:49 SE
25 8.2 12.6 12:39 5.2 23:55 10.1 0.0 6.4 4.5 38.6 03:03 E
26 4.9 8.2 09:52 1.3 23:58 13.4 0.0 0.0 4.3 47.1 10:34 NW
27 6.4 14.9 16:35 -1.3 06:14 11.6 0.0 0.0 2.7 25.7 12:30 ENE
28 9.2 14.6 15:48 3.5 00:54 9.1 0.0 0.0 9.2 45.0 10:00 E
29 10.8 15.4 18:23 8.7 07:03 7.5 0.0 21.6 7.8 40.7 03:56 SE
30 10.0 11.3 12:10 8.4 04:24 8.3 0.0 12.6 3.3 29.9 09:11 SE
----------------------------------------------------------------------------------
7.1 24.7 21 -9.8 16 340.1 3.3 75.0 4.8 62.1 10 SW
Max >= 27.0 0
Max <= 0.0 0
Min <= 0.0 12
Min <= -18.0 0
Max Rain: 21.6 on day 29
Days of Rain: 13 (>= 0.2 mm) 9 (>= 2.0 mm) 1 (>= 20.0 mm)
Heat Base: 18.3 Cool Base: 18.3 Method: Integration