V/Λ SELECT: Month and Year
OR > Month
Monthly Climatological Summary for Jun 2014
Name: KomokaWeather City: Komoka State: ON Canada
Elevation: 817 ft Lat: N 42° 57' 36" Lon: W 081° 26' 17"
Temperature (°C), Rain (mm), Wind Speed (km/h)
Heat Cool Avg
Mean Deg Deg Wind Dom
Day Temp High Time Low Time Days Days Rain Speed High Time Dir
----------------------------------------------------------------------------------
01 20.5 27.4 16:20 12.4 06:23 1.4 3.6 0.0 1.4 27.8 12:54 SSW
02 22.1 28.1 13:08 16.3 02:58 0.4 4.1 11.6 2.9 45.0 17:31 SSW
03 21.6 27.3 14:52 13.2 23:54 0.4 3.7 1.4 3.7 42.8 13:33 W
04 16.1 20.9 18:06 10.6 05:13 2.8 0.7 0.0 0.0 8.5 09:04 N
05 14.3 19.4 16:12 8.7 05:25 4.1 0.1 0.0 2.0 40.7 13:49 NW
06 16.5 26.2 16:37 7.8 05:55 3.7 1.9 0.0 0.1 19.3 16:54 SW
07 18.2 27.6 13:52 8.0 06:01 3.3 3.3 0.0 0.2 25.7 17:39 SSW
08 16.1 21.7 17:18 11.0 23:57 2.8 0.6 1.8 0.1 19.3 17:12 NNE
09 18.8 27.6 14:32 9.3 05:28 2.9 3.4 0.0 0.3 23.5 17:26 E
10 20.9 28.6 13:35 12.9 04:28 1.5 4.1 0.0 0.6 23.5 20:02 E
11 20.7 25.6 17:49 17.6 05:54 0.1 2.4 8.4 1.2 29.9 17:36 SSW
12 21.3 26.2 15:12 18.6 04:48 0.0 3.0 2.0 1.0 25.7 13:33 SSW
13 17.3 21.8 12:41 12.4 23:16 1.5 0.5 3.4 1.3 34.2 12:14 NW
14 14.0 19.4 16:54 9.3 23:57 4.4 0.1 0.0 0.5 25.7 11:35 NW
15 16.4 24.1 15:12 6.5 04:49 3.9 2.0 0.0 0.8 21.4 12:09 S
16 24.0 31.9 15:37 16.6 00:00 0.3 6.0 0.0 0.6 25.7 14:08 WNW
17 24.1 31.6 16:56 16.1 05:55 0.3 6.1 0.8 4.9 57.9 18:08 W
18 19.9 26.8 15:38 14.9 05:49 0.7 2.3 6.8 0.1 23.5 12:32 SW
19 21.6 27.7 15:48 15.6 23:59 0.2 3.4 0.2 0.8 23.5 09:24 ENE
20 18.4 25.0 13:21 11.1 06:08 2.0 2.1 0.0 0.3 19.3 15:56 SE
21 21.2 28.1 16:25 15.4 00:36 0.7 3.5 0.0 0.2 15.0 09:43 E
22 20.4 27.8 15:58 11.5 05:44 1.8 3.9 0.0 0.6 21.4 13:28 SSW
23 21.1 27.4 12:21 14.3 01:46 0.7 3.6 4.8 0.4 25.7 12:38 S
24 22.2 26.3 14:09 19.7 23:50 0.0 3.9 14.6 0.6 27.8 14:15 WSW
25 19.7 24.7 14:47 15.6 23:10 0.3 1.7 0.2 0.3 36.4 18:38 NW
26 20.8 27.4 15:51 15.8 00:00 0.7 3.2 0.0 0.4 27.8 14:43 NW
27 21.4 27.3 15:22 13.7 05:19 1.1 4.2 0.0 0.8 23.5 14:48 SSW
28 23.7 31.3 16:07 15.8 05:27 0.6 6.0 0.0 0.6 25.7 12:45 SSW
29 24.1 28.9 15:15 20.1 01:00 0.0 5.8 4.8 1.6 36.4 14:30 SSW
30 25.0 28.9 14:57 20.3 05:19 0.0 6.7 0.0 2.2 38.6 15:19 SSW
----------------------------------------------------------------------------------
20.1 31.9 16 6.5 15 42.6 95.9 60.8 1.0 57.9 17 WSW
Max >= 27.0 17
Max <= 0.0 0
Min <= 0.0 0
Min <= -18.0 0
Max Rain: 14.6 on day 24
Days of Rain: 13 (>= 0.2 mm) 8 (>= 2.0 mm) 0 (>= 20.0 mm)
Heat Base: 18.3 Cool Base: 18.3 Method: Integration