V/Λ SELECT: Month and Year
OR > Month
Monthly Climatological Summary for Aug 2014
Name: KomokaWeather City: Komoka State: ON Canada
Elevation: 817 ft Lat: N 42° 57' 36" Lon: W 081° 26' 17"
Temperature (°C), Rain (mm), Wind Speed (km/h)
Heat Cool Avg
Mean Deg Deg Wind Dom
Day Temp High Time Low Time Days Days Rain Speed High Time Dir
----------------------------------------------------------------------------------
01 20.1 27.0 15:28 12.9 06:15 1.4 3.2 0.2 0.4 21.4 15:49 SSW
02 19.6 26.8 12:52 15.1 04:22 0.9 2.2 0.0 0.0 21.4 15:43 SE
03 21.1 29.1 17:03 15.0 05:07 1.0 3.8 0.0 0.0 10.6 16:26 N
04 20.5 27.9 15:17 14.4 05:53 1.0 3.3 3.6 0.1 15.0 14:46 SW
05 19.7 26.7 17:03 15.7 23:59 0.4 1.8 16.6 0.1 23.5 10:22 NE
06 19.0 26.2 13:50 13.0 04:37 1.9 2.7 0.0 0.2 23.5 17:20 NNE
07 19.2 27.3 17:13 11.1 06:55 2.1 3.0 0.0 0.1 15.0 11:58 ENE
08 18.4 26.5 14:34 10.3 06:35 2.5 2.6 0.0 0.0 12.9 15:07 E
09 19.6 28.6 16:08 11.9 05:11 2.2 3.5 17.4 0.3 19.3 14:52 ENE
10 21.4 29.5 16:09 13.4 01:36 1.4 4.6 0.0 0.3 19.3 13:49 ESE
11 20.5 25.3 10:46 17.1 06:09 0.2 2.4 13.6 1.4 29.9 14:16 SSE
12 20.4 25.4 17:12 17.5 23:56 0.0 2.1 3.0 1.2 32.1 00:05 SSW
13 17.4 21.7 15:56 14.5 23:42 1.5 0.6 0.0 1.2 38.6 16:02 NW
14 15.0 18.9 17:40 10.7 23:59 3.3 0.0 0.6 1.4 49.2 14:21 NW
15 15.0 21.6 15:20 8.6 03:08 4.1 0.8 0.0 0.7 25.7 16:21 WNW
16 15.7 20.6 15:30 9.0 06:01 3.2 0.5 3.6 0.4 23.5 14:31 W
17 18.9 25.9 16:48 13.8 07:25 1.7 2.2 0.2 0.0 21.4 16:58 NW
18 18.5 24.7 14:46 11.9 06:26 2.0 2.2 0.0 0.1 15.0 11:12 S
19 18.7 25.5 14:32 11.6 06:00 1.9 2.3 2.2 0.5 25.7 14:38 SSW
20 21.0 25.2 12:29 17.9 00:43 0.0 2.7 18.8 0.2 38.6 20:39 SW
21 21.0 26.6 16:48 16.4 06:12 0.2 3.0 0.2 0.1 15.0 16:50 W
22 22.5 29.2 15:59 17.8 07:08 0.0 4.2 0.0 0.0 15.0 14:19 WNW
23 20.9 26.9 16:54 17.0 06:55 0.3 2.9 0.0 0.3 19.3 11:22 E
24 21.1 25.4 17:28 17.8 01:16 0.0 2.8 0.0 0.5 21.4 11:31 ESE
25 21.7 27.4 16:06 17.4 07:20 0.1 3.6 0.0 0.7 27.8 12:21 S
26 24.0 30.8 14:54 19.1 00:00 0.0 5.7 0.0 0.6 23.5 19:22 SW
27 19.8 23.9 14:51 12.6 23:57 0.7 2.2 0.0 0.3 29.9 14:20 NW
28 15.9 24.1 15:36 8.3 06:42 3.9 1.4 0.0 0.1 21.4 11:25 NNE
29 17.0 23.6 14:39 9.7 06:46 2.9 1.7 0.0 0.7 23.5 12:46 SSW
30 23.6 29.3 14:12 17.2 00:00 0.1 5.3 0.0 2.0 38.6 18:20 SSW
31 24.5 28.5 14:56 20.6 23:53 0.0 6.1 0.0 0.3 21.4 01:27 WSW
----------------------------------------------------------------------------------
19.7 30.8 26 8.3 28 40.9 85.4 80.0 0.5 49.2 14 SW
Max >= 27.0 11
Max <= 0.0 0
Min <= 0.0 0
Min <= -18.0 0
Max Rain: 18.8 on day 20
Days of Rain: 12 (>= 0.2 mm) 8 (>= 2.0 mm) 0 (>= 20.0 mm)
Heat Base: 18.3 Cool Base: 18.3 Method: Integration