V/Λ SELECT: Month and Year
OR > Month
Monthly Climatological Summary for Sep 2014
Name: KomokaWeather City: Komoka State: ON Canada
Elevation: 817 ft Lat: N 42° 57' 36" Lon: W 081° 26' 17"
Temperature (°C), Rain (mm), Wind Speed (km/h)
Heat Cool Avg
Mean Deg Deg Wind Dom
Day Temp High Time Low Time Days Days Rain Speed High Time Dir
----------------------------------------------------------------------------------
01 23.0 26.7 15:16 19.8 01:24 0.0 4.7 8.4 1.7 34.2 14:25 SSW
02 20.4 22.8 17:48 14.9 23:55 0.3 2.3 3.0 0.0 12.9 09:04 SW
03 19.6 27.9 16:19 12.2 07:11 1.9 3.2 0.4 0.1 19.3 18:12 SSW
04 21.9 28.4 14:27 15.1 07:15 0.8 4.4 0.0 1.3 32.1 16:33 SSW
05 23.9 30.1 16:00 19.7 20:30 0.0 5.6 59.4 1.4 34.2 18:50 SSW
06 17.5 20.7 01:39 11.0 23:57 1.5 0.7 3.4 0.5 29.9 13:18 NW
07 16.0 24.3 14:58 9.4 05:40 3.9 1.5 0.0 0.0 15.0 11:15 NNW
08 17.2 24.9 14:38 9.2 06:56 3.3 2.1 0.0 0.6 23.5 15:46 SSE
09 19.7 23.8 16:40 16.2 02:40 0.4 1.8 0.0 0.2 19.3 09:59 SSE
10 20.2 22.9 19:19 15.1 04:01 0.6 2.5 32.0 1.9 57.9 18:17 SSW
11 14.5 23.3 02:17 10.8 22:50 4.5 0.7 1.8 2.3 36.4 05:21 WNW
12 12.0 15.9 15:02 7.3 07:06 6.3 0.0 0.0 0.0 19.3 11:12 ENE
13 11.6 15.4 14:10 9.7 08:27 6.7 0.0 6.6 1.5 47.1 13:57 WNW
14 11.4 16.6 12:54 4.8 07:28 6.9 0.0 0.0 0.2 19.3 12:44 SSW
15 12.3 17.2 11:00 6.3 07:31 6.0 0.0 2.0 0.1 19.3 10:54 WSW
16 13.7 19.3 15:59 8.6 23:56 4.6 0.0 0.2 0.2 19.3 16:03 W
17 12.0 19.8 16:13 5.4 07:08 6.4 0.1 0.0 0.4 23.5 10:46 WSW
18 11.2 18.9 14:13 5.7 05:01 7.1 0.0 0.0 0.6 25.7 09:03 N
19 11.4 18.7 14:39 5.2 04:21 6.8 0.0 0.0 0.8 27.8 12:56 SSE
20 17.2 24.7 14:58 8.2 01:01 3.2 2.1 1.6 3.0 38.6 14:28 SW
21 16.9 21.4 12:08 10.4 23:39 1.9 0.5 4.2 3.2 40.7 19:45 W
22 10.2 14.3 15:53 6.0 23:54 8.1 0.0 1.4 0.6 32.1 13:12 WNW
23 12.5 21.9 16:31 4.7 07:12 6.4 0.6 0.0 0.3 15.0 14:42 WSW
24 14.8 23.8 14:38 6.8 06:51 4.8 1.3 0.0 0.6 23.5 12:13 SSE
25 16.4 24.3 15:03 9.4 07:35 3.3 1.4 0.0 0.2 19.3 14:35 SSE
26 16.6 26.3 15:50 8.8 05:16 3.9 2.2 0.0 0.0 10.6 12:43 SE
27 17.4 27.1 14:43 9.8 07:29 3.4 2.5 0.0 0.0 10.6 14:00 SSW
28 17.5 27.4 16:25 10.0 07:02 3.2 2.4 0.0 0.0 10.6 12:45 N
29 16.8 26.0 15:15 9.3 07:19 3.4 1.9 0.0 0.0 15.0 14:47 NNW
30 14.6 16.8 14:57 12.5 23:25 3.7 0.0 10.2 0.2 21.4 15:12 NW
----------------------------------------------------------------------------------
16.0 30.1 5 4.7 23 113.3 44.5 134.6 0.7 57.9 10 WSW
Max >= 27.0 5
Max <= 0.0 0
Min <= 0.0 0
Min <= -18.0 0
Max Rain: 59.4 on day 5
Days of Rain: 14 (>= 0.2 mm) 9 (>= 2.0 mm) 2 (>= 20.0 mm)
Heat Base: 18.3 Cool Base: 18.3 Method: Integration