V/Λ SELECT: Month and Year
OR > Month
Monthly Climatological Summary for Nov 2014
Name: KomokaWeather City: Komoka State: ON Canada
Elevation: 817 ft Lat: N 42° 57' 36" Lon: W 081° 26' 17"
Temperature (°C), Rain (mm), Wind Speed (km/h)
Heat Cool Avg
Mean Deg Deg Wind Dom
Day Temp High Time Low Time Days Days Rain Speed High Time Dir
----------------------------------------------------------------------------------
01 2.3 4.6 15:21 -1.6 23:59 16.0 0.0 0.4 4.6 38.6 12:53 NE
02 1.1 9.3 13:32 -4.0 07:28 17.9 0.0 0.0 0.9 25.7 12:24 WNW
03 8.3 13.9 14:20 -0.1 00:00 10.0 0.0 0.0 1.9 29.9 14:40 WSW
04 11.0 12.6 09:18 7.2 23:58 7.3 0.0 2.8 4.9 38.6 23:21 WSW
05 6.4 11.2 14:02 0.7 23:44 11.9 0.0 0.2 3.6 40.7 10:03 W
06 6.0 10.4 11:18 0.7 00:00 12.3 0.0 14.8 0.2 25.7 21:07 NW
07 2.2 5.4 13:06 -0.5 20:31 16.1 0.0 1.0 1.4 38.6 01:13 NW
08 3.8 6.2 10:16 0.1 01:45 14.5 0.0 1.8 3.2 36.4 11:05 WSW
09 4.3 6.8 14:02 0.8 06:37 14.0 0.0 0.0 2.3 32.1 13:30 WSW
10 7.8 13.5 12:51 3.8 05:21 10.5 0.0 0.0 1.3 34.2 14:13 S
11 9.6 16.5 14:06 2.1 05:22 8.7 0.0 0.0 4.9 42.8 13:20 SW
12 1.8 6.2 00:00 0.0 22:43 16.5 0.0 0.0 8.8 45.0 01:43 WNW
13 -0.9 0.8 15:07 -3.3 23:55 19.1 0.0 0.0 3.5 32.1 18:52 W
14 -1.4 1.8 11:43 -4.4 02:33 19.7 0.0 0.0 6.2 40.7 12:57 W
15 -0.9 1.5 13:34 -3.0 07:32 19.2 0.0 0.0 3.3 29.9 10:23 W
16 -0.2 1.9 13:48 -1.8 00:00 18.5 0.0 0.0 1.7 29.9 11:35 W
17 -1.9 0.2 10:02 -7.3 23:57 20.2 0.0 1.4 4.2 45.0 23:32 W
18 -7.5 -5.2 14:54 -9.4 06:40 25.8 0.0 0.2 14.3 57.9 14:40 W
19 -5.6 -1.2 19:43 -10.9 05:59 23.7 0.0 0.0 5.7 40.7 20:27 WSW
20 -5.6 -2.7 11:24 -9.7 23:44 23.9 0.0 0.0 8.9 45.0 12:24 W
21 -8.1 -3.4 12:23 -12.0 07:48 26.4 0.0 0.6 3.6 27.8 12:00 W
22 1.5 7.0 23:42 -6.6 01:04 16.7 0.0 2.6 3.5 29.9 14:46 WSW
23 8.0 11.8 21:41 6.2 05:48 10.3 0.0 10.8 1.9 29.9 23:44 SSE
24 9.6 14.1 09:50 2.6 23:54 8.7 0.0 15.2 16.3 70.6 14:56 WSW
25 0.9 2.6 00:00 0.1 23:27 17.4 0.0 0.0 10.0 49.2 00:30 W
26 0.4 1.7 15:03 -0.5 07:29 17.9 0.0 0.0 1.0 19.3 15:37 ENE
27 -0.9 1.4 11:55 -4.1 23:36 19.2 0.0 0.0 4.6 34.2 15:35 WNW
28 -4.8 -3.9 14:12 -6.2 08:50 23.0 0.0 0.0 3.4 32.1 02:48 WNW
29 2.2 8.3 23:55 -4.4 00:00 16.1 0.0 2.2 4.3 42.8 20:12 S
30 10.5 14.3 14:08 2.8 23:48 7.8 0.0 0.0 4.0 34.2 03:57 WSW
----------------------------------------------------------------------------------
2.0 16.5 11 -12.0 21 489.3 0.0 54.0 4.6 70.6 24 W
Max >= 27.0 0
Max <= 0.0 5
Min <= 0.0 19
Min <= -18.0 0
Max Rain: 15.2 on day 24
Days of Rain: 13 (>= 0.2 mm) 6 (>= 2.0 mm) 0 (>= 20.0 mm)
Heat Base: 18.3 Cool Base: 18.3 Method: Integration