V/Λ SELECT: Month and Year
OR > Month
Monthly Climatological Summary for Feb 2015
Name: KomokaWeather City: Komoka State: ON Canada
Elevation: 817 ft Lat: N 42° 57' 36" Lon: W 081° 26' 17"
Temperature (°C), Rain (mm), Wind Speed (km/h)
Heat Cool Avg
Mean Deg Deg Wind Dom
Day Temp High Time Low Time Days Days Rain Speed High Time Dir
----------------------------------------------------------------------------------
01 -5.6 -2.2 01:05 -9.8 23:56 23.7 0.0 0.0 6.6 49.2 22:01 ENE
02 -10.9 -6.3 13:32 -17.6 23:58 29.1 0.0 1.0 4.9 40.7 00:31 NNE
03 -10.2 -4.7 23:46 -20.4 02:44 28.5 0.0 0.0 2.7 32.1 12:27 WSW
04 -4.0 -0.8 09:57 -11.1 23:56 22.3 0.0 0.0 2.9 29.9 11:02 WNW
05 -12.5 -8.3 12:57 -15.5 06:40 30.8 0.0 0.0 3.7 25.7 08:43 WNW
06 -8.0 -4.0 14:05 -14.1 00:00 26.2 0.0 0.0 4.5 40.7 03:20 W
07 -1.1 1.9 14:41 -5.8 00:00 19.4 0.0 0.2 0.5 12.9 11:00 SW
08 -3.3 1.3 01:35 -9.0 23:56 21.6 0.0 0.0 4.5 29.9 07:57 E
09 -9.5 -6.4 16:13 -12.3 20:19 27.8 0.0 0.0 2.9 23.5 01:02 NE
10 -7.8 -1.2 13:43 -11.8 23:30 25.9 0.0 0.6 1.1 12.9 10:15 NE
11 -4.4 -0.9 20:53 -11.7 00:00 22.7 0.0 0.0 3.3 36.4 21:08 WSW
12 -10.4 -2.7 00:00 -15.7 23:59 28.7 0.0 0.0 6.0 45.0 15:23 NW
13 -13.2 -7.2 23:56 -19.4 08:10 31.5 0.0 0.2 2.7 27.8 14:15 SW
14 -10.5 -6.1 03:05 -19.7 23:54 28.8 0.0 0.0 7.0 55.6 19:28 WNW
15 -21.8 -15.7 14:41 -28.6 23:58 40.1 0.0 0.0 1.6 25.7 14:22 NNW
16 -19.7 -13.1 13:18 -29.0 00:26 38.0 0.0 0.0 0.4 15.0 11:31 S
17 -14.5 -8.7 16:34 -22.7 05:10 32.8 0.0 0.0 1.7 29.9 13:02 SW
18 -12.3 -7.9 12:08 -19.4 07:19 30.6 0.0 0.0 2.2 32.1 14:53 W
19 -18.7 -13.4 14:43 -26.2 23:54 37.0 0.0 0.0 4.1 32.1 01:18 WNW
20 -20.3 -13.7 23:51 -29.8 06:55 38.6 0.0 0.0 2.0 25.7 14:02 SW
21 -9.1 -5.2 16:37 -16.2 23:55 27.3 0.0 0.0 0.5 12.9 02:33 S
22 -10.8 -3.9 11:46 -18.1 21:33 29.1 0.0 0.0 0.9 27.8 23:36 WNW
23 -18.5 -14.2 14:13 -24.2 07:00 36.8 0.0 0.0 2.4 27.8 00:37 WNW
24 -12.9 -7.2 23:30 -20.7 01:53 31.2 0.0 0.0 6.5 51.3 11:27 SW
25 -11.4 -5.6 01:52 -17.9 23:35 29.7 0.0 0.0 4.6 38.6 01:35 WNW
26 -13.5 -8.4 14:07 -18.9 23:58 31.8 0.0 0.0 2.0 25.7 14:17 NE
27 -17.8 -8.7 14:17 -27.1 06:59 36.1 0.0 0.0 2.2 29.9 13:50 W
28 -15.4 -5.4 13:23 -25.6 06:50 33.7 0.0 0.0 1.4 29.9 12:47 WSW
----------------------------------------------------------------------------------
-11.7 1.9 7 -29.8 20 839.8 0.0 2.0 3.1 55.6 14 WNW
Max >= 27.0 0
Max <= 0.0 26
Min <= 0.0 28
Min <= -18.0 15
Max Rain: 1.0 on day 2
Days of Rain: 4 (>= 0.2 mm) 0 (>= 2.0 mm) 0 (>= 20.0 mm)
Heat Base: 18.3 Cool Base: 18.3 Method: Integration