V/Λ SELECT: Month and Year
OR > Month
Monthly Climatological Summary for Mar 2015
Name: KomokaWeather City: Komoka State: ON Canada
Elevation: 817 ft Lat: N 42° 57' 36" Lon: W 081° 26' 17"
Temperature (°C), Rain (mm), Wind Speed (km/h)
Heat Cool Avg
Mean Deg Deg Wind Dom
Day Temp High Time Low Time Days Days Rain Speed High Time Dir
----------------------------------------------------------------------------------
01 -7.8 -3.5 12:35 -14.4 00:00 26.1 0.0 0.0 0.7 15.0 12:36 W
02 -6.7 -1.0 12:48 -16.7 23:52 25.0 0.0 0.0 4.9 36.4 05:59 WNW
03 -5.4 1.3 20:36 -16.8 00:13 23.7 0.0 0.0 4.0 40.7 15:23 SW
04 -1.5 1.1 12:12 -9.5 23:58 19.7 0.0 0.6 5.9 42.8 22:01 WNW
05 -13.5 -9.3 12:43 -22.5 23:57 31.8 0.0 0.0 2.3 27.8 14:15 NNW
06 -13.4 -5.4 23:56 -24.8 06:48 31.7 0.0 0.0 4.3 40.7 16:02 SW
07 -2.7 0.5 17:45 -6.2 03:51 21.0 0.0 1.0 3.6 32.1 12:38 WSW
08 0.7 4.2 17:12 -2.8 06:15 16.9 0.0 1.8 2.4 25.7 22:35 W
09 0.9 6.8 15:48 -7.3 08:10 17.4 0.0 0.0 2.0 25.7 01:19 WSW
10 0.7 7.3 16:01 -6.3 06:32 17.6 0.0 0.0 0.2 19.3 14:47 SSW
11 3.8 8.2 15:16 -0.2 07:00 14.5 0.0 0.0 1.6 25.7 13:24 NW
12 0.6 6.0 12:22 -5.2 08:00 17.7 0.0 0.0 1.1 23.5 08:55 SE
13 3.3 10.1 16:36 -2.8 00:00 15.0 0.0 0.0 1.8 27.8 15:38 SSE
14 4.0 5.3 13:47 2.1 23:49 14.3 0.0 0.0 4.7 38.6 17:52 WNW
15 1.8 4.5 17:46 0.3 20:52 16.5 0.0 0.0 6.2 47.1 08:17 NW
16 5.1 11.7 14:09 0.1 07:56 13.2 0.0 0.0 0.8 23.5 14:09 W
17 1.6 4.3 02:46 -3.3 23:12 16.7 0.0 0.2 3.8 49.2 08:35 NW
18 -1.2 6.3 14:37 -8.7 07:20 19.5 0.0 0.0 2.3 34.2 13:57 WNW
19 -2.0 4.1 14:20 -9.3 06:47 20.3 0.0 0.0 0.7 19.3 16:22 SE
20 3.8 10.9 16:29 -1.4 07:37 14.5 0.0 0.0 1.7 21.4 13:19 SW
21 2.3 4.9 16:11 -3.7 23:52 16.0 0.0 2.0 3.5 34.2 09:51 WNW
22 -4.2 -0.1 16:08 -7.9 07:43 22.5 0.0 0.0 3.0 36.4 04:27 NNW
23 -4.9 -0.4 15:10 -9.1 02:48 23.2 0.0 0.0 2.5 25.7 12:10 NE
24 -1.9 6.9 16:27 -8.8 02:34 20.2 0.0 0.0 1.1 19.3 17:20 ENE
25 3.2 9.4 18:19 -2.2 01:42 15.1 0.0 4.0 4.5 36.4 15:41 SW
26 3.2 5.2 15:50 1.1 23:52 15.1 0.0 0.6 1.8 25.7 22:53 WNW
27 -4.1 1.1 00:00 -9.3 22:28 22.4 0.0 0.4 4.7 45.0 16:20 NW
28 -5.9 0.1 15:40 -10.8 07:11 23.7 0.0 0.0 2.9 36.4 16:49 N
29 -2.0 4.3 12:38 -10.5 07:17 20.2 0.0 0.0 6.7 60.0 23:48 SW
30 4.5 10.4 14:52 -2.6 23:57 13.8 0.0 0.4 9.9 57.9 10:22 WNW
31 1.4 7.6 15:33 -3.2 02:05 16.9 0.0 5.2 1.7 25.7 17:12 NNW
----------------------------------------------------------------------------------
-1.2 11.7 16 -24.8 6 602.2 0.0 16.2 3.1 60.0 29 WNW
Max >= 27.0 0
Max <= 0.0 6
Min <= 0.0 27
Min <= -18.0 2
Max Rain: 5.2 on day 31
Days of Rain: 10 (>= 0.2 mm) 3 (>= 2.0 mm) 0 (>= 20.0 mm)
Heat Base: 18.3 Cool Base: 18.3 Method: Integration