V/Λ SELECT: Month and Year
OR > Month
Monthly Climatological Summary for Jun 2015
Name: KomokaWeather City: Komoka State: ON Canada
Elevation: 817 ft Lat: N 42° 57' 36" Lon: W 081° 26' 17"
Temperature (°C), Rain (mm), Wind Speed (km/h)
Heat Cool Avg
Mean Deg Deg Wind Dom
Day Temp High Time Low Time Days Days Rain Speed High Time Dir
----------------------------------------------------------------------------------
01 11.9 16.6 15:49 6.0 05:47 6.4 0.0 0.0 0.5 23.5 09:52 NE
02 14.8 22.6 14:20 6.0 06:08 4.5 1.0 0.0 0.6 23.5 15:40 SSE
03 16.5 24.1 15:56 8.5 03:02 3.5 1.7 0.0 0.9 23.5 13:55 SSE
04 17.8 23.9 13:43 10.3 05:27 2.5 1.9 0.0 1.0 25.7 14:29 S
05 19.3 26.7 14:03 14.6 02:55 1.3 2.3 0.0 0.3 21.4 13:58 NNW
06 17.4 24.6 16:37 10.1 23:57 2.3 1.5 0.0 0.7 21.4 04:22 ENE
07 17.5 24.2 14:49 7.4 02:28 3.0 2.2 2.6 2.4 38.6 15:05 SSW
08 19.4 23.6 17:19 16.4 23:57 0.3 1.4 28.8 0.9 34.2 02:44 SW
09 17.7 22.7 16:30 13.7 09:51 1.6 1.0 4.6 0.9 27.8 15:00 NW
10 20.6 30.1 16:51 14.1 02:29 1.3 3.6 0.0 3.7 42.8 13:54 WSW
11 17.6 24.1 13:07 11.7 06:28 2.0 1.3 0.0 0.1 19.3 12:51 NNW
12 18.1 23.4 15:16 13.1 22:58 1.3 1.1 0.6 1.1 29.9 17:34 WNW
13 17.8 23.7 17:07 12.8 04:28 1.7 1.2 0.0 0.2 15.0 14:11 SE
14 20.5 25.5 15:48 16.3 01:26 0.4 2.6 10.2 0.1 12.9 12:46 SSW
15 23.7 27.8 15:06 21.1 06:19 0.0 5.4 0.2 0.3 15.0 10:56 W
16 20.6 23.3 16:03 13.6 23:55 0.3 2.6 0.2 1.6 32.1 15:03 NW
17 18.1 23.6 15:43 11.3 05:56 2.1 1.9 0.0 0.8 19.3 07:32 S
18 20.6 26.5 16:15 15.9 00:44 0.4 2.7 4.6 0.4 19.3 15:43 W
19 18.7 24.7 15:21 13.0 05:04 1.2 1.5 0.0 1.0 23.5 16:14 NE
20 19.4 24.8 13:04 11.8 05:07 1.7 2.8 0.0 0.6 21.4 13:13 S
21 22.2 26.8 16:05 18.9 23:24 0.0 3.8 0.0 0.9 29.9 14:47 NW
22 21.4 27.2 12:21 14.3 06:24 0.7 3.8 6.2 1.4 34.2 14:13 SSW
23 20.9 24.8 01:11 15.3 23:53 0.2 2.8 59.2 2.9 47.1 01:54 WNW
24 19.0 26.3 16:20 10.4 06:16 2.1 2.8 0.0 0.1 19.3 15:11 NW
25 19.2 25.3 16:45 12.5 06:05 1.5 2.4 0.0 0.3 21.4 22:48 SE
26 19.9 25.7 15:04 13.7 04:39 1.1 2.7 0.0 2.0 23.5 11:46 ENE
27 16.4 18.6 01:45 14.0 23:10 1.9 0.0 25.6 8.2 45.0 13:46 ENE
28 14.4 17.3 19:01 11.8 23:57 3.9 0.0 21.0 3.1 36.4 00:00 NE
29 18.2 25.2 13:00 11.6 00:14 2.3 2.1 2.4 0.6 23.5 18:32 SSW
30 17.7 21.3 15:47 12.9 01:53 1.3 0.8 0.4 0.1 10.6 06:36 ENE
----------------------------------------------------------------------------------
18.6 30.1 10 6.0 1 52.8 60.9 166.6 1.3 47.1 23 NNE
Max >= 27.0 3
Max <= 0.0 0
Min <= 0.0 0
Min <= -18.0 0
Max Rain: 59.2 on day 23
Days of Rain: 14 (>= 0.2 mm) 10 (>= 2.0 mm) 4 (>= 20.0 mm)
Heat Base: 18.3 Cool Base: 18.3 Method: Integration