V/Λ SELECT: Month and Year
OR > Month
Monthly Climatological Summary for Jul 2015
Name: KomokaWeather City: Komoka State: ON Canada
Elevation: 817 ft Lat: N 42° 57' 36" Lon: W 081° 26' 17"
Temperature (°C), Rain (mm), Wind Speed (km/h)
Heat Cool Avg
Mean Deg Deg Wind Dom
Day Temp High Time Low Time Days Days Rain Speed High Time Dir
----------------------------------------------------------------------------------
01 17.7 22.2 15:18 14.6 04:00 1.4 0.8 0.0 1.1 32.1 15:10 NNW
02 17.1 23.7 15:24 11.1 06:10 2.6 1.4 0.0 1.3 23.5 14:10 NE
03 16.9 24.1 15:56 8.6 05:44 3.2 1.9 0.0 0.3 19.3 10:53 SSE
04 18.5 26.1 16:40 9.9 06:15 2.6 2.8 0.0 0.2 19.3 15:54 NNE
05 20.5 27.7 15:11 13.1 06:11 1.5 3.7 0.0 0.3 21.4 13:14 SSW
06 21.3 28.8 14:35 13.6 06:04 1.2 4.2 0.0 0.4 21.4 15:51 SSW
07 19.3 24.9 12:35 14.8 22:43 1.0 2.0 8.0 1.0 25.7 10:57 WSW
08 16.8 21.3 15:59 11.8 04:40 2.3 0.8 0.0 0.6 23.5 08:56 ENE
09 17.6 23.8 14:32 13.2 23:55 1.9 1.2 2.2 0.7 23.5 17:38 NNE
10 18.9 27.3 16:24 9.7 05:51 2.6 3.2 0.0 0.4 21.4 11:58 NE
11 20.8 29.3 15:32 12.0 06:00 1.8 4.3 0.0 0.3 19.3 16:34 SSW
12 20.4 26.3 16:23 15.4 02:49 0.8 3.0 0.0 0.0 12.9 14:07 SSW
13 20.8 26.4 16:20 13.4 06:27 1.2 3.7 0.0 0.8 25.7 12:35 SSW
14 21.5 26.1 16:16 19.2 23:58 0.0 3.2 10.2 1.0 27.8 23:03 NE
15 18.1 24.4 16:12 12.7 23:59 1.6 1.4 0.0 3.2 34.2 03:58 NE
16 18.0 24.3 13:40 10.7 06:01 2.3 2.1 0.0 0.6 23.5 14:18 S
17 21.2 26.2 19:32 17.5 02:36 0.1 3.1 7.8 0.9 25.7 12:38 SSW
18 25.5 30.7 15:11 20.9 06:14 0.0 7.2 0.6 0.4 29.9 17:23 SSW
19 24.6 30.2 13:57 19.3 23:56 0.0 6.3 27.2 0.4 38.6 14:52 SW
20 21.9 28.1 15:18 14.8 06:02 0.6 4.3 0.0 0.7 27.8 15:53 SW
21 21.4 24.7 15:02 17.0 23:15 0.2 3.3 0.2 0.9 36.4 14:47 NW
22 18.7 24.0 16:22 12.3 06:20 1.6 1.9 0.0 0.8 34.2 11:55 NNW
23 19.9 27.4 14:50 12.0 06:02 1.9 3.5 0.0 0.5 29.9 16:11 NNE
24 21.6 27.8 14:23 14.3 06:45 0.9 4.2 0.0 0.1 15.0 18:16 SSW
25 22.3 28.7 12:30 17.2 06:38 0.1 4.0 17.6 1.0 32.1 11:53 WSW
26 21.8 28.4 16:38 16.3 06:30 0.4 3.9 0.2 0.2 19.3 11:42 N
27 23.5 31.3 14:45 15.7 06:10 0.5 5.7 0.0 0.0 15.0 17:44 NE
28 24.2 32.3 15:32 16.3 04:49 0.5 6.4 0.0 0.0 2.1 13:07 N
29 24.3 31.1 14:29 16.9 06:04 0.2 6.2 0.0 0.7 29.9 15:36 SSW
30 23.4 28.5 16:05 16.3 06:46 0.2 5.2 0.0 0.9 27.8 14:00 WNW
31 22.3 29.2 16:02 15.1 06:24 0.6 4.6 0.0 0.5 23.5 16:00 W
----------------------------------------------------------------------------------
20.7 32.3 28 8.6 3 35.8 109.5 74.0 0.6 38.6 19 NW
Max >= 27.0 16
Max <= 0.0 0
Min <= 0.0 0
Min <= -18.0 0
Max Rain: 27.2 on day 19
Days of Rain: 9 (>= 0.2 mm) 6 (>= 2.0 mm) 1 (>= 20.0 mm)
Heat Base: 18.3 Cool Base: 18.3 Method: Integration