V/Λ SELECT: Month and Year
OR > Month
Monthly Climatological Summary for Nov 2015
Name: KomokaWeather City: Komoka State: ON Canada
Elevation: 817 ft Lat: N 42° 57' 36" Lon: W 081° 26' 17"
Temperature (°C), Rain (mm), Wind Speed (km/h)
Heat Cool Avg
Mean Deg Deg Wind Dom
Day Temp High Time Low Time Days Days Rain Speed High Time Dir
----------------------------------------------------------------------------------
01 11.1 17.1 15:20 3.1 23:44 7.4 0.0 3.6 4.8 36.4 12:45 WSW
02 8.5 17.0 14:10 0.6 07:00 9.8 0.0 0.0 1.3 27.8 15:30 SSW
03 12.2 23.8 15:50 4.4 06:00 6.1 0.0 0.0 0.6 19.3 12:30 W
04 12.5 24.1 13:41 4.6 07:12 6.7 0.9 0.0 0.2 15.0 13:44 S
05 15.8 24.0 13:08 8.5 03:00 3.5 1.0 0.0 1.3 27.8 12:28 SSW
06 14.4 17.8 07:45 9.1 23:43 3.9 0.0 11.2 8.6 57.9 08:43 W
07 7.4 11.6 13:44 3.8 21:09 10.9 0.0 0.4 4.3 42.8 17:24 W
08 3.8 10.1 14:21 -1.8 23:40 14.5 0.0 0.0 1.3 25.7 13:56 W
09 3.7 13.3 14:22 -3.4 07:19 14.6 0.0 0.0 0.3 19.3 11:17 S
10 7.3 9.5 15:07 2.8 00:00 10.9 0.0 2.4 1.5 23.5 08:11 ENE
11 8.7 13.3 14:16 4.7 21:15 9.6 0.0 0.0 1.3 25.7 13:44 WSW
12 9.5 13.0 10:30 6.8 00:00 8.8 0.0 1.8 14.6 79.1 10:34 WSW
13 5.5 8.6 00:15 2.3 22:33 12.8 0.0 1.0 17.6 66.4 04:56 W
14 3.9 7.2 15:49 1.5 19:12 14.4 0.0 0.0 3.9 29.9 04:24 W
15 9.8 15.5 13:57 5.3 00:10 8.5 0.0 0.0 3.9 29.9 11:57 W
16 7.9 17.9 14:01 0.0 07:44 10.4 0.0 0.0 0.4 15.0 11:28 W
17 9.0 14.9 13:53 4.2 07:13 9.2 0.0 0.0 4.2 29.9 11:28 E
18 14.1 16.4 17:39 11.8 00:00 4.2 0.0 1.2 7.9 51.3 23:01 SSE
19 11.4 15.3 00:03 3.2 23:59 6.9 0.0 0.8 12.1 68.5 15:53 WSW
20 3.3 6.9 13:43 0.6 19:17 15.0 0.0 0.0 6.4 49.2 10:57 W
21 1.8 2.9 03:32 0.7 22:38 16.5 0.0 2.0 1.7 25.7 15:24 ENE
22 -1.9 1.3 01:33 -8.1 23:44 20.1 0.0 1.4 5.5 38.6 03:58 W
23 -2.3 2.8 13:36 -9.3 01:23 20.6 0.0 3.0 1.6 32.1 14:07 SW
24 0.5 3.5 14:23 -3.5 23:21 17.8 0.0 1.4 1.2 21.4 13:42 W
25 3.5 10.7 13:58 -4.0 05:12 14.8 0.0 0.0 1.4 27.8 14:00 S
26 11.9 15.2 23:46 8.2 00:31 6.4 0.0 0.0 5.1 47.1 23:43 SSW
27 9.3 15.2 00:00 1.4 23:54 9.0 0.0 10.0 5.5 42.8 08:06 WSW
28 -0.1 2.3 11:53 -5.2 23:55 18.4 0.0 0.6 2.2 21.4 06:02 NE
29 -2.8 3.7 14:15 -7.6 07:30 21.1 0.0 0.0 0.9 21.4 12:53 NE
30 0.4 6.7 14:23 -4.8 00:39 17.9 0.0 0.2 3.5 32.1 10:31 ENE
----------------------------------------------------------------------------------
6.7 24.1 4 -9.3 23 350.7 1.9 41.0 4.2 79.1 12 WSW
Max >= 27.0 0
Max <= 0.0 0
Min <= 0.0 10
Min <= -18.0 0
Max Rain: 11.2 on day 6
Days of Rain: 15 (>= 0.2 mm) 6 (>= 2.0 mm) 0 (>= 20.0 mm)
Heat Base: 18.3 Cool Base: 18.3 Method: Integration